{"id":31,"date":"2021-05-07T15:58:18","date_gmt":"2021-05-07T13:58:18","guid":{"rendered":"https:\/\/sites.ffkarate.fr\/ardennes\/?page_id=31"},"modified":"2021-05-29T20:42:53","modified_gmt":"2021-05-29T18:42:53","slug":"competitions","status":"publish","type":"page","link":"https:\/\/sites.ffkarate.fr\/ardennes\/competitions\/","title":{"rendered":"Comp\u00e9titions"},"content":{"rendered":"<div class=\"wpb-content-wrapper\"><p>[vc_row gap=\u00a0\u00bb15&Prime;][vc_column][vc_column_text]Permet aux clubs affili\u00e9s de la FFKKarat\u00e9 d\u2019inscrire leurs comp\u00e9titeurs sur la plateforme en ligne. Pour les comp\u00e9titions d\u00e9partementales \u00e0 nationales.<\/p>\n<p>Toutes les inscriptions se font en ligne :[\/vc_column_text][ffk_button color=\u00a0\u00bbprimary\u00a0\u00bb size=\u00a0\u00bbbig\u00a0\u00bb link=\u00a0\u00bburl:http%3A%2F%2Fwww.ffkcompetition.fr%2F|title:Inscriptions%20en%20ligne|target:_blank\u00a0\u00bb][vc_column_text]Retrouvez sur cette page l\u2019ensemble des informations relatives aux comp\u00e9titions organis\u00e9es par le Comit\u00e9 D\u00e9partemental de Karat\u00e9 et disciplines associ\u00e9es des Ardennes.<\/p>\n<p>Une fiche annexe au calendrier fixe les modalit\u00e9s horaires des convocations et pes\u00e9es pour toutes les comp\u00e9titions de la saison.<\/p>\n<p>Tous les comp\u00e9titeurs <strong>Minimes, Cadets, Juniors, S\u00e9niors<\/strong>, quelque soit leur r\u00e9sultat, ayant particip\u00e9 au Championnat d\u00e9partemental peuvent participer au Championnat interd\u00e9partemental.<\/p>\n<p>Le comit\u00e9 organise \u00e9galement les coupes <strong>Pupilles et Benjamins <\/strong>Combat et Kata).<\/p>\n<p>&nbsp;<\/p>\n<p>&nbsp;<\/p>\n<h3>Le calendrier<\/h3>\n<p>Le calendrier est mis \u00e0 jour r\u00e9guli\u00e8rement. <strong>La version publi\u00e9e sur Internet prime sur le calendrier papier.<\/strong><\/p>\n<p>[\/vc_column_text][ffk_button size=\u00a0\u00bbsmall\u00a0\u00bb link=\u00a0\u00bburl:https%3A%2F%2Fsites.ffkarate.fr%2Fardennes%2Fcalendrier%2F|title:Acc%C3%A9dez%20au%20calendrier%20sportif%20des%20Ardennes\u00a0\u00bb][vc_column_text]<\/p>\n<h2><span style=\"text-decoration: underline\"><strong>Arbitrage :\u00a0<\/strong><\/span><\/h2>\n<p><a href=\"https:\/\/sites.ffkarate.fr\/ardennes\/wp-content\/uploads\/sites\/23\/2015\/01\/drapeaux-karate.jpg\"><img decoding=\"async\" class=\"alignnone wp-image-237\" src=\"https:\/\/sites.ffkarate.fr\/ardennes\/wp-content\/uploads\/sites\/23\/2015\/01\/drapeaux-karate-300x143.jpg\" alt=\"drapeaux karate\" width=\"117\" height=\"56\" \/><\/a><\/p>\n<ul>\n<li style=\"text-align: justify\">Contr\u00f4ler le bon d\u00e9roulement des \u00e9preuves sportives, via le r\u00e8glement f\u00e9d\u00e9ral des comp\u00e9titions et d\u2019arbitrage\u00a0actualis\u00e9 chaque saison sportive.<\/li>\n<\/ul>\n<p>&nbsp;<\/p>\n<h2>Documents :<\/h2>\n<p>R\u00c8GLEMENTATION DES COMP\u00c9TITIONS ET D&rsquo;ARBITRAGE &#8211;<span style=\"color: #0000ff\"><a style=\"color: #0000ff\" href=\"https:\/\/www.ffkarate.fr\/competitions\/reglementation-competitions-darbitrage\/\" target=\"_blank\" rel=\"noopener\">T\u00e9l\u00e9charger<\/a><\/span>[\/vc_column_text][vc_column_text]<\/p>\n<h3>Demandes de passeports<\/h3>\n<p>Les passeports sont vendus par les comit\u00e9s d\u00e9partementaux au prix de 25\u20ac, tarif unique qui s\u2019applique aux adultes et aux enfants (la f\u00e9d\u00e9ration ne d\u00e9livre plus de passeports enfants).<\/p>\n<p>Les commandes de passeports sont faites <strong>uniquement par les clubs<\/strong>.<\/p>\n<p>Vous devez adresser votre commande au moyen du formulaire ci-dessous, avec un ch\u00e8que correspondant \u00e0 25 \u20ac X nombre de passeports, plus les frais de port.[\/vc_column_text][\/vc_column][\/vc_row]<\/p>\n<\/div>","protected":false},"excerpt":{"rendered":"<p>[vc_row gap=\u00a0\u00bb15&Prime;][vc_column][vc_column_text]Permet aux clubs affili\u00e9s de la FFKKarat\u00e9 d\u2019inscrire leurs comp\u00e9titeurs sur la plateforme en ligne. Pour les comp\u00e9titions d\u00e9partementales \u00e0 nationales. Toutes les inscriptions se font en ligne :[\/vc_column_text][ffk_button color=\u00a0\u00bbprimary\u00a0\u00bb size=\u00a0\u00bbbig\u00a0\u00bb link=\u00a0\u00bburl:http%3A%2F%2Fwww.ffkcompetition.fr%2F|title:Inscriptions%20en%20ligne|target:_blank\u00a0\u00bb][vc_column_text]Retrouvez sur cette page l\u2019ensemble des informations relatives aux comp\u00e9titions organis\u00e9es par le Comit\u00e9 D\u00e9partemental de Karat\u00e9 et disciplines associ\u00e9es des Ardennes. Une [&hellip;]<\/p>\n","protected":false},"author":1,"featured_media":0,"parent":0,"menu_order":0,"comment_status":"closed","ping_status":"closed","template":"","meta":{"footnotes":""},"class_list":["post-31","page","type-page","status-publish","hentry"],"_links":{"self":[{"href":"https:\/\/sites.ffkarate.fr\/ardennes\/wp-json\/wp\/v2\/pages\/31","targetHints":{"allow":["GET"]}}],"collection":[{"href":"https:\/\/sites.ffkarate.fr\/ardennes\/wp-json\/wp\/v2\/pages"}],"about":[{"href":"https:\/\/sites.ffkarate.fr\/ardennes\/wp-json\/wp\/v2\/types\/page"}],"author":[{"embeddable":true,"href":"https:\/\/sites.ffkarate.fr\/ardennes\/wp-json\/wp\/v2\/users\/1"}],"replies":[{"embeddable":true,"href":"https:\/\/sites.ffkarate.fr\/ardennes\/wp-json\/wp\/v2\/comments?post=31"}],"version-history":[{"count":7,"href":"https:\/\/sites.ffkarate.fr\/ardennes\/wp-json\/wp\/v2\/pages\/31\/revisions"}],"predecessor-version":[{"id":1748,"href":"https:\/\/sites.ffkarate.fr\/ardennes\/wp-json\/wp\/v2\/pages\/31\/revisions\/1748"}],"wp:attachment":[{"href":"https:\/\/sites.ffkarate.fr\/ardennes\/wp-json\/wp\/v2\/media?parent=31"}],"curies":[{"name":"wp","href":"https:\/\/api.w.org\/{rel}","templated":true}]}}