{"id":23,"date":"2021-05-07T15:54:07","date_gmt":"2021-05-07T13:54:07","guid":{"rendered":"https:\/\/sites.ffkarate.fr\/ariege\/?page_id=23"},"modified":"2026-04-13T19:18:08","modified_gmt":"2026-04-13T17:18:08","slug":"grades","status":"publish","type":"page","link":"https:\/\/sites.ffkarate.fr\/ariege\/grades\/","title":{"rendered":"Grades"},"content":{"rendered":"<div class=\"wpb-content-wrapper\"><p>[vc_row][vc_column][ffk_peoplecard image=\u00a0\u00bb1445&Prime; title=\u00a0\u00bbPascal AGOSTA\u00a0\u00bb subtitle=\u00a0\u00bbResponsable des grades\u00a0\u00bb description=\u00a0\u00bbpascalagosta@gmail.com\u00a0\u00bb][\/vc_column][\/vc_row][vc_row gap=\u00a0\u00bb15&Prime;][vc_column][vc_column_text]<\/p>\n<h2>Inscriptions aux examens de grades<\/h2>\n<p>Le dossier de candidature devra \u00eatre complet et retourn\u00e9\u00a0<strong>en courrier simple non recommand\u00e9 au moins 30 jours avant la date de l\u2019examen<\/strong>\u00a0(cachet poste faisant foi) \u00e0 l\u2019adresse :<\/p>\n<p><strong>Pascal AGOSTA<\/strong><\/p>\n<p>250 rue LAS PRADOS<\/p>\n<p>09000 BRASSAC.<\/p>\n<p>Tarif du passage de Grades : 50 \u20ac en ch\u00e8que \u00e0 l&rsquo;ordre du Comit\u00e9 D\u00e9partemental de Karat\u00e9 de l&rsquo;Ari\u00e8ge<\/p>\n<p>Si\u00a0 vous avez besoins d &lsquo;informations suppl\u00e9mentaires pour le passage\u00a0 du 1er au 4\u00e8me Dan, vous pouvez contacter :<\/p>\n<ul>\n<li>Responsable de Grades d\u00e9partemental : <b>Pascal AGOSTA<\/b> (Email : pascalagosta@gmail.com)<\/li>\n<\/ul>\n<p>&nbsp;<\/p>\n<p>&#8211; <strong>\u00e0 partir du 5\u00e8me Dan<\/strong> et au del\u00e0, directement \u00e0 la Ligue Occitanie &amp; DA<\/p>\n<p><strong>Ligue D\u00e9partemental Occitanie de Karat\u00e9 et Disciplines Associ\u00e9es<\/strong><br \/>\n<strong>200 Rue H\u00e9l\u00e8ne BOUCHER<\/strong><br \/>\n<strong>ZAC Jean Mermoz<\/strong><br \/>\n<strong>34 170\u00a0 CASTELNAU-LE-LEZ<\/strong><\/p>\n<p>&nbsp;<\/p>\n<p>&nbsp;<\/p>\n<h4>Contenu du dossier demand\u00e9 :<\/h4>\n<ul>\n<li><a href=\"https:\/\/www.sikada.fr\/SiKada\/Fichiers\/Evenements\/0002\/FORINS_0002_00002201_00070232_RI.pdf\" target=\"_blank\" rel=\"noopener\"><strong>La fiche d\u2019inscription<\/strong><\/a> compl\u00e9t\u00e9e et sign\u00e9e avec la photo du candidat.<\/li>\n<li>Une attestation historique des licences que vous obtenez sur l&rsquo;espace licenci\u00e9 du site f\u00e9d\u00e9ral<\/li>\n<li>Les photocopies des pages suivantes de votre passeport sportif :\n<ul>\n<li>Page d\u2019identit\u00e9<\/li>\n<li>Page du certificat m\u00e9dical d\u2019aptitude au Karat\u00e9 ou discipline associ\u00e9e (Sinon \u00e0 fournir sur papier libre)<\/li>\n<li>Page d\u2019authentification des grades d\u00e9j\u00e0 obtenus<\/li>\n<li>Le cas \u00e9ch\u00e9ant, page des UV d\u00e9j\u00e0 obtenues avec les notes pour l\u2019examen concern\u00e9<\/li>\n<li>Le cas \u00e9ch\u00e9ant la page des points de bonifications acquis lors des stages d\u2019experts f\u00e9d\u00e9raux<\/li>\n<\/ul>\n<\/li>\n<li><a href=\"https:\/\/www.ffkarate.fr\/wp-content\/uploads\/2024\/08\/Autorisation_Parentale_2024-2025.pdf\" target=\"_blank\" rel=\"noopener\"><strong>L\u2019autorisation parentale pour les candidats mineurs<\/strong><\/a><\/li>\n<li>Le courrier de la CSDGE en cas de d\u00e9rogation sp\u00e9ciale<\/li>\n<\/ul>\n<h4><\/h4>\n<h4>Le jour de l\u2019examen<\/h4>\n<p>Vous devez vous pr\u00e9senter au moins 15 minutes avant l\u2019heure de convocation avec :<\/p>\n<ul>\n<li>Votre <strong>tenue<\/strong><\/li>\n<li>Votre <strong>passeport sportif<\/strong><\/li>\n<li>Une <strong>pi\u00e8ce d\u2019identit\u00e9<\/strong><\/li>\n<li>La lettre de <strong>convocation<\/strong> qui vous aura \u00e9t\u00e9 adress\u00e9e par la ligue au moyen de votre enveloppe timbr\u00e9e<\/li>\n<li>Vos <strong>cibles<\/strong> si vous avez \u00e0 pr\u00e9senter l\u2019<strong>UV Kihon<\/strong><\/li>\n<li>Vos armes r\u00e9glementaires si besoin pour les Disciplines Associ\u00e9es<\/li>\n<li>Une <strong>enveloppe format A4<\/strong> (21\u00d729,7 cm) affranchie minimum \u00e0 250 gr, \u00e0 votre adresse et \u00e0 votre nom en vue du retour de votre passeport, carte et dipl\u00f4me. Elle vous sera demand\u00e9 en cas de r\u00e9ussite \u00e0 l\u2019examen.<\/li>\n<\/ul>\n<p>[\/vc_column_text][vc_column_text]<\/p>\n<h2>Informations compl\u00e9mentaires<\/h2>\n<p>Toutes demandes de d\u00e9rogation devront \u00eatre justifi\u00e9es et pr\u00e9sent\u00e9es directement \u00e0 la F\u00e9d\u00e9ration dans les temps imparties par la r\u00e8glementation : concernant les articles 205, 206, 207, 209 et 2016.<\/p>\n<ul>\n<li>Article 205 \u2013 Conditions d\u2019\u00e2ge pour les passages de Dans et grades \u00e9quivalents<\/li>\n<li>Article 206 \u2013 Temps de pratique entre chaque passage de Dans et Grades \u00e9quivalents<\/li>\n<li>Article 207 \u2013 Fr\u00e9quence des pages de Dans et Grades \u00e9quivalents<\/li>\n<li>Article 209 \u2013 Bonifications en temps de Pratique<\/li>\n<li>Article 216 \u2013 Reconnaissance des Dans et Grades \u00e9quivalents obtenus \u00e0 l\u2019\u00e9tranger<\/li>\n<\/ul>\n<p><a href=\"https:\/\/www.ffkarate.fr\/wp-content\/uploads\/2022\/03\/Reglementation-de-la-CSDGE-Regles-Generales-2021-2022v2.pdf\" target=\"_blank\" rel=\"noopener\">R\u00e9glementation de la CSDGE &#8211; R\u00e8gles G\u00e9n\u00e9rales<\/a>[\/vc_column_text][\/vc_column][\/vc_row][vc_row][vc_column][vc_column_text]<\/p>\n<h3>Candidatures Jury de passage de grades<\/h3>\n<p>Le Comit\u00e9 D\u00e9partemental lance un appel \u00e0 candidatures pour \u00eatre jury de grades lors des passages organis\u00e9s au sein du d\u00e9partement pour la saison 2025\/2026 (du 1er au 4\u00e8me Dan).<\/p>\n<p>Pour candidater, veuillez remplir le document ci-dessous et le faire parvenir au Responsable des Grades \u00e0 l&rsquo;adresse indiqu\u00e9e en fin de document.[\/vc_column_text][\/vc_column][\/vc_row][vc_row][vc_column][vc_single_image image=\u00a0\u00bb1528&Prime;][\/vc_column][\/vc_row]<\/p>\n<\/div>","protected":false},"excerpt":{"rendered":"<p>Le dossier de candidature devra \u00eatre complet et retourn\u00e9 en courrier simple non recommand\u00e9 au moins 30 jours avant la date de l\u2019examen (cachet poste faisant foi) au Comit\u00e9 D\u00e9partemental de Karat\u00e9 De La Gironde.<\/p>\n","protected":false},"author":1,"featured_media":0,"parent":0,"menu_order":0,"comment_status":"closed","ping_status":"closed","template":"","meta":{"footnotes":""},"class_list":["post-23","page","type-page","status-publish","hentry"],"_links":{"self":[{"href":"https:\/\/sites.ffkarate.fr\/ariege\/wp-json\/wp\/v2\/pages\/23","targetHints":{"allow":["GET"]}}],"collection":[{"href":"https:\/\/sites.ffkarate.fr\/ariege\/wp-json\/wp\/v2\/pages"}],"about":[{"href":"https:\/\/sites.ffkarate.fr\/ariege\/wp-json\/wp\/v2\/types\/page"}],"author":[{"embeddable":true,"href":"https:\/\/sites.ffkarate.fr\/ariege\/wp-json\/wp\/v2\/users\/1"}],"replies":[{"embeddable":true,"href":"https:\/\/sites.ffkarate.fr\/ariege\/wp-json\/wp\/v2\/comments?post=23"}],"version-history":[{"count":16,"href":"https:\/\/sites.ffkarate.fr\/ariege\/wp-json\/wp\/v2\/pages\/23\/revisions"}],"predecessor-version":[{"id":3517,"href":"https:\/\/sites.ffkarate.fr\/ariege\/wp-json\/wp\/v2\/pages\/23\/revisions\/3517"}],"wp:attachment":[{"href":"https:\/\/sites.ffkarate.fr\/ariege\/wp-json\/wp\/v2\/media?parent=23"}],"curies":[{"name":"wp","href":"https:\/\/api.w.org\/{rel}","templated":true}]}}