{"id":5402,"date":"2017-09-04T17:24:10","date_gmt":"2017-09-04T15:24:10","guid":{"rendered":"https:\/\/sites.ffkarate.fr\/liguerhonealpes\/?page_id=5402"},"modified":"2017-09-04T17:24:10","modified_gmt":"2017-09-04T15:24:10","slug":"entrainements-regionaux","status":"publish","type":"page","link":"https:\/\/sites.ffkarate.fr\/auvergnerhonealpes\/entrainements-regionaux\/","title":{"rendered":"Entra\u00eenements r\u00e9gionaux"},"content":{"rendered":"<div class=\"wpb-content-wrapper\"><p>[vc_row][vc_column][vc_column_text]<\/p>\n<p style=\"text-align: right\"><span style=\"font-size: 12px\"><a href=\"https:\/\/sites.ffkarate.fr\/liguerhonealpes\/wp-content\/uploads\/sites\/107\/2017\/09\/open-folder.png\"><img decoding=\"async\" class=\"alignnone size-full wp-image-5364\" src=\"https:\/\/sites.ffkarate.fr\/liguerhonealpes\/wp-content\/uploads\/sites\/107\/2017\/09\/open-folder.png\" alt=\"open-folder\" width=\"24\" height=\"24\" \/><\/a>\u00a0<a href=\"https:\/\/sites.ffkarate.fr\/liguerhonealpes\/entrainements-regionaux-2016-2017\/\">2016-2017<\/a><\/span><\/p>\n<hr \/>\n<h2 style=\"text-align: left\">Entra\u00eenements r\u00e9gionaux<\/h2>\n<p><strong>Entra\u00eeneur r\u00e9gional :<\/strong><\/p>\n<ul>\n<li>S\u00e9bastien VIOLA<br \/>\nE-mail\u00a0:\u00a0<a href=\"mailto:sebastien.viola@sfr.fr\">sebastien.viola@sfr.fr<\/a>\u00a0&#8211; Tel. 06\u00a023\u00a012 34 47<\/li>\n<\/ul>\n<p><strong>Assistant kata\u00a0: <\/strong><\/p>\n<ul>\n<li>Jean-Luc BUI<br \/>\nE-mail\u00a0: <a href=\"mailto:jlucbui@wanadoo.fr\">jlucbui@wanadoo.fr<\/a>\u00a0&#8211; Tel. 06 42 47 72 87<\/li>\n<\/ul>\n<p>&nbsp;<\/p>\n<hr \/>\n<h2 style=\"text-align: center\">LE CALENDRIER DES ENTRA\u00ceNEMENTS R\u00c9GIONAUX<\/h2>\n<h2 style=\"text-align: left\"><\/h2>\n<p>Compte-tenu de la situation sanitaire, les entrainements r\u00e9gionaux de la ligue Auvergne-Rh\u00f4ne-Alpes\u00a0sont assur\u00e9s par visio-conf\u00e9rence.<\/p>\n<p>Retrouvez toutes les dates et informations utiles sur le\u00a0<a href=\"https:\/\/sites.ffkarate.fr\/auvergnerhonealpes\/calendrier\/\">calendrier 2020-21<\/a><\/p>\n<p>&nbsp;<\/p>\n<p>&nbsp;<\/p>\n<p>&nbsp;<\/p>\n<p style=\"text-align: left\"><!--more--><\/p>\n<p>[\/vc_column_text][\/vc_column][\/vc_row]<\/p>\n<\/div>","protected":false},"excerpt":{"rendered":"<p>[vc_row][vc_column][vc_column_text] \u00a02016-2017 Entra\u00eenements r\u00e9gionaux Entra\u00eeneur r\u00e9gional : S\u00e9bastien VIOLA E-mail\u00a0:\u00a0sebastien.viola@sfr.fr\u00a0&#8211; Tel. 06\u00a023\u00a012 34 47 Assistant kata\u00a0: Jean-Luc BUI E-mail\u00a0: jlucbui@wanadoo.fr\u00a0&#8211; Tel. 06 42 47 72 87 &nbsp; LE CALENDRIER DES ENTRA\u00ceNEMENTS R\u00c9GIONAUX Compte-tenu de la situation sanitaire, les entrainements r\u00e9gionaux de la ligue Auvergne-Rh\u00f4ne-Alpes\u00a0sont assur\u00e9s par visio-conf\u00e9rence. Retrouvez toutes les dates et informations utiles sur [&hellip;]<\/p>\n","protected":false},"author":20,"featured_media":0,"parent":0,"menu_order":0,"comment_status":"closed","ping_status":"closed","template":"","meta":{"footnotes":""},"class_list":["post-5402","page","type-page","status-publish","hentry"],"_links":{"self":[{"href":"https:\/\/sites.ffkarate.fr\/auvergnerhonealpes\/wp-json\/wp\/v2\/pages\/5402","targetHints":{"allow":["GET"]}}],"collection":[{"href":"https:\/\/sites.ffkarate.fr\/auvergnerhonealpes\/wp-json\/wp\/v2\/pages"}],"about":[{"href":"https:\/\/sites.ffkarate.fr\/auvergnerhonealpes\/wp-json\/wp\/v2\/types\/page"}],"author":[{"embeddable":true,"href":"https:\/\/sites.ffkarate.fr\/auvergnerhonealpes\/wp-json\/wp\/v2\/users\/20"}],"replies":[{"embeddable":true,"href":"https:\/\/sites.ffkarate.fr\/auvergnerhonealpes\/wp-json\/wp\/v2\/comments?post=5402"}],"version-history":[{"count":0,"href":"https:\/\/sites.ffkarate.fr\/auvergnerhonealpes\/wp-json\/wp\/v2\/pages\/5402\/revisions"}],"wp:attachment":[{"href":"https:\/\/sites.ffkarate.fr\/auvergnerhonealpes\/wp-json\/wp\/v2\/media?parent=5402"}],"curies":[{"name":"wp","href":"https:\/\/api.w.org\/{rel}","templated":true}]}}