{"id":5520,"date":"2017-09-08T11:05:35","date_gmt":"2017-09-08T09:05:35","guid":{"rendered":"https:\/\/sites.ffkarate.fr\/liguerhonealpes\/?page_id=5520"},"modified":"2026-01-11T09:56:47","modified_gmt":"2026-01-11T08:56:47","slug":"grades-2","status":"publish","type":"page","link":"https:\/\/sites.ffkarate.fr\/auvergnerhonealpes\/grades-2\/","title":{"rendered":"Grades"},"content":{"rendered":"<div class=\"wpb-content-wrapper\"><p>[vc_row][vc_column][vc_column_text]<b>La Ligue r\u00e9gionale organise les passages de grades de 5e dan \/ duan \/ dang.<\/b><\/p>\n<p><b>Vous trouverez les modalit\u00e9s de ceux-ci ci dessous.<\/b><\/p>\n<p>Les Comit\u00e9s d\u00e9partementaux organisent les passages de grades du 1er au 4e dan \/ duan \/ dang. Par cons\u00e9quent, si vous souhaitez des renseignements pour les passages de grades du 1er au 4e dan\/ duan \/ dang, vous devez contacter votre comit\u00e9 d\u00e9partemental.<\/p>\n<p>Depuis septembre 2021, le 1er dan peut \u00eatre organis\u00e9 par les clubs.[\/vc_column_text][\/vc_column][\/vc_row][vc_row][vc_column][vc_column_text]<\/p>\n<h2>Les responsables des grades<\/h2>\n<ul>\n<li><span style=\"text-decoration: underline\"><strong>le Directeur Technique R\u00e9gional<\/strong><\/span><\/li>\n<\/ul>\n<p>Pierre C\u00d4TE: mail: techniqueaura@gmail.com \/ t\u00e9l\u00e9phone: 06 13 21 41 94<\/p>\n<p>&nbsp;<\/p>\n<ul>\n<li><span style=\"text-decoration: underline\"><strong>les Responsables r\u00e9gionaux des grades par discipline<\/strong><\/span><\/li>\n<\/ul>\n<p><em><strong>Karat\u00e9:\u00a0<\/strong><\/em> Georges EYSSARD\u00a0: mail: georges.eyssard@wanadoo.fr<\/p>\n<p><strong>Karat\u00e9 Mix<\/strong> : Erik BONNAUD : eriklaet@gmail.com<\/p>\n<p><em><strong>A.M.V:\u00a0<\/strong><\/em>Suzanne BLANC: mail: yvoine.blanc@gmail.com<\/p>\n<p><em><strong>Krav maga:<\/strong><\/em> Christophe FORAY : mail: christophe.foray@orange.fr<\/p>\n<p><strong>Pour toutes questions , les candidats doivent s&rsquo;adresser directement au responsable de leur discipline. En cas de doute, contacter le Directeur Technique R\u00e9gional\u00a0 \u00a0<\/strong>techniqueaura@gmail.com<\/p>\n<div class=\"x9jfA\">\n<div class=\"bz1XJ\" data-tabster=\"{&quot;mover&quot;:{&quot;cyclic&quot;:true,&quot;direction&quot;:2,&quot;memorizeCurrent&quot;:false}}\"><\/div>\n<\/div>\n<div class=\"lT19A\" data-tabster=\"{&quot;mover&quot;:{&quot;cyclic&quot;:true,&quot;direction&quot;:2,&quot;memorizeCurrent&quot;:false}}\">\n<p>&nbsp;<\/p>\n<div class=\"n8HQo\">\n<div class=\"ms-OverflowSet root-416\" role=\"toolbar\" aria-label=\"Actions de message\">\n<div class=\"ms-OverflowSet-item item-175\" role=\"none\">\n<div class=\"fui-FluentProvider fui-FluentProviderr1o ___5n94it0 f19n0e5 f3rmtva fgusgyc fk6fouc fkhj508 figsok6 fytdu2e\" dir=\"ltr\">\n<div class=\"\"><\/div>\n<\/div>\n<\/div>\n<div class=\"ms-OverflowSet-item item-175\" role=\"none\">\n<div class=\"TvVk3 body-157\">\n<div class=\"ms-TooltipHost root-166\" role=\"none\"><\/div>\n<\/div>\n<\/div>\n<div class=\"ms-OverflowSet-item item-175\" role=\"none\">\n<div class=\"TvVk3 body-157\">\n<div class=\"ms-TooltipHost root-166\" role=\"none\"><\/div>\n<\/div>\n<\/div>\n<div class=\"ms-OverflowSet-item item-175\" role=\"none\">\n<div class=\"TvVk3 body-157\">\n<div class=\"ms-TooltipHost root-166\" role=\"none\"><\/div>\n<\/div>\n<\/div>\n<div class=\"ms-OverflowSet-item item-175\" role=\"none\">\n<div class=\"ms-TooltipHost root-417\" role=\"none\"><\/div>\n<\/div>\n<\/div>\n<\/div>\n<\/div>\n<p><strong>.<\/strong><\/p>\n<p>&nbsp;<\/p>\n<p>Les fiches d&rsquo;inscription\u00a0 sont pr\u00e9sentes dans les \u00ab\u00a0documents utiles\u00a0\u00bb de cette page.<\/p>\n<ul>\n<li style=\"text-align: left\">\n<h3><span style=\"color: #3366ff\"><strong>Le prochain examen du 5e dan se d\u00e9roulera\u00a0 le samedi <b>06 juin 2026<\/b><\/strong><\/span><\/h3>\n<\/li>\n<\/ul>\n<p>lieu : \u00e0 l&rsquo;Artenium, 4 parc de l&rsquo;Arti\u00e8re 63122 Ceyrat<\/p>\n<h4>Le dossier complet devra \u00eatre transmis via votre espace licenci\u00e9 ou dirigeant :\u00a0 https:\/\/www.sikada.fr\/sikadaIns <strong>30 jours MINIMUM <\/strong>avant la date de l\u2019examen .<\/h4>\n<h3>Le 5\u00e8me Dan<\/h3>\n<p>Tous les examens sont organis\u00e9s par les Ligues R\u00e9gionales de la FFK. Retrouvez les formulaires d\u2019inscription ainsi que les dates d\u2019examen pr\u00e9vues sur le site web de votre Ligue R\u00e9gionale.<\/p>\n<p>Le formulaire doit \u00eatre transmis au minimum 30 jours avant la date de l\u2019examen (cachet de la poste faisant foi).<\/p>\n<p><strong>Les pr\u00e9requis :<\/strong><\/p>\n<ul>\n<li>\u00catre \u00e2g\u00e9 de 30 ans minimum<\/li>\n<li>Avoir un d\u00e9lai de 5 ans de date \u00e0 date entre le 4\u00e8me et le 5\u00e8me Dan\n<div data-olk-copy-source=\"MessageBody\">(Eu \u00e9gard de\u00a0 la fluctuation des calendriers d\u2019une saison \u00e0 l\u2019autre, et afin de ne pas p\u00e9naliser les candidats, une tol\u00e9rance de 20 jours est accord\u00e9e au<\/div>\n<div>d\u00e9lai d\u2019activit\u00e9 n\u00e9cessaire entre chaque passage de grade. Au-del\u00e0, une demande de d\u00e9rogation exceptionnelle devra \u00eatre faite en amont de<\/div>\n<div>l\u2019inscription \u00e0 l\u2019examen)<\/div>\n<\/li>\n<li>Avoir 5 ann\u00e9es de licences* entre le 4\u00e8me et le 5\u00e8me\u00a0 Dan<\/li>\n<\/ul>\n<p><em>* Il n\u2019est pas obligatoire que les licences soient cons\u00e9cutives.<\/em><\/p>\n<p>&nbsp;<\/p>\n<p>Le jour de l&rsquo;examen :<\/p>\n<p>Merci de vous munir :<br \/>\n&#8211; de votre passeport sportif en cours de validit\u00e9 , d\u00fbment rempli<br \/>\n&#8211; de votre\u00a0 lettre de convocation<\/p>\n<ul>\n<li>les d\u00e9rogations de temps\u00a0 sont \u00e0 demander au plus tard 60 jours avant le passage de l&rsquo;examen aupr\u00e8s du Pr\u00e9sident de la CSDGE de la FFK \u2013 39 rue Barb\u00e8s 92120 MONTROUGE ou par mail \u00e0 <a href=\"mailto:grades@ffkarate.fr\" target=\"_blank\" rel=\"noopener\">grades@ffkarate.fr \u00a0<\/a>(page 18 des r\u00e8gles g\u00e9n\u00e9rales de la CSGDE)<\/li>\n<\/ul>\n<h2><\/h2>\n<p>[\/vc_column_text][\/vc_column][\/vc_row]<\/p>\n<\/div>","protected":false},"excerpt":{"rendered":"<p>[vc_row][vc_column][vc_column_text]La Ligue r\u00e9gionale organise les passages de grades de 5e dan \/ duan \/ dang. Vous trouverez les modalit\u00e9s de ceux-ci ci dessous. Les Comit\u00e9s d\u00e9partementaux organisent les passages de grades du 1er au 4e dan \/ duan \/ dang. Par cons\u00e9quent, si vous souhaitez des renseignements pour les passages de grades du 1er au [&hellip;]<\/p>\n","protected":false},"author":20,"featured_media":0,"parent":0,"menu_order":0,"comment_status":"closed","ping_status":"closed","template":"","meta":{"footnotes":""},"class_list":["post-5520","page","type-page","status-publish","hentry"],"_links":{"self":[{"href":"https:\/\/sites.ffkarate.fr\/auvergnerhonealpes\/wp-json\/wp\/v2\/pages\/5520","targetHints":{"allow":["GET"]}}],"collection":[{"href":"https:\/\/sites.ffkarate.fr\/auvergnerhonealpes\/wp-json\/wp\/v2\/pages"}],"about":[{"href":"https:\/\/sites.ffkarate.fr\/auvergnerhonealpes\/wp-json\/wp\/v2\/types\/page"}],"author":[{"embeddable":true,"href":"https:\/\/sites.ffkarate.fr\/auvergnerhonealpes\/wp-json\/wp\/v2\/users\/20"}],"replies":[{"embeddable":true,"href":"https:\/\/sites.ffkarate.fr\/auvergnerhonealpes\/wp-json\/wp\/v2\/comments?post=5520"}],"version-history":[{"count":20,"href":"https:\/\/sites.ffkarate.fr\/auvergnerhonealpes\/wp-json\/wp\/v2\/pages\/5520\/revisions"}],"predecessor-version":[{"id":11106,"href":"https:\/\/sites.ffkarate.fr\/auvergnerhonealpes\/wp-json\/wp\/v2\/pages\/5520\/revisions\/11106"}],"wp:attachment":[{"href":"https:\/\/sites.ffkarate.fr\/auvergnerhonealpes\/wp-json\/wp\/v2\/media?parent=5520"}],"curies":[{"name":"wp","href":"https:\/\/api.w.org\/{rel}","templated":true}]}}