{"id":6709,"date":"2019-03-22T09:53:45","date_gmt":"2019-03-22T08:53:45","guid":{"rendered":"https:\/\/sites.ffkarate.fr\/auvergnerhonealpes\/?page_id=6709"},"modified":"2019-03-22T09:53:45","modified_gmt":"2019-03-22T08:53:45","slug":"qualifications-nationales","status":"publish","type":"page","link":"https:\/\/sites.ffkarate.fr\/auvergnerhonealpes\/qualifications-nationales\/","title":{"rendered":"Qualifications nationales"},"content":{"rendered":"<div class=\"wpb-content-wrapper\"><p>[vc_row][vc_column][vc_column_text]<\/p>\n<h2 style=\"text-align: left\">Liste des qualifi\u00e9s pour les comp\u00e9titions nationales.<\/h2>\n<p>Vous trouverez ci-dessous la liste des enfants qui se sont qualifi\u00e9s lors de l&rsquo;open r\u00e9gional combats du 29 f\u00e9vrier 2020 pour les Coupes de France pupilles et benjamins, apr\u00e8s avoir \u00e9cart\u00e9 ceux qui\u00a0s&rsquo;\u00e9taient d\u00e9j\u00e0 qualifi\u00e9s en ZID:<\/p>\n<p>Pour les pupilles:<a href=\"https:\/\/sites.ffkarate.fr\/auvergnerhonealpes\/wp-content\/uploads\/sites\/107\/2020\/04\/Ligue-AURA_Pupilles-kumite_Qualifies-Cpe-de-France_apres-ecart-des-qualifies-en-ZID.pdf\">Ligue AURA_Pupilles kumit\u00e9_Qualifies Cpe de France_apr\u00e8s \u00e9cart des qualifi\u00e9s en ZID<\/a><\/p>\n<p>Pour les benjamins:\u00a0<a href=\"https:\/\/sites.ffkarate.fr\/auvergnerhonealpes\/wp-content\/uploads\/sites\/107\/2020\/04\/Ligue-AURA_Benjamins-Kumite_Qualifies-Coupe-de-France-apres-ecart-des-qualifies-en-ZID-.pdf\">Ligue AURA_Benjamins Kumit\u00e9_Qualifi\u00e9s Coupe de France apr\u00e8s \u00e9cart des qualifi\u00e9s en ZID<\/a><\/p>\n<p>&nbsp;<\/p>\n<p>Pour la liste des enfants qualifi\u00e9s en ZID, merci de vous r\u00e9f\u00e9rer au site de votre ZID.[\/vc_column_text][\/vc_column][\/vc_row]<\/p>\n<\/div>","protected":false},"excerpt":{"rendered":"<p>[vc_row][vc_column][vc_column_text] Liste des qualifi\u00e9s pour les comp\u00e9titions nationales. Vous trouverez ci-dessous la liste des enfants qui se sont qualifi\u00e9s lors de l&rsquo;open r\u00e9gional combats du 29 f\u00e9vrier 2020 pour les Coupes de France pupilles et benjamins, apr\u00e8s avoir \u00e9cart\u00e9 ceux qui\u00a0s&rsquo;\u00e9taient d\u00e9j\u00e0 qualifi\u00e9s en ZID: Pour les pupilles:Ligue AURA_Pupilles kumit\u00e9_Qualifies Cpe de France_apr\u00e8s \u00e9cart des [&hellip;]<\/p>\n","protected":false},"author":20,"featured_media":0,"parent":0,"menu_order":0,"comment_status":"closed","ping_status":"closed","template":"","meta":{"footnotes":""},"class_list":["post-6709","page","type-page","status-publish","hentry"],"_links":{"self":[{"href":"https:\/\/sites.ffkarate.fr\/auvergnerhonealpes\/wp-json\/wp\/v2\/pages\/6709","targetHints":{"allow":["GET"]}}],"collection":[{"href":"https:\/\/sites.ffkarate.fr\/auvergnerhonealpes\/wp-json\/wp\/v2\/pages"}],"about":[{"href":"https:\/\/sites.ffkarate.fr\/auvergnerhonealpes\/wp-json\/wp\/v2\/types\/page"}],"author":[{"embeddable":true,"href":"https:\/\/sites.ffkarate.fr\/auvergnerhonealpes\/wp-json\/wp\/v2\/users\/20"}],"replies":[{"embeddable":true,"href":"https:\/\/sites.ffkarate.fr\/auvergnerhonealpes\/wp-json\/wp\/v2\/comments?post=6709"}],"version-history":[{"count":0,"href":"https:\/\/sites.ffkarate.fr\/auvergnerhonealpes\/wp-json\/wp\/v2\/pages\/6709\/revisions"}],"wp:attachment":[{"href":"https:\/\/sites.ffkarate.fr\/auvergnerhonealpes\/wp-json\/wp\/v2\/media?parent=6709"}],"curies":[{"name":"wp","href":"https:\/\/api.w.org\/{rel}","templated":true}]}}

<div class="wpb-content-wrapper"><p>[vc_row][vc_column][vc_column_text]</p>
<h2 style="text-align: left">Liste des qualifiés pour les compétitions nationales.</h2>
<p>Vous trouverez ci-dessous la liste des enfants qui se sont qualifiés lors de l&rsquo;open régional combats du 29 février 2020 pour les Coupes de France pupilles et benjamins, après avoir écarté ceux qui s&rsquo;étaient déjà qualifiés en ZID:</p>
<p>Pour les pupilles:<a href="https://sites.ffkarate.fr/auvergnerhonealpes/wp-content/uploads/sites/107/2020/04/Ligue-AURA_Pupilles-kumite_Qualifies-Cpe-de-France_apres-ecart-des-qualifies-en-ZID.pdf">Ligue AURA_Pupilles kumité_Qualifies Cpe de France_après écart des qualifiés en ZID</a></p>
<p>Pour les benjamins: <a href="https://sites.ffkarate.fr/auvergnerhonealpes/wp-content/uploads/sites/107/2020/04/Ligue-AURA_Benjamins-Kumite_Qualifies-Coupe-de-France-apres-ecart-des-qualifies-en-ZID-.pdf">Ligue AURA_Benjamins Kumité_Qualifiés Coupe de France après écart des qualifiés en ZID</a></p>
<p>&nbsp;</p>
<p>Pour la liste des enfants qualifiés en ZID, merci de vous référer au site de votre ZID.[/vc_column_text][/vc_column][/vc_row]</p>
</div>

<p>[vc_row][vc_column][vc_column_text] Liste des qualifiés pour les compétitions nationales. Vous trouverez ci-dessous la liste des enfants qui se sont qualifiés lors de l&rsquo;open régional combats du 29 février 2020 pour les Coupes de France pupilles et benjamins, après avoir écarté ceux qui s&rsquo;étaient déjà qualifiés en ZID: Pour les pupilles:Ligue AURA_Pupilles kumité_Qualifies Cpe de France_après écart des [&hellip;]</p>
