{"id":426,"date":"2016-01-20T22:27:57","date_gmt":"2016-01-20T21:27:57","guid":{"rendered":"https:\/\/sites.ffkarate.fr\/aveyron\/?page_id=426"},"modified":"2021-09-14T12:02:11","modified_gmt":"2021-09-14T10:02:11","slug":"infos-club-sebazac-shotokai-kc-sebazac","status":"publish","type":"page","link":"https:\/\/sites.ffkarate.fr\/aveyron\/infos-club-sebazac-shotokai-kc-sebazac\/","title":{"rendered":"Infos club S\u00e9bazac: Shotoka\u00ef KC S\u00e9bazac"},"content":{"rendered":"<div class=\"wpb-content-wrapper\"><p>[vc_row][vc_column][vc_column_text]<img decoding=\"async\" class=\"alignnone wp-image-4743\" src=\"https:\/\/sites.ffkarate.fr\/aveyron\/wp-content\/uploads\/sites\/27\/2021\/06\/shotokai-olemps-300x300.jpg\" alt=\"\" width=\"160\" height=\"160\" srcset=\"https:\/\/sites.ffkarate.fr\/aveyron\/wp-content\/uploads\/sites\/27\/2021\/06\/shotokai-olemps-300x300.jpg 300w, https:\/\/sites.ffkarate.fr\/aveyron\/wp-content\/uploads\/sites\/27\/2021\/06\/shotokai-olemps-176x176.jpg 176w, https:\/\/sites.ffkarate.fr\/aveyron\/wp-content\/uploads\/sites\/27\/2021\/06\/shotokai-olemps-150x150.jpg 150w, https:\/\/sites.ffkarate.fr\/aveyron\/wp-content\/uploads\/sites\/27\/2021\/06\/shotokai-olemps.jpg 435w\" sizes=\"(max-width: 160px) 100vw, 160px\" \/><\/p>\n<p>Nom du club: Shotoka\u00ef KC S\u00e9bazac<\/p>\n<p>Nom du ou de la pr\u00e9sidente:\u00a0Darregert Philippe<\/p>\n<p>Le t\u00e9l\u00e9phone pour prendre contact:<\/p>\n<p>Adresse du club:\u00a0Dojo de la salle polyvalente de S\u00e9bazac<\/p>\n<p>Page face book: <a href=\"https:\/\/www.facebook.com\/search\/top\/?q=Karat%C3%A9%20Shotoka%C3%AF%20S%C3%A9bazac%20Olemps\" target=\"_blank\" rel=\"noopener\">Karat\u00e9 Shotoka\u00ef S\u00e9bazac Olemps<\/a><\/p>\n<p>Adresse mail:\u00a0fidarr@sfr.fr<\/p>\n<p>&nbsp;<\/p>\n<p>Notre club de karat\u00e9 a \u00e9t\u00e9 cr\u00e9\u00e9 en 1989, nous pratiquons au dojo de la salle polyvalente de S\u00e9bazac.<\/p>\n<p>Notre \u00e9quipe a cr\u00e9\u00e9 en 2000 un deuxi\u00e8me club \u00e0 Olemps.<br \/>\nNous pratiquons dans nos clubs: le karat\u00e9 Shotoka\u00ef et le karat\u00e9 contact.<br \/>\nLes 2 clubs comptent environ 60 licenci\u00e9s et sont ouverts \u00e0 tous publics enfants, seniors, hommes, femmes.<\/p>\n<p>Les cours sont dispens\u00e9s par des enseignants form\u00e9s et dipl\u00f4m\u00e9s.<br \/>\nFranck GRACIA (4\u00e8me Dan) est l&rsquo;instructeur principal du club, il enseigne la voie traditionnelle du Karat\u00e9 Shotoka\u00ef.<br \/>\nChristophe Blaise (2\u00e8me Dan) est l&rsquo;instructeur qui s&rsquo;occupe de l&rsquo;enseignement du Karat\u00e9 Contact.<br \/>\nNous comptons \u00e9galement\u00a0comme enseignants\u00a0sur S\u00e9bazac\u00a0des professeurs assistants dipl\u00f4m\u00e9s:<br \/>\nPierre-Jean AYRAL (2\u00e8me Dan)<br \/>\nPhilippe BLAISE (2\u00e8me Dan)<br \/>\nFran\u00e7ois LAURENT (2\u00e8me Dan)<br \/>\nPhilippe DARREGERT (1er Dan)<br \/>\nRoland MAGNA (1er Dan)<br \/>\nJean Garguillo (1er Dan)<\/p>\n<p>Les cours sont dispens\u00e9s :<\/p>\n<p>les Lundis 18H00 \u00e0 19H00 \u00e0 Olemps Enfant Karat\u00e9 Shotoka\u00ef<br \/>\nles lundis 19h30 \u00e0 21h00 \u00e0 Olemps Adulte karat\u00e9 Shotoka\u00ef<br \/>\nles lundis 19h30 \u00e0 21h00 \u00e0 S\u00e9bazac Adulte karat\u00e9 Contact<br \/>\nles mercredis 19h30 \u00e0 21h00 \u00e0 S\u00e9bazac Adulte karat\u00e9 Shotoka\u00ef<br \/>\nles samedis 10h00 \u00e0 11h00 \u00e0 S\u00e9bazac Enfants karat\u00e9 Shotoka\u00ef<br \/>\nles samedis 10h30 \u00e0 12h00 \u00e0 S\u00e9bazac Adultes karat\u00e9 Shotoka\u00ef<\/p>\n<p>Le Karat\u00e9 est une pratique pour tous adapt\u00e9e \u00e0 toutes et \u00e0 tous\u00a0et qui donne la\u00a0possibilit\u00e9 de s&rsquo;\u00e9panouir physiquement mais aussi d&rsquo;adh\u00e9rer \u00e0 une \u00ab\u00a0\u00e9cole de vie\u00a0\u00bb ch\u00e8re aux arts martiaux.<br \/>\nLes enfants\/ados y trouveront une pratique \u00e9ducative et ludique qui leur permettra de canaliser leur \u00e9nergie et de construire leur confiance en eux.<br \/>\nLes sportifs peuvent s&rsquo;exprimer au travers de nombreuses comp\u00e9titions organis\u00e9es par la F.F.Karat\u00e9.<br \/>\nLes femmes repr\u00e9sentent plus du quart de nos effectifs: bien-\u00eatre, self d\u00e9fense, confiance en soi sont parmi les bienfaits d&rsquo;une pratique r\u00e9guli\u00e8re.<br \/>\nPlusieurs pratiques possibles: traditionnelle des arts martiaux, comp\u00e9tition, loisir ou recherche plus philosophique.<br \/>\nLes clubs de la F.F.Kar<span style=\"color: #333333\">at\u00e9: des professeurs<\/span> de haut niveau qui sauront r\u00e9pondre \u00e0 leurs demandes.[\/vc_column_text][\/vc_column][\/vc_row]<\/p>\n<\/div>","protected":false},"excerpt":{"rendered":"<p>[vc_row][vc_column][vc_column_text] Nom du club: Shotoka\u00ef KC S\u00e9bazac Nom du ou de la pr\u00e9sidente:\u00a0Darregert Philippe Le t\u00e9l\u00e9phone pour prendre contact: Adresse du club:\u00a0Dojo de la salle polyvalente de S\u00e9bazac Page face book: Karat\u00e9 Shotoka\u00ef S\u00e9bazac Olemps Adresse mail:\u00a0fidarr@sfr.fr &nbsp; Notre club de karat\u00e9 a \u00e9t\u00e9 cr\u00e9\u00e9 en 1989, nous pratiquons au dojo de la salle polyvalente [&hellip;]<\/p>\n","protected":false},"author":38,"featured_media":0,"parent":0,"menu_order":0,"comment_status":"closed","ping_status":"closed","template":"","meta":{"footnotes":""},"class_list":["post-426","page","type-page","status-publish","hentry"],"_links":{"self":[{"href":"https:\/\/sites.ffkarate.fr\/aveyron\/wp-json\/wp\/v2\/pages\/426","targetHints":{"allow":["GET"]}}],"collection":[{"href":"https:\/\/sites.ffkarate.fr\/aveyron\/wp-json\/wp\/v2\/pages"}],"about":[{"href":"https:\/\/sites.ffkarate.fr\/aveyron\/wp-json\/wp\/v2\/types\/page"}],"author":[{"embeddable":true,"href":"https:\/\/sites.ffkarate.fr\/aveyron\/wp-json\/wp\/v2\/users\/38"}],"replies":[{"embeddable":true,"href":"https:\/\/sites.ffkarate.fr\/aveyron\/wp-json\/wp\/v2\/comments?post=426"}],"version-history":[{"count":2,"href":"https:\/\/sites.ffkarate.fr\/aveyron\/wp-json\/wp\/v2\/pages\/426\/revisions"}],"predecessor-version":[{"id":4871,"href":"https:\/\/sites.ffkarate.fr\/aveyron\/wp-json\/wp\/v2\/pages\/426\/revisions\/4871"}],"wp:attachment":[{"href":"https:\/\/sites.ffkarate.fr\/aveyron\/wp-json\/wp\/v2\/media?parent=426"}],"curies":[{"name":"wp","href":"https:\/\/api.w.org\/{rel}","templated":true}]}}

Infos club Sébazac: Shotokaï KC Sébazac

<div class="wpb-content-wrapper"><p>[vc_row][vc_column][vc_column_text]<img decoding="async" class="alignnone wp-image-4743" src="https://sites.ffkarate.fr/aveyron/wp-content/uploads/sites/27/2021/06/shotokai-olemps-300x300.jpg" alt="" width="160" height="160" srcset="https://sites.ffkarate.fr/aveyron/wp-content/uploads/sites/27/2021/06/shotokai-olemps-300x300.jpg 300w, https://sites.ffkarate.fr/aveyron/wp-content/uploads/sites/27/2021/06/shotokai-olemps-176x176.jpg 176w, https://sites.ffkarate.fr/aveyron/wp-content/uploads/sites/27/2021/06/shotokai-olemps-150x150.jpg 150w, https://sites.ffkarate.fr/aveyron/wp-content/uploads/sites/27/2021/06/shotokai-olemps.jpg 435w" sizes="(max-width: 160px) 100vw, 160px" /></p>
<p>Nom du club: Shotokaï KC Sébazac</p>
<p>Nom du ou de la présidente: Darregert Philippe</p>
<p>Le téléphone pour prendre contact:</p>
<p>Adresse du club: Dojo de la salle polyvalente de Sébazac</p>
<p>Page face book: <a href="https://www.facebook.com/search/top/?q=Karat%C3%A9%20Shotoka%C3%AF%20S%C3%A9bazac%20Olemps" target="_blank" rel="noopener">Karaté Shotokaï Sébazac Olemps</a></p>
<p>Adresse mail: fidarr@sfr.fr</p>
<p>&nbsp;</p>
<p>Notre club de karaté a été créé en 1989, nous pratiquons au dojo de la salle polyvalente de Sébazac.</p>
<p>Notre équipe a créé en 2000 un deuxième club à Olemps.<br />
Nous pratiquons dans nos clubs: le karaté Shotokaï et le karaté contact.<br />
Les 2 clubs comptent environ 60 licenciés et sont ouverts à tous publics enfants, seniors, hommes, femmes.</p>
<p>Les cours sont dispensés par des enseignants formés et diplômés.<br />
Franck GRACIA (4ème Dan) est l&rsquo;instructeur principal du club, il enseigne la voie traditionnelle du Karaté Shotokaï.<br />
Christophe Blaise (2ème Dan) est l&rsquo;instructeur qui s&rsquo;occupe de l&rsquo;enseignement du Karaté Contact.<br />
Nous comptons également comme enseignants sur Sébazac des professeurs assistants diplômés:<br />
Pierre-Jean AYRAL (2ème Dan)<br />
Philippe BLAISE (2ème Dan)<br />
François LAURENT (2ème Dan)<br />
Philippe DARREGERT (1er Dan)<br />
Roland MAGNA (1er Dan)<br />
Jean Garguillo (1er Dan)</p>
<p>Les cours sont dispensés :</p>
<p>les Lundis 18H00 à 19H00 à Olemps Enfant Karaté Shotokaï<br />
les lundis 19h30 à 21h00 à Olemps Adulte karaté Shotokaï<br />
les lundis 19h30 à 21h00 à Sébazac Adulte karaté Contact<br />
les mercredis 19h30 à 21h00 à Sébazac Adulte karaté Shotokaï<br />
les samedis 10h00 à 11h00 à Sébazac Enfants karaté Shotokaï<br />
les samedis 10h30 à 12h00 à Sébazac Adultes karaté Shotokaï</p>
<p>Le Karaté est une pratique pour tous adaptée à toutes et à tous et qui donne la possibilité de s&rsquo;épanouir physiquement mais aussi d&rsquo;adhérer à une « école de vie » chère aux arts martiaux.<br />
Les enfants/ados y trouveront une pratique éducative et ludique qui leur permettra de canaliser leur énergie et de construire leur confiance en eux.<br />
Les sportifs peuvent s&rsquo;exprimer au travers de nombreuses compétitions organisées par la F.F.Karaté.<br />
Les femmes représentent plus du quart de nos effectifs: bien-être, self défense, confiance en soi sont parmi les bienfaits d&rsquo;une pratique régulière.<br />
Plusieurs pratiques possibles: traditionnelle des arts martiaux, compétition, loisir ou recherche plus philosophique.<br />
Les clubs de la F.F.Kar<span style="color: #333333">até: des professeurs</span> de haut niveau qui sauront répondre à leurs demandes.[/vc_column_text][/vc_column][/vc_row]</p>
</div>

<p>[vc_row][vc_column][vc_column_text] Nom du club: Shotokaï KC Sébazac Nom du ou de la présidente: Darregert Philippe Le téléphone pour prendre contact: Adresse du club: Dojo de la salle polyvalente de Sébazac Page face book: Karaté Shotokaï Sébazac Olemps Adresse mail: fidarr@sfr.fr &nbsp; Notre club de karaté a été créé en 1989, nous pratiquons au dojo de la salle polyvalente [&hellip;]</p>
