{"id":432,"date":"2016-01-20T22:30:06","date_gmt":"2016-01-20T21:30:06","guid":{"rendered":"https:\/\/sites.ffkarate.fr\/aveyron\/?page_id=432"},"modified":"2021-10-24T20:57:42","modified_gmt":"2021-10-24T18:57:42","slug":"infos-club-villefranche-de-rouergue-shorin-kc-villefranche-de-rouergue","status":"publish","type":"page","link":"https:\/\/sites.ffkarate.fr\/aveyron\/infos-club-villefranche-de-rouergue-shorin-kc-villefranche-de-rouergue\/","title":{"rendered":"Infos club Villefranche-de-Rouergue: SHORIN RYU KARATE AVEYRON"},"content":{"rendered":"<div class=\"wpb-content-wrapper\"><p>[vc_row][vc_column][vc_column_text]<img decoding=\"async\" class=\"alignnone wp-image-4722\" src=\"https:\/\/sites.ffkarate.fr\/aveyron\/wp-content\/uploads\/sites\/27\/2021\/06\/logo-shorin-ryu-villeuf-300x300.jpg\" alt=\"\" width=\"160\" height=\"160\" srcset=\"https:\/\/sites.ffkarate.fr\/aveyron\/wp-content\/uploads\/sites\/27\/2021\/06\/logo-shorin-ryu-villeuf-300x300.jpg 300w, https:\/\/sites.ffkarate.fr\/aveyron\/wp-content\/uploads\/sites\/27\/2021\/06\/logo-shorin-ryu-villeuf-1024x1024.jpg 1024w, https:\/\/sites.ffkarate.fr\/aveyron\/wp-content\/uploads\/sites\/27\/2021\/06\/logo-shorin-ryu-villeuf-176x176.jpg 176w, https:\/\/sites.ffkarate.fr\/aveyron\/wp-content\/uploads\/sites\/27\/2021\/06\/logo-shorin-ryu-villeuf-768x768.jpg 768w, https:\/\/sites.ffkarate.fr\/aveyron\/wp-content\/uploads\/sites\/27\/2021\/06\/logo-shorin-ryu-villeuf-150x150.jpg 150w, https:\/\/sites.ffkarate.fr\/aveyron\/wp-content\/uploads\/sites\/27\/2021\/06\/logo-shorin-ryu-villeuf-1536x1536.jpg 1536w, https:\/\/sites.ffkarate.fr\/aveyron\/wp-content\/uploads\/sites\/27\/2021\/06\/logo-shorin-ryu-villeuf.jpg 1589w\" sizes=\"(max-width: 160px) 100vw, 160px\" \/><\/p>\n<p>Nom du club: SHORIN\u00a0RYU KARATE AVEYRON<\/p>\n<p>Nom du ou de la pr\u00e9sidente: Mme Fillol<\/p>\n<p>Le t\u00e9l\u00e9phone pour prendre contact: 0681970357<\/p>\n<p>Adresse du club: Gymnase Robert Fabre 12200 Villefranche de Rouergue<\/p>\n<p>Adresse du site internet:\u00a0<a href=\"http:\/\/www.karatevillefranche.com\/\" target=\"_blank\" rel=\"noopener\">http:\/\/www.karatevillefranche.com\/<\/a><\/p>\n<p>Page facebook: <a href=\"https:\/\/www.facebook.com\/Shorin-Ryu-Karat%C3%A9-Villefranche-1608083225924594\/?notif_id=1521533472174769&amp;notif_t=page_invite&amp;ref=notif\" target=\"_blank\" rel=\"noopener\">Shorin Ryu Karat\u00e9 Villefranche<\/a><\/p>\n<p>Adresse mail: karatevillefranche@gmail.com<\/p>\n<p>Ce club a \u00e9t\u00e9 cr\u00e9\u00e9 par Yves Servi\u00e8re et Jean-Claude Galy en 1978.<\/p>\n<p>En 1982, Alain Lecl\u00e8re rejoint le club pour s\u2019entra\u00eener.<\/p>\n<p>En 1984 il en prendra la direction technique en tant qu\u2019entra\u00eeneur. Depuis cette date, il transmet la passion du Karat\u00e9 Do et Kobudo b\u00e9n\u00e9volement.<\/p>\n<p>Le Shorin-ryu est l&rsquo;un des styles de karat\u00e9 d\u2019Okinawa les plus anciens, qui tire ses racines du Shuri-Te. Son fondateur est Sokon Matsumura. La sp\u00e9cificit\u00e9 du Shorin-ryu r\u00e9side dans la finesse et la maitrise des blocages. Ce style met donc en avant la maitrise de la technique plut\u00f4t que la puissance engag\u00e9e.<\/p>\n<p>Le perfectionnement des techniques passe par un travail approfondi des kata.<\/p>\n<p>Nous sommes le seul club Shorin Ryu Aveyronnais affili\u00e9 \u00e0 la F\u00e9d\u00e9ration Fran\u00e7aise Karat\u00e9 et Disciplines Associ\u00e9es F.F.K.D.A. Nos karat\u00e9kas peuvent, s&rsquo;ils le d\u00e9sirent, participer aux comp\u00e9titions officielles de la FFKarat\u00e9.[\/vc_column_text][\/vc_column][\/vc_row]<\/p>\n<\/div>","protected":false},"excerpt":{"rendered":"<p>[vc_row][vc_column][vc_column_text] Nom du club: SHORIN\u00a0RYU KARATE AVEYRON Nom du ou de la pr\u00e9sidente: Mme Fillol Le t\u00e9l\u00e9phone pour prendre contact: 0681970357 Adresse du club: Gymnase Robert Fabre 12200 Villefranche de Rouergue Adresse du site internet:\u00a0http:\/\/www.karatevillefranche.com\/ Page facebook: Shorin Ryu Karat\u00e9 Villefranche Adresse mail: karatevillefranche@gmail.com Ce club a \u00e9t\u00e9 cr\u00e9\u00e9 par Yves Servi\u00e8re et Jean-Claude Galy [&hellip;]<\/p>\n","protected":false},"author":38,"featured_media":0,"parent":0,"menu_order":0,"comment_status":"closed","ping_status":"closed","template":"","meta":{"footnotes":""},"class_list":["post-432","page","type-page","status-publish","hentry"],"_links":{"self":[{"href":"https:\/\/sites.ffkarate.fr\/aveyron\/wp-json\/wp\/v2\/pages\/432","targetHints":{"allow":["GET"]}}],"collection":[{"href":"https:\/\/sites.ffkarate.fr\/aveyron\/wp-json\/wp\/v2\/pages"}],"about":[{"href":"https:\/\/sites.ffkarate.fr\/aveyron\/wp-json\/wp\/v2\/types\/page"}],"author":[{"embeddable":true,"href":"https:\/\/sites.ffkarate.fr\/aveyron\/wp-json\/wp\/v2\/users\/38"}],"replies":[{"embeddable":true,"href":"https:\/\/sites.ffkarate.fr\/aveyron\/wp-json\/wp\/v2\/comments?post=432"}],"version-history":[{"count":3,"href":"https:\/\/sites.ffkarate.fr\/aveyron\/wp-json\/wp\/v2\/pages\/432\/revisions"}],"predecessor-version":[{"id":5014,"href":"https:\/\/sites.ffkarate.fr\/aveyron\/wp-json\/wp\/v2\/pages\/432\/revisions\/5014"}],"wp:attachment":[{"href":"https:\/\/sites.ffkarate.fr\/aveyron\/wp-json\/wp\/v2\/media?parent=432"}],"curies":[{"name":"wp","href":"https:\/\/api.w.org\/{rel}","templated":true}]}}

<div class="wpb-content-wrapper"><p>[vc_row][vc_column][vc_column_text]<img decoding="async" class="alignnone wp-image-4722" src="https://sites.ffkarate.fr/aveyron/wp-content/uploads/sites/27/2021/06/logo-shorin-ryu-villeuf-300x300.jpg" alt="" width="160" height="160" srcset="https://sites.ffkarate.fr/aveyron/wp-content/uploads/sites/27/2021/06/logo-shorin-ryu-villeuf-300x300.jpg 300w, https://sites.ffkarate.fr/aveyron/wp-content/uploads/sites/27/2021/06/logo-shorin-ryu-villeuf-1024x1024.jpg 1024w, https://sites.ffkarate.fr/aveyron/wp-content/uploads/sites/27/2021/06/logo-shorin-ryu-villeuf-176x176.jpg 176w, https://sites.ffkarate.fr/aveyron/wp-content/uploads/sites/27/2021/06/logo-shorin-ryu-villeuf-768x768.jpg 768w, https://sites.ffkarate.fr/aveyron/wp-content/uploads/sites/27/2021/06/logo-shorin-ryu-villeuf-150x150.jpg 150w, https://sites.ffkarate.fr/aveyron/wp-content/uploads/sites/27/2021/06/logo-shorin-ryu-villeuf-1536x1536.jpg 1536w, https://sites.ffkarate.fr/aveyron/wp-content/uploads/sites/27/2021/06/logo-shorin-ryu-villeuf.jpg 1589w" sizes="(max-width: 160px) 100vw, 160px" /></p>
<p>Nom du club: SHORIN RYU KARATE AVEYRON</p>
<p>Nom du ou de la présidente: Mme Fillol</p>
<p>Le téléphone pour prendre contact: 0681970357</p>
<p>Adresse du club: Gymnase Robert Fabre 12200 Villefranche de Rouergue</p>
<p>Adresse du site internet: <a href="http://www.karatevillefranche.com/" target="_blank" rel="noopener">http://www.karatevillefranche.com/</a></p>
<p>Page facebook: <a href="https://www.facebook.com/Shorin-Ryu-Karat%C3%A9-Villefranche-1608083225924594/?notif_id=1521533472174769&amp;notif_t=page_invite&amp;ref=notif" target="_blank" rel="noopener">Shorin Ryu Karaté Villefranche</a></p>
<p>Adresse mail: karatevillefranche@gmail.com</p>
<p>Ce club a été créé par Yves Servière et Jean-Claude Galy en 1978.</p>
<p>En 1982, Alain Leclère rejoint le club pour s’entraîner.</p>
<p>En 1984 il en prendra la direction technique en tant qu’entraîneur. Depuis cette date, il transmet la passion du Karaté Do et Kobudo bénévolement.</p>
<p>Le Shorin-ryu est l&rsquo;un des styles de karaté d’Okinawa les plus anciens, qui tire ses racines du Shuri-Te. Son fondateur est Sokon Matsumura. La spécificité du Shorin-ryu réside dans la finesse et la maitrise des blocages. Ce style met donc en avant la maitrise de la technique plutôt que la puissance engagée.</p>
<p>Le perfectionnement des techniques passe par un travail approfondi des kata.</p>
<p>Nous sommes le seul club Shorin Ryu Aveyronnais affilié à la Fédération Française Karaté et Disciplines Associées F.F.K.D.A. Nos karatékas peuvent, s&rsquo;ils le désirent, participer aux compétitions officielles de la FFKaraté.[/vc_column_text][/vc_column][/vc_row]</p>
</div>

<p>[vc_row][vc_column][vc_column_text] Nom du club: SHORIN RYU KARATE AVEYRON Nom du ou de la présidente: Mme Fillol Le téléphone pour prendre contact: 0681970357 Adresse du club: Gymnase Robert Fabre 12200 Villefranche de Rouergue Adresse du site internet: http://www.karatevillefranche.com/ Page facebook: Shorin Ryu Karaté Villefranche Adresse mail: karatevillefranche@gmail.com Ce club a été créé par Yves Servière et Jean-Claude Galy [&hellip;]</p>
