{"id":2924,"date":"2023-11-17T16:17:29","date_gmt":"2023-11-17T15:17:29","guid":{"rendered":"https:\/\/sites.ffkarate.fr\/cdkcotesdarmor\/?page_id=2924"},"modified":"2024-07-19T14:21:05","modified_gmt":"2024-07-19T12:21:05","slug":"proces-verbaux-assemblees-generales","status":"publish","type":"page","link":"https:\/\/sites.ffkarate.fr\/cdkcotesdarmor\/comite\/proces-verbaux-assemblees-generales\/","title":{"rendered":"Proc\u00e8s Verbaux Assembl\u00e9es G\u00e9n\u00e9rales"},"content":{"rendered":"<div class=\"wpb-content-wrapper\"><p>[vc_row gap=\u00a0\u00bb15&Prime;][vc_column width=\u00a0\u00bb2\/3&Prime;][vc_column_text]<\/p>\n<ul>\n<li>\u00a0Proc\u00e8s verbal Assembl\u00e9e G\u00e9n\u00e9rale Elective Nouvelle Olympiade 2024\/2028<\/li>\n<\/ul>\n<p><a href=\"https:\/\/sites.ffkarate.fr\/cdkcotesdarmor\/wp-content\/uploads\/sites\/36\/2024\/07\/proces-verbal-AG-Elective-CDK-22-30-juin-2024-V2.pdf\">proc\u00e8s verbal AG Elective CDK 22 30 juin 2024 V2<\/a><\/p>\n<ul>\n<li>Proc\u00e8s Verbal saison 2022\/2023 :<\/li>\n<\/ul>\n<p><a href=\"https:\/\/sites.ffkarate.fr\/cdkcotesdarmor\/wp-content\/uploads\/sites\/36\/2023\/11\/proces-verbal-AG-CDK-22-19-novembre-2023.pdf\">proc\u00e8s verbal AG CDK 22 19 novembre 2023<\/a><\/p>\n<ul>\n<li>Proc\u00e8s Verbal\u00a0 \u00a0 saison 2021\/2022\u00a0 :<\/li>\n<\/ul>\n<p><a href=\"https:\/\/sites.ffkarate.fr\/cdkcotesdarmor\/wp-content\/uploads\/sites\/36\/2023\/11\/proces-verbal-AG-CDK-22-20-novembre-2022.pdf\">proc\u00e8s verbal AG CDK 22 20 novembre 2022<\/a><\/p>\n<ul>\n<li>Proc\u00e8s Verbal saison 2020\/2021 :<\/li>\n<\/ul>\n<p><a href=\"https:\/\/sites.ffkarate.fr\/cdkcotesdarmor\/wp-content\/uploads\/sites\/36\/2023\/11\/proces-verbal-AG-CDK-22-07-novembre-2021.pdf\">proc\u00e8s verbal AG CDK 22 07 novembre 2021<\/a><\/p>\n<h4><\/h4>\n<ul>\n<li><\/li>\n<\/ul>\n<p>[\/vc_column_text][\/vc_column][\/vc_row][vc_row][vc_column][vc_empty_space height=\u00a0\u00bb80&Prime;][\/vc_column][\/vc_row][vc_row][vc_column][vc_empty_space height=\u00a0\u00bb80&Prime;][\/vc_column][\/vc_row]<\/p>\n<\/div>","protected":false},"excerpt":{"rendered":"<p>[vc_row gap=\u00a0\u00bb15&Prime;][vc_column width=\u00a0\u00bb2\/3&Prime;][vc_column_text] \u00a0Proc\u00e8s verbal Assembl\u00e9e G\u00e9n\u00e9rale Elective Nouvelle Olympiade 2024\/2028 proc\u00e8s verbal AG Elective CDK 22 30 juin 2024 V2 Proc\u00e8s Verbal saison 2022\/2023 : proc\u00e8s verbal AG CDK 22 19 novembre 2023 Proc\u00e8s Verbal\u00a0 \u00a0 saison 2021\/2022\u00a0 : proc\u00e8s verbal AG CDK 22 20 novembre 2022 Proc\u00e8s Verbal saison 2020\/2021 : proc\u00e8s verbal [&hellip;]<\/p>\n","protected":false},"author":64,"featured_media":0,"parent":50,"menu_order":0,"comment_status":"closed","ping_status":"closed","template":"","meta":{"footnotes":""},"class_list":["post-2924","page","type-page","status-publish","hentry"],"_links":{"self":[{"href":"https:\/\/sites.ffkarate.fr\/cdkcotesdarmor\/wp-json\/wp\/v2\/pages\/2924","targetHints":{"allow":["GET"]}}],"collection":[{"href":"https:\/\/sites.ffkarate.fr\/cdkcotesdarmor\/wp-json\/wp\/v2\/pages"}],"about":[{"href":"https:\/\/sites.ffkarate.fr\/cdkcotesdarmor\/wp-json\/wp\/v2\/types\/page"}],"author":[{"embeddable":true,"href":"https:\/\/sites.ffkarate.fr\/cdkcotesdarmor\/wp-json\/wp\/v2\/users\/64"}],"replies":[{"embeddable":true,"href":"https:\/\/sites.ffkarate.fr\/cdkcotesdarmor\/wp-json\/wp\/v2\/comments?post=2924"}],"version-history":[{"count":8,"href":"https:\/\/sites.ffkarate.fr\/cdkcotesdarmor\/wp-json\/wp\/v2\/pages\/2924\/revisions"}],"predecessor-version":[{"id":3541,"href":"https:\/\/sites.ffkarate.fr\/cdkcotesdarmor\/wp-json\/wp\/v2\/pages\/2924\/revisions\/3541"}],"up":[{"embeddable":true,"href":"https:\/\/sites.ffkarate.fr\/cdkcotesdarmor\/wp-json\/wp\/v2\/pages\/50"}],"wp:attachment":[{"href":"https:\/\/sites.ffkarate.fr\/cdkcotesdarmor\/wp-json\/wp\/v2\/media?parent=2924"}],"curies":[{"name":"wp","href":"https:\/\/api.w.org\/{rel}","templated":true}]}}