{"id":31,"date":"2021-05-07T15:58:18","date_gmt":"2021-05-07T13:58:18","guid":{"rendered":"https:\/\/sites.ffkarate.fr\/cdkcotesdarmor\/?page_id=31"},"modified":"2024-08-22T12:51:24","modified_gmt":"2024-08-22T10:51:24","slug":"competitions","status":"publish","type":"page","link":"https:\/\/sites.ffkarate.fr\/cdkcotesdarmor\/competitions\/","title":{"rendered":"Comp\u00e9titions"},"content":{"rendered":"<div class=\"wpb-content-wrapper\"><p>[vc_row gap=\u00a0\u00bb15&Prime;][vc_column][vc_column_text]<strong>Toutes les inscriptions se font en ligne :<\/strong>[\/vc_column_text][ffk_button color=\u00a0\u00bbprimary\u00a0\u00bb size=\u00a0\u00bbbig\u00a0\u00bb link=\u00a0\u00bburl:http%3A%2F%2Fwww.ffkcompetition.fr%2F|title:Inscriptions%20en%20ligne|target:_blank\u00a0\u00bb][vc_column_text]Toutes les inscriptions s&rsquo;effectuent en\u00a0 ligne .<\/p>\n<p><strong>L\u2019inscription des\u00a0 licenci\u00e9s aux Comp\u00e9titions est\u00a0 soumise \u00e0 un droit d\u2019inscription de :<\/strong><\/p>\n<ul>\n<li><strong>3 \u20acuros en individuel\u00a0 (m\u00eame si le candidat est inscrit \u00e0 la fois en \u00e9preuve technique et combat )<\/strong><\/li>\n<li><strong>6 \u20acuros par \u00e9quipe.<\/strong><\/li>\n<\/ul>\n<p>Le r\u00e8glement par ch\u00e8que &#8211; \u00e0 l&rsquo;ordre du Comit\u00e9 D\u00e9partemental de Karat\u00e9 22 &#8211; devra <strong>imp\u00e9rativement \u00eatre re\u00e7u<\/strong> par le COMITE DEPARTEMENTAL , <strong>7 JOURS avant la comp\u00e9tition<\/strong>.<\/p>\n<p>Si le r\u00e8glement n\u2019est pas re\u00e7u \u00e0 temps , le comp\u00e9titeur se verra refuser l\u2019acc\u00e8s \u00e0 la comp\u00e9tition.[\/vc_column_text][vc_column_text]<\/p>\n<h3>Demandes de passeports<\/h3>\n<p>Les passeports sont vendus par les comit\u00e9s d\u00e9partementaux au prix de 25\u20ac, tarif unique qui s\u2019applique aux adultes et aux enfants (la f\u00e9d\u00e9ration ne d\u00e9livre plus de passeports enfants).<\/p>\n<p>Les commandes de passeports sont faites <strong>uniquement par les clubs<\/strong>.<\/p>\n<p>[\/vc_column_text][vc_column_text]<strong>Autorisation parentale\u00a0<\/strong><\/p>\n<p>Les comp\u00e9titeurs mineurs doivent \u00eatre en possession d&rsquo;une autorisation parentale ou d&rsquo;une autorisation de leur repr\u00e9sentant l\u00e9gal<\/p>\n<p><a href=\"https:\/\/sites.ffkarate.fr\/cdkcotesdarmor\/wp-content\/uploads\/sites\/36\/2024\/08\/Autorisation_Parentale_-competitions-2024-2025.pdf\">Autorisation_Parentale_ comp\u00e9titions 2024 2025<\/a>[\/vc_column_text][\/vc_column][\/vc_row][vc_row][vc_column][vc_column_text]<\/p>\n<p>[\/vc_column_text][\/vc_column][\/vc_row][vc_row][vc_column][vc_column_text][\/vc_column_text][\/vc_column][\/vc_row]<\/p>\n<\/div>","protected":false},"excerpt":{"rendered":"<p>L\u2019inscription de vos licenci\u00e9s aux Comp\u00e9titions D\u00e9partementales est soumise \u00e0 un droit d\u2019inscription.<\/p>\n","protected":false},"author":1,"featured_media":0,"parent":0,"menu_order":0,"comment_status":"closed","ping_status":"closed","template":"","meta":{"footnotes":""},"class_list":["post-31","page","type-page","status-publish","hentry"],"_links":{"self":[{"href":"https:\/\/sites.ffkarate.fr\/cdkcotesdarmor\/wp-json\/wp\/v2\/pages\/31","targetHints":{"allow":["GET"]}}],"collection":[{"href":"https:\/\/sites.ffkarate.fr\/cdkcotesdarmor\/wp-json\/wp\/v2\/pages"}],"about":[{"href":"https:\/\/sites.ffkarate.fr\/cdkcotesdarmor\/wp-json\/wp\/v2\/types\/page"}],"author":[{"embeddable":true,"href":"https:\/\/sites.ffkarate.fr\/cdkcotesdarmor\/wp-json\/wp\/v2\/users\/1"}],"replies":[{"embeddable":true,"href":"https:\/\/sites.ffkarate.fr\/cdkcotesdarmor\/wp-json\/wp\/v2\/comments?post=31"}],"version-history":[{"count":11,"href":"https:\/\/sites.ffkarate.fr\/cdkcotesdarmor\/wp-json\/wp\/v2\/pages\/31\/revisions"}],"predecessor-version":[{"id":3550,"href":"https:\/\/sites.ffkarate.fr\/cdkcotesdarmor\/wp-json\/wp\/v2\/pages\/31\/revisions\/3550"}],"wp:attachment":[{"href":"https:\/\/sites.ffkarate.fr\/cdkcotesdarmor\/wp-json\/wp\/v2\/media?parent=31"}],"curies":[{"name":"wp","href":"https:\/\/api.w.org\/{rel}","templated":true}]}}