{"id":54,"date":"2015-01-08T11:32:34","date_gmt":"2015-01-08T11:32:34","guid":{"rendered":"https:\/\/sites.ffkarate.fr\/testclone\/?page_id=54"},"modified":"2021-06-04T18:11:20","modified_gmt":"2021-06-04T16:11:20","slug":"disciplines-associes","status":"publish","type":"page","link":"https:\/\/sites.ffkarate.fr\/cdkcotesdarmor\/disciplines\/disciplines-associes\/","title":{"rendered":"ARTS MARTIAUX CHINOIS  WUSHU"},"content":{"rendered":"<div class=\"wpb-content-wrapper\"><p>[vc_row][vc_column][vc_video link=\u00a0\u00bbhttps:\/\/youtu.be\/THc6OB6DCR0&Prime;][vc_column_text]<em>\u00a0Le Wushu d\u00e9signe collectivement tous les arts martiaux chinois sans distinction particuli\u00e8re de style ou de forme. <\/em><\/p>\n<p>Cette d\u00e9finition signifie que les arts martiaux chinois rassemblent une grande vari\u00e9t\u00e9 de pratiques.<\/p>\n<p>Les formes d\u2019expression comp\u00e9titive\u00a0et traditionnelle\u00a0 font partie du Wushu :<\/p>\n<ul>\n<li>les formes de combat comme le sanda (boxe pied-poing et lutte) ou le shua\u00ef-Jiao (lutte chinoise),<\/li>\n<li>les styles \u00ab externes \u00bb (shaolin, hung-gar, tang-lang, wing-tsun, Kung fu, etc.),<\/li>\n<li>les styles \u00ab internes \u00bb (Tai Chi Chuan , bagua-zhang, xing-yi-quan, etc.),<\/li>\n<li>le Qi-gong (m\u00e9thode de sant\u00e9 ou de bien-\u00eatre).<\/li>\n<\/ul>\n<p>Le patrimoine technique du Wushu est donc immense, et cette richesse permet de proposer des activit\u00e9s adapt\u00e9es aux motivations de chacun.<\/p>\n<p>Les Clubs des C\u00f4tes d&rsquo;Armor vous proposent \u00e0 la fois une pratique Externe et une pratique Interne<\/p>\n<p><em>Externe :<\/em> Kung Fu &#8211; \u00a0Sanda\u00a0 &#8211; Quingda<\/p>\n<p>&nbsp;<\/p>\n<p><em><img decoding=\"async\" class=\"alignnone size-full wp-image-536\" src=\"https:\/\/sites.ffkarate.fr\/cdkcotesdarmor\/wp-content\/uploads\/sites\/36\/2016\/10\/18-10-16-Breizhrajakalai-1-scaled.jpg\" alt=\"\" width=\"2560\" height=\"1431\" \/><\/em><\/p>\n<p>&nbsp;<\/p>\n<p><em>Interne :<\/em> Tai Chi\u00a0 &#8211; Qi Gong<\/p>\n<p>&nbsp;<\/p>\n<p><img decoding=\"async\" class=\"alignnone size-full wp-image-860\" src=\"https:\/\/sites.ffkarate.fr\/cdkcotesdarmor\/wp-content\/uploads\/sites\/36\/2017\/01\/P1000665.jpg\" alt=\"\" width=\"2048\" height=\"1536\" \/><\/p>\n<p>&nbsp;<\/p>\n<p>&nbsp;<\/p>\n<p>&nbsp;<\/p>\n<p>&nbsp;<\/p>\n<p>&nbsp;<\/p>\n<p>&nbsp;<\/p>\n<p>&nbsp;<\/p>\n<p>&nbsp;<\/p>\n<p>&nbsp;<\/p>\n<p>&nbsp;<\/p>\n<p>&nbsp;<\/p>\n<p>&nbsp;<\/p>\n<p>&nbsp;<\/p>\n<p>&nbsp;<\/p>\n<p>&nbsp;<\/p>\n<p>&nbsp;<\/p>\n<p>&nbsp;<\/p>\n<p>&nbsp;<\/p>\n<p>&nbsp;<\/p>\n<p>&nbsp;<\/p>\n<p>&nbsp;<\/p>\n<p>&nbsp;<\/p>\n<p>&nbsp;<\/p>\n<p>&nbsp;<\/p>\n<p><a href=\"https:\/\/sites.ffkarate.fr\/cdkcotesdarmor\/wp-content\/uploads\/sites\/45\/2015\/01\/ecusson-Qwan-Ki-Do.jpg\">\u00a0<\/a>[\/vc_column_text][\/vc_column][\/vc_row]<\/p>\n<\/div>","protected":false},"excerpt":{"rendered":"<p>[vc_row][vc_column][vc_video link=\u00a0\u00bbhttps:\/\/youtu.be\/THc6OB6DCR0&Prime;][vc_column_text]\u00a0Le Wushu d\u00e9signe collectivement tous les arts martiaux chinois sans distinction particuli\u00e8re de style ou de forme. Cette d\u00e9finition signifie que les arts martiaux chinois rassemblent une grande vari\u00e9t\u00e9 de pratiques. Les formes d\u2019expression comp\u00e9titive\u00a0et traditionnelle\u00a0 font partie du Wushu : les formes de combat comme le sanda (boxe pied-poing et lutte) ou le [&hellip;]<\/p>\n","protected":false},"author":20,"featured_media":0,"parent":63,"menu_order":0,"comment_status":"closed","ping_status":"closed","template":"","meta":{"footnotes":""},"class_list":["post-54","page","type-page","status-publish","hentry"],"_links":{"self":[{"href":"https:\/\/sites.ffkarate.fr\/cdkcotesdarmor\/wp-json\/wp\/v2\/pages\/54","targetHints":{"allow":["GET"]}}],"collection":[{"href":"https:\/\/sites.ffkarate.fr\/cdkcotesdarmor\/wp-json\/wp\/v2\/pages"}],"about":[{"href":"https:\/\/sites.ffkarate.fr\/cdkcotesdarmor\/wp-json\/wp\/v2\/types\/page"}],"author":[{"embeddable":true,"href":"https:\/\/sites.ffkarate.fr\/cdkcotesdarmor\/wp-json\/wp\/v2\/users\/20"}],"replies":[{"embeddable":true,"href":"https:\/\/sites.ffkarate.fr\/cdkcotesdarmor\/wp-json\/wp\/v2\/comments?post=54"}],"version-history":[{"count":9,"href":"https:\/\/sites.ffkarate.fr\/cdkcotesdarmor\/wp-json\/wp\/v2\/pages\/54\/revisions"}],"predecessor-version":[{"id":1838,"href":"https:\/\/sites.ffkarate.fr\/cdkcotesdarmor\/wp-json\/wp\/v2\/pages\/54\/revisions\/1838"}],"up":[{"embeddable":true,"href":"https:\/\/sites.ffkarate.fr\/cdkcotesdarmor\/wp-json\/wp\/v2\/pages\/63"}],"wp:attachment":[{"href":"https:\/\/sites.ffkarate.fr\/cdkcotesdarmor\/wp-json\/wp\/v2\/media?parent=54"}],"curies":[{"name":"wp","href":"https:\/\/api.w.org\/{rel}","templated":true}]}}