{"id":2053,"date":"2018-11-03T21:43:29","date_gmt":"2018-11-03T20:43:29","guid":{"rendered":"https:\/\/sites.ffkarate.fr\/charentemaritime\/?page_id=2053"},"modified":"2025-04-13T22:49:57","modified_gmt":"2025-04-13T20:49:57","slug":"fiches-de-candidatures-1er-et-2eme-dan","status":"publish","type":"page","link":"https:\/\/sites.ffkarate.fr\/charentemaritime\/fiches-de-candidatures-1er-et-2eme-dan\/","title":{"rendered":"Fiches de candidatures grades 1er, 2\u00e8me, 3\u00e8me et 4\u00e8me dan"},"content":{"rendered":"<div class=\"wpb-content-wrapper\"><p>[vc_row][vc_column][vc_column_text]Veuillez proc\u00e9der au paiement par virement, le RIB figure sur le bas de la fiche d&rsquo;inscription.<\/p>\n<p>Fiche d&rsquo;inscription grades<\/p>\n<p>&nbsp;<\/p>\n<p><a href=\"https:\/\/sites.ffkarate.fr\/charentemaritime\/wp-content\/uploads\/sites\/33\/2025\/04\/Fiche-dinscripion-grades.xlsx\" target=\"_blank\" rel=\"noopener\">Formulaire en excel<\/a><\/p>\n<p><a href=\"https:\/\/sites.ffkarate.fr\/charentemaritime\/wp-content\/uploads\/sites\/33\/2025\/04\/Fiche-dinscripion-grades.pdf\" target=\"_blank\" rel=\"noopener\">Formulaire en PDF<\/a><\/p>\n<p><a href=\"https:\/\/www.helloasso.com\/associations\/cd-karate-17\/evenements\/inscriptions-aux-grades\" target=\"_blank\" rel=\"noopener\">Lien du paiement helloasso<\/a><\/p>\n<p>Flashez le QRCODE pour payer avec le t\u00e9l\u00e9phone<\/p>\n<p><img decoding=\"async\" class=\"alignnone wp-image-4530\" src=\"https:\/\/sites.ffkarate.fr\/charentemaritime\/wp-content\/uploads\/sites\/33\/2025\/04\/qrcode-300x300.png\" alt=\"\" width=\"137\" height=\"137\" srcset=\"https:\/\/sites.ffkarate.fr\/charentemaritime\/wp-content\/uploads\/sites\/33\/2025\/04\/qrcode-300x300.png 300w, https:\/\/sites.ffkarate.fr\/charentemaritime\/wp-content\/uploads\/sites\/33\/2025\/04\/qrcode-176x176.png 176w, https:\/\/sites.ffkarate.fr\/charentemaritime\/wp-content\/uploads\/sites\/33\/2025\/04\/qrcode-150x150.png 150w, https:\/\/sites.ffkarate.fr\/charentemaritime\/wp-content\/uploads\/sites\/33\/2025\/04\/qrcode.png 600w\" sizes=\"(max-width: 137px) 100vw, 137px\" \/>[\/vc_column_text][\/vc_column][\/vc_row]<\/p>\n<\/div>","protected":false},"excerpt":{"rendered":"<p>[vc_row][vc_column][vc_column_text]Veuillez proc\u00e9der au paiement par virement, le RIB figure sur le bas de la fiche d&rsquo;inscription. Fiche d&rsquo;inscription grades &nbsp; Formulaire en excel Formulaire en PDF Lien du paiement helloasso Flashez le QRCODE pour payer avec le t\u00e9l\u00e9phone [\/vc_column_text][\/vc_column][\/vc_row]<\/p>\n","protected":false},"author":59,"featured_media":0,"parent":0,"menu_order":0,"comment_status":"closed","ping_status":"closed","template":"","meta":{"footnotes":""},"class_list":["post-2053","page","type-page","status-publish","hentry"],"_links":{"self":[{"href":"https:\/\/sites.ffkarate.fr\/charentemaritime\/wp-json\/wp\/v2\/pages\/2053","targetHints":{"allow":["GET"]}}],"collection":[{"href":"https:\/\/sites.ffkarate.fr\/charentemaritime\/wp-json\/wp\/v2\/pages"}],"about":[{"href":"https:\/\/sites.ffkarate.fr\/charentemaritime\/wp-json\/wp\/v2\/types\/page"}],"author":[{"embeddable":true,"href":"https:\/\/sites.ffkarate.fr\/charentemaritime\/wp-json\/wp\/v2\/users\/59"}],"replies":[{"embeddable":true,"href":"https:\/\/sites.ffkarate.fr\/charentemaritime\/wp-json\/wp\/v2\/comments?post=2053"}],"version-history":[{"count":9,"href":"https:\/\/sites.ffkarate.fr\/charentemaritime\/wp-json\/wp\/v2\/pages\/2053\/revisions"}],"predecessor-version":[{"id":4533,"href":"https:\/\/sites.ffkarate.fr\/charentemaritime\/wp-json\/wp\/v2\/pages\/2053\/revisions\/4533"}],"wp:attachment":[{"href":"https:\/\/sites.ffkarate.fr\/charentemaritime\/wp-json\/wp\/v2\/media?parent=2053"}],"curies":[{"name":"wp","href":"https:\/\/api.w.org\/{rel}","templated":true}]}}