{"id":27,"date":"2021-05-07T15:56:14","date_gmt":"2021-05-07T13:56:14","guid":{"rendered":"https:\/\/sites.ffkarate.fr\/cher\/?page_id=27"},"modified":"2025-09-07T15:19:37","modified_gmt":"2025-09-07T13:19:37","slug":"formations","status":"publish","type":"page","link":"https:\/\/sites.ffkarate.fr\/cher\/formations\/","title":{"rendered":"Formations"},"content":{"rendered":"<div class=\"wpb-content-wrapper\"><p>[vc_row][vc_column][vc_single_image image=\u00a0\u00bb366&Prime; img_size=\u00a0\u00bbfull\u00a0\u00bb add_caption=\u00a0\u00bbyes\u00a0\u00bb][\/vc_column][\/vc_row][vc_row gap=\u00a0\u00bb15&Prime;][vc_column css_animation=\u00a0\u00bbnone\u00a0\u00bb][vc_column_text]<\/p>\n<h2><strong>Dates des formations propos\u00e9es par le Comit\u00e9 du Cher de Karat\u00e9 pour la saison 2025\/2026 :<\/strong><\/h2>\n<h4><\/h4>\n<p>Les formations AFA\/DAF et DIF pour le d\u00e9partement du Cher se d\u00e9rouleront les :<\/p>\n<p>&nbsp;<\/p>\n<ul>\n<li style=\"list-style-type: none\">\n<ul>\n<li>AFA :\n<ul>\n<li style=\"list-style-type: none\">\n<ul>\n<li>Dimanche 12 Octobre 2025<\/li>\n<\/ul>\n<\/li>\n<\/ul>\n<\/li>\n<\/ul>\n<\/li>\n<\/ul>\n<p>&nbsp;<\/p>\n<ul>\n<li style=\"list-style-type: none\">\n<ul>\n<li>DAF :\n<ul>\n<li style=\"list-style-type: none\">\n<ul>\n<li>Dimanche 12 Octobre 2025<\/li>\n<li>Dimanche 07 D\u00e9cembre 2025<\/li>\n<\/ul>\n<\/li>\n<\/ul>\n<\/li>\n<\/ul>\n<\/li>\n<\/ul>\n<p>&nbsp;<\/p>\n<ul>\n<li style=\"list-style-type: none\">\n<ul>\n<li>DIF :\n<ul>\n<li style=\"list-style-type: none\">\n<ul>\n<li>Dimanche 12 Octobre 2025 (si non d\u00e9tenteur du DAF)<\/li>\n<li>Dimanche 07 D\u00e9cembre 2025 (si non d\u00e9tenteur du DAF)<\/li>\n<li>Dimanche 22 Mars 2026<\/li>\n<li>Dimanche 03 Mai 2026<\/li>\n<\/ul>\n<\/li>\n<\/ul>\n<\/li>\n<\/ul>\n<\/li>\n<\/ul>\n<p>&nbsp;<\/p>\n<p>Les documents d&rsquo;inscription et leurs dates butoirs sont disponibles dans le calendrier d\u00e9partemental.[\/vc_column_text][ffk_buttons buttons=\u00a0\u00bb%5B%7B%22link%22%3A%22url%3Ahttps%253A%252F%252Fsites.ffkarate.fr%252Fcher%252Fcalendrier%252F%7Ctitle%3ACalendrier%2520d%25C3%25A9partemental%7Ctarget%3A_blank%22%7D%5D\u00a0\u00bb][vc_empty_space height=\u00a0\u00bb100&Prime;][\/vc_column][\/vc_row][vc_row gap=\u00a0\u00bb15&Prime;][vc_column css_animation=\u00a0\u00bbnone\u00a0\u00bb][vc_column_text]<\/p>\n<h2><strong>L&rsquo;AFA (Attestation d\u2019Assistant F\u00e9d\u00e9ral)<\/strong><\/h2>\n<p>&nbsp;<\/p>\n<p><strong>L\u2019Attestation F\u00e9d\u00e9rale d\u2019Assistant (AFA) permet d\u2019aider et d\u2019assister un enseignant dipl\u00f4m\u00e9 durant les s\u00e9ances de karat\u00e9, wushu et disciplines associ\u00e9es dans un club affili\u00e9 \u00e0 la FFK.<\/strong><\/p>\n<p>&nbsp;<\/p>\n<p>Accessible \u00e0 partir 14 ans et de la ceinture marron, cette attestation permet aussi d\u2019inciter des jeunes pratiquants \u00e0 s\u2019impliquer dans la vie associative et elle s\u2019int\u00e8gre donc dans la formation sportive citoyenne.<\/p>\n<p>A l\u2019issue de la formation, le stagiaire pourra notamment\u00a0:<\/p>\n<ul>\n<li style=\"list-style-type: none\">\n<ul>\n<li>Initier \u00e0 l\u2019enseignement, aider \u00e0 encadrer des s\u00e9ances de karat\u00e9, wushu et disciplines associ\u00e9es ;<\/li>\n<li>Sensibiliser au fonctionnement du club ;<\/li>\n<li>Favoriser la pr\u00e9servation de la s\u00e9curit\u00e9 des pratiquants lors des s\u00e9ances.<\/li>\n<\/ul>\n<\/li>\n<\/ul>\n<p>&nbsp;<\/p>\n<p><a href=\"https:\/\/www.ffkarate.fr\/espace-licencies\/formations\/\" target=\"_blank\" rel=\"noopener\">Plus d&rsquo;informations sur le site f\u00e9d\u00e9ral.<\/a>[\/vc_column_text][vc_column_text]<\/p>\n<h2><strong>Le DAF (Dipl\u00f4me d\u2019Animateur F\u00e9d\u00e9ral)<\/strong><\/h2>\n<p>&nbsp;<\/p>\n<p><strong>Le Dipl\u00f4me d\u2019Animateur F\u00e9d\u00e9ral (DAF) est un dipl\u00f4me qui permet \u00e0 son titulaire d\u2019organiser des entrainements de fa\u00e7on b\u00e9n\u00e9vole au sein des clubs affili\u00e9s FFK et ainsi d\u00e9velopper la pratique du karat\u00e9 et des disciplines associ\u00e9es.\u00a0<\/strong><\/p>\n<p>Le DAF est un dipl\u00f4me n\u00e9cessaire pour pouvoir coacher en comp\u00e9titions.<strong><br \/>\n<\/strong><\/p>\n<p>&nbsp;<\/p>\n<p>A l\u2019issue de la formation, le stagiaire pourra notamment\u00a0:<\/p>\n<ul>\n<li style=\"list-style-type: none\">\n<ul>\n<li>Ouvrir un club ;<\/li>\n<li>Planifier des cours pour diff\u00e9rents publics ;<\/li>\n<li>Animer des cours en toute s\u00e9curit\u00e9 et en pleine autonomie.<\/li>\n<\/ul>\n<\/li>\n<\/ul>\n<p>&nbsp;<\/p>\n<p><a href=\"https:\/\/www.ffkarate.fr\/espace-licencies\/formations\/\" target=\"_blank\" rel=\"noopener\">Plus d&rsquo;informations sur le site f\u00e9d\u00e9ral.<\/a>[\/vc_column_text][vc_column_text]<\/p>\n<h2><strong>Le DIF (Dipl\u00f4me d\u2019Instructeur F\u00e9d\u00e9ral)<\/strong><\/h2>\n<p>&nbsp;<\/p>\n<p><strong>Le Dipl\u00f4me d\u2019Instructeur F\u00e9d\u00e9ral (DIF) est le dipl\u00f4me de r\u00e9f\u00e9rence pour un enseignant de karat\u00e9, wushu et disciplines associ\u00e9es dans un club affili\u00e9 \u00e0 la FFK. Il permet de diversifier les activit\u00e9s par rapport aux diff\u00e9rents publics d\u2019un club (enfants, adolescents, adultes et seniors) et de mieux leur assurer le d\u00e9veloppement \u00e0 long terme.<\/strong><\/p>\n<p>&nbsp;<\/p>\n<p>A l\u2019issue de la formation, le stagiaire pourra notamment\u00a0:<\/p>\n<ul>\n<li style=\"list-style-type: none\">\n<ul>\n<li>Ouvrir un club ;<\/li>\n<li>Planifier des cours pour diff\u00e9rents publics sp\u00e9cifiques (enfants, ados, adultes, seniors, para, etc.) ;<\/li>\n<li>Acc\u00e9der aux stages de formation continue ;<\/li>\n<li>Apporter des comp\u00e9tences pour la progression et le perfectionnement des pratiquants ;<\/li>\n<li>Animer des cours en toute s\u00e9curit\u00e9 et en pleine autonomie ;<\/li>\n<li>Elargir son enseignement au-del\u00e0 du club.<\/li>\n<\/ul>\n<\/li>\n<\/ul>\n<p>&nbsp;<\/p>\n<p><a href=\"https:\/\/www.ffkarate.fr\/espace-licencies\/formations\/\" target=\"_blank\" rel=\"noopener\">Plus d&rsquo;informations sur le site f\u00e9d\u00e9ral.<\/a>[\/vc_column_text][\/vc_column][\/vc_row][vc_row][vc_column][ffk_button link=\u00a0\u00bburl:https%3A%2F%2Fwww.ffkarate.fr%2Fespace-licencies%2Fformations%2F|title:Informations%20sur%20la%20formation%20sur%20le%20site%20f%C3%A9d%C3%A9ral|target:_blank\u00a0\u00bb][\/vc_column][\/vc_row]<\/p>\n<\/div>","protected":false},"excerpt":{"rendered":"<p>La formation AFA\/DAF pour le d\u00e9partement de la Gironde se d\u00e9roulera les 09 et 10\/01\/2021 au Gymnase \u00e0 VERAC (33).<\/p>\n","protected":false},"author":1,"featured_media":0,"parent":0,"menu_order":0,"comment_status":"closed","ping_status":"closed","template":"","meta":{"footnotes":""},"class_list":["post-27","page","type-page","status-publish","hentry"],"_links":{"self":[{"href":"https:\/\/sites.ffkarate.fr\/cher\/wp-json\/wp\/v2\/pages\/27","targetHints":{"allow":["GET"]}}],"collection":[{"href":"https:\/\/sites.ffkarate.fr\/cher\/wp-json\/wp\/v2\/pages"}],"about":[{"href":"https:\/\/sites.ffkarate.fr\/cher\/wp-json\/wp\/v2\/types\/page"}],"author":[{"embeddable":true,"href":"https:\/\/sites.ffkarate.fr\/cher\/wp-json\/wp\/v2\/users\/1"}],"replies":[{"embeddable":true,"href":"https:\/\/sites.ffkarate.fr\/cher\/wp-json\/wp\/v2\/comments?post=27"}],"version-history":[{"count":19,"href":"https:\/\/sites.ffkarate.fr\/cher\/wp-json\/wp\/v2\/pages\/27\/revisions"}],"predecessor-version":[{"id":1668,"href":"https:\/\/sites.ffkarate.fr\/cher\/wp-json\/wp\/v2\/pages\/27\/revisions\/1668"}],"wp:attachment":[{"href":"https:\/\/sites.ffkarate.fr\/cher\/wp-json\/wp\/v2\/media?parent=27"}],"curies":[{"name":"wp","href":"https:\/\/api.w.org\/{rel}","templated":true}]}}