{"id":27,"date":"2021-05-07T15:56:14","date_gmt":"2021-05-07T13:56:14","guid":{"rendered":"https:\/\/sites.ffkarate.fr\/corsedusud\/?page_id=27"},"modified":"2025-11-04T22:46:31","modified_gmt":"2025-11-04T21:46:31","slug":"formations","status":"publish","type":"page","link":"https:\/\/sites.ffkarate.fr\/corsedusud\/formations\/","title":{"rendered":"Formation des enseignants et des assistants"},"content":{"rendered":"<div class=\"wpb-content-wrapper\"><p>[vc_row gap=\u00a0\u00bb15&Prime;][vc_column css_animation=\u00a0\u00bbnone\u00a0\u00bb][vc_column_text]<\/p>\n<h1 style=\"text-align: center\"><span style=\"color: #ff0000\"><strong>SAISON 2025\/2026<\/strong><\/span><\/h1>\n<h3><strong><span style=\"color: #ff0000\">Formation AFA le samedi 8 novembre 2025 au gymnase Michel Bozzi<\/span><\/strong><\/h3>\n<h3><strong><span style=\"color: #ff0000\">Formation DIF les week-end du samedi 8 et dimanche 9 novembre, du samedi 6 et dimanche 7 d\u00e9cembre 2025 et le samedi 10 et le dimanche 11 janvier 2026 au gymnase Michel Bozzi<\/span><\/strong><\/h3>\n<p style=\"text-align: center\"><span style=\"color: #ff0000\"><strong>Sous la direction de M. Kevin ANDARELLI<\/strong><\/span><\/p>\n<p>[\/vc_column_text][vc_column_text]<\/p>\n<h1 style=\"text-align: center\"><span style=\"color: #0000ff\"><strong>Les dipl\u00f4mes f\u00e9d\u00e9raux<\/strong><\/span><\/h1>\n<p>La F\u00e9d\u00e9ration offre divers dipl\u00f4mes permettant \u00e0 un licenci\u00e9 d&rsquo;assurer un enseignement b\u00e9n\u00e9vole au sein de son club de karat\u00e9 et autres disciplines associ\u00e9es.<\/p>\n<p><strong>Il existe plusieurs niveaux de certification\u00a0:<\/strong><\/p>\n<ul>\n<li>\n<h2><a href=\"https:\/\/sites.ffkarate.fr\/corsedusud\/lattestation-federale-dassistant-afa\/\"><strong>Attestation F\u00e9d\u00e9rale d\u2019Assistant (AFA)<\/strong><\/a><\/h2>\n<\/li>\n<\/ul>\n<p><strong>L\u2019Attestation F\u00e9d\u00e9rale d\u2019Assistant permet d\u2019aider et d\u2019assister un enseignant dipl\u00f4m\u00e9 durant les s\u00e9ances de karat\u00e9 et disciplines associ\u00e9es dans un club affili\u00e9 \u00e0 la FFK.<\/strong><\/p>\n<p>Accessible \u00e0 partir 14 ans et de la ceinture marron, cette attestation permet aussi d\u2019inciter des jeunes pratiquants \u00e0 s\u2019impliquer dans la vie associative et elle s\u2019int\u00e8gre donc dans la formation sportive citoyenne.<\/p>\n<p>A l\u2019issue de la formation, le stagiaire pourra :<\/p>\n<ul>\n<li>Initier \u00e0 l\u2019enseignement, aider \u00e0 encadrer des s\u00e9ances de karat\u00e9, wushu et disciplines associ\u00e9es ;<\/li>\n<li>Sensibiliser au fonctionnement du club ;<\/li>\n<li>Favoriser la pr\u00e9servation de la s\u00e9curit\u00e9 des pratiquants lors des s\u00e9ances.<\/li>\n<\/ul>\n<p><a href=\"https:\/\/sites.ffkarate.fr\/corsedusud\/wp-content\/uploads\/sites\/146\/2025\/09\/Dossier-inscription-AFA.docx\">Dossier-inscription-AFA<\/a><\/p>\n<p>&nbsp;<\/p>\n<ul>\n<li>\n<h2><a href=\"https:\/\/sites.ffkarate.fr\/corsedusud\/diplome-danimateur-federal-daf\/\"><strong>Dipl\u00f4me d\u2019Animateur F\u00e9d\u00e9ral (DAF)<\/strong><\/a><\/h2>\n<\/li>\n<\/ul>\n<p><strong>Le Dipl\u00f4me d\u2019Animateur F\u00e9d\u00e9ral (DAF) est un dipl\u00f4me qui permet \u00e0 son titulaire d\u2019organiser des entrainements de fa\u00e7on b\u00e9n\u00e9vole au sein des clubs affili\u00e9s FFK et ainsi d\u00e9velopper la pratique du karat\u00e9 et des disciplines associ\u00e9es.\u00a0<\/strong><\/p>\n<p><strong>Le DAF est un dipl\u00f4me n\u00e9cessaire pour pouvoir coacher en comp\u00e9titions.<br \/>\n<\/strong><\/p>\n<p>A l\u2019issue de la formation, le stagiaire pourra :<\/p>\n<ul>\n<li>Ouvrir un club ;<\/li>\n<li>Planifier des cours pour diff\u00e9rents publics ;<\/li>\n<li>Animer des cours en toute s\u00e9curit\u00e9 et en pleine autonomie.<\/li>\n<\/ul>\n<p><a href=\"https:\/\/sites.ffkarate.fr\/corsedusud\/wp-content\/uploads\/sites\/146\/2025\/09\/Dossier-inscription-DAF.docx\">Dossier-inscription-DAF<\/a><\/p>\n<p>&nbsp;<\/p>\n<ul>\n<li>\n<h2><a href=\"https:\/\/sites.ffkarate.fr\/corsedusud\/diplome-dinstructeur-federal-dif\/\"><strong>Dipl\u00f4me d\u2019Instructeur F\u00e9d\u00e9ral (DIF)<\/strong><\/a><\/h2>\n<\/li>\n<\/ul>\n<p><strong>Le Dipl\u00f4me d\u2019Instructeur F\u00e9d\u00e9ral (DIF) est le dipl\u00f4me de r\u00e9f\u00e9rence pour un enseignant de karat\u00e9, wushu et disciplines associ\u00e9es dans un club affili\u00e9 \u00e0 la FFK. Il permet de diversifier les activit\u00e9s par rapport aux diff\u00e9rents publics d\u2019un club (enfants, adolescents, adultes et seniors) et de mieux leur assurer le d\u00e9veloppement \u00e0 long terme.<\/strong><\/p>\n<p>A l\u2019issue de la formation, le stagiaire pourra notamment\u00a0:<\/p>\n<ul>\n<li>Ouvrir un club ;<\/li>\n<li>Planifier des cours pour diff\u00e9rents publics sp\u00e9cifiques (enfants, ados, adultes, seniors, para, etc.) ;<\/li>\n<li>Acc\u00e9der aux stages de formation continue ;<\/li>\n<li>Apporter des comp\u00e9tences pour la progression et le perfectionnement des pratiquants ;<\/li>\n<li>Animer des cours en toute s\u00e9curit\u00e9 et en pleine autonomie ;<\/li>\n<\/ul>\n<p><a href=\"https:\/\/sites.ffkarate.fr\/corsedusud\/wp-content\/uploads\/sites\/146\/2025\/09\/Dossier-inscription-DIF.docx\">Dossier-inscription-DIF<\/a>[\/vc_column_text][vc_column_text]<\/p>\n<h1><a href=\"https:\/\/sites.ffkarate.fr\/corsedusud\/le-titre-a-finalite-professionnelle-karate-wushu-et-disciplines-associees\/\"><span style=\"color: #0000ff\"><strong>Le Titre \u00e0 Finalit\u00e9 Professionnelle Karat\u00e9, Wushu et Disciplines Associ\u00e9es (TFP)<\/strong><\/span><\/a><\/h1>\n<p>[\/vc_column_text][vc_column_text]<\/p>\n<h1><a href=\"https:\/\/sites.ffkarate.fr\/corsedusud\/validation-des-acquis-de-lexperience-vae\/\"><span style=\"color: #0000ff\"><strong>Validation des Acquis de l\u2019Exp\u00e9rience (VAE)<\/strong><\/span><\/a><\/h1>\n<p>[\/vc_column_text][vc_column_text]<\/p>\n<h1><a href=\"https:\/\/sites.ffkarate.fr\/corsedusud\/personnes-en-situation-de-handicap-psh\/\"><span style=\"color: #0000ff\"><strong>Personnes en situation de handicap (PSH)<\/strong><\/span><\/a><\/h1>\n<p>[\/vc_column_text][\/vc_column][\/vc_row]<\/p>\n<\/div>","protected":false},"excerpt":{"rendered":"<p>La formation AFA\/DAF pour le d\u00e9partement de la Gironde se d\u00e9roulera les 09 et 10\/01\/2021 au Gymnase \u00e0 VERAC (33).<\/p>\n","protected":false},"author":1,"featured_media":0,"parent":0,"menu_order":0,"comment_status":"closed","ping_status":"closed","template":"","meta":{"footnotes":""},"class_list":["post-27","page","type-page","status-publish","hentry"],"_links":{"self":[{"href":"https:\/\/sites.ffkarate.fr\/corsedusud\/wp-json\/wp\/v2\/pages\/27","targetHints":{"allow":["GET"]}}],"collection":[{"href":"https:\/\/sites.ffkarate.fr\/corsedusud\/wp-json\/wp\/v2\/pages"}],"about":[{"href":"https:\/\/sites.ffkarate.fr\/corsedusud\/wp-json\/wp\/v2\/types\/page"}],"author":[{"embeddable":true,"href":"https:\/\/sites.ffkarate.fr\/corsedusud\/wp-json\/wp\/v2\/users\/1"}],"replies":[{"embeddable":true,"href":"https:\/\/sites.ffkarate.fr\/corsedusud\/wp-json\/wp\/v2\/comments?post=27"}],"version-history":[{"count":24,"href":"https:\/\/sites.ffkarate.fr\/corsedusud\/wp-json\/wp\/v2\/pages\/27\/revisions"}],"predecessor-version":[{"id":2024,"href":"https:\/\/sites.ffkarate.fr\/corsedusud\/wp-json\/wp\/v2\/pages\/27\/revisions\/2024"}],"wp:attachment":[{"href":"https:\/\/sites.ffkarate.fr\/corsedusud\/wp-json\/wp\/v2\/media?parent=27"}],"curies":[{"name":"wp","href":"https:\/\/api.w.org\/{rel}","templated":true}]}}