{"id":63,"date":"2021-05-23T20:00:04","date_gmt":"2021-05-23T18:00:04","guid":{"rendered":"https:\/\/sites.ffkarate.fr\/cotedor\/?page_id=63"},"modified":"2024-09-12T16:26:36","modified_gmt":"2024-09-12T14:26:36","slug":"nos-disciplines","status":"publish","type":"page","link":"https:\/\/sites.ffkarate.fr\/cotedor\/nos-disciplines\/","title":{"rendered":"Nos Disciplines"},"content":{"rendered":"<div class=\"wpb-content-wrapper\"><p>[vc_row][vc_column width=\u00a0\u00bb1\/5&Prime; bg_grey=\u00a0\u00bb1&Prime;][vc_single_image image=\u00a0\u00bb65&Prime; img_size=\u00a0\u00bbmedium\u00a0\u00bb alignment=\u00a0\u00bbcenter\u00a0\u00bb onclick=\u00a0\u00bbcustom_link\u00a0\u00bb link=\u00a0\u00bbhttps:\/\/sites.ffkarate.fr\/cotedor\/disciplines\/karate\/\u00a0\u00bb][vc_single_image image=\u00a0\u00bb6648&Prime; img_size=\u00a0\u00bbmedium\u00a0\u00bb alignment=\u00a0\u00bbcenter\u00a0\u00bb onclick=\u00a0\u00bbcustom_link\u00a0\u00bb link=\u00a0\u00bbhttps:\/\/sites.ffkarate.fr\/cotedor\/disciplines\/karate\/\u00a0\u00bb][\/vc_column][vc_column width=\u00a0\u00bb1\/5&Prime; bg_grey=\u00a0\u00bb1&Prime;][vc_single_image image=\u00a0\u00bb67&Prime; img_size=\u00a0\u00bbmedium\u00a0\u00bb alignment=\u00a0\u00bbcenter\u00a0\u00bb onclick=\u00a0\u00bbcustom_link\u00a0\u00bb link=\u00a0\u00bbhttps:\/\/sites.ffkarate.fr\/cotedor\/disciplines\/arts-martiaux-vietnamiens\/\u00a0\u00bb][vc_single_image image=\u00a0\u00bb6646&Prime; img_size=\u00a0\u00bbmedium\u00a0\u00bb alignment=\u00a0\u00bbcenter\u00a0\u00bb onclick=\u00a0\u00bbcustom_link\u00a0\u00bb link=\u00a0\u00bbhttps:\/\/sites.ffkarate.fr\/cotedor\/disciplines\/arts-martiaux-vietnamiens\/\u00a0\u00bb][\/vc_column][vc_column width=\u00a0\u00bb1\/5&Prime; bg_grey=\u00a0\u00bb1&Prime;][vc_single_image image=\u00a0\u00bb68&Prime; img_size=\u00a0\u00bbmedium\u00a0\u00bb alignment=\u00a0\u00bbcenter\u00a0\u00bb onclick=\u00a0\u00bbcustom_link\u00a0\u00bb link=\u00a0\u00bbhttps:\/\/sites.ffkarate.fr\/cotedor\/disciplines\/krav-maga\/\u00a0\u00bb][vc_single_image image=\u00a0\u00bb6652&Prime; img_size=\u00a0\u00bbmedium\u00a0\u00bb alignment=\u00a0\u00bbcenter\u00a0\u00bb onclick=\u00a0\u00bbcustom_link\u00a0\u00bb link=\u00a0\u00bbhttps:\/\/sites.ffkarate.fr\/cotedor\/disciplines\/krav-maga\/\u00a0\u00bb][\/vc_column][vc_column width=\u00a0\u00bb1\/5&Prime; bg_grey=\u00a0\u00bb1&Prime;][vc_single_image image=\u00a0\u00bb69&Prime; img_size=\u00a0\u00bbmedium\u00a0\u00bb alignment=\u00a0\u00bbcenter\u00a0\u00bb onclick=\u00a0\u00bbcustom_link\u00a0\u00bb link=\u00a0\u00bbhttps:\/\/sites.ffkarate.fr\/cotedor\/disciplines\/yoseikan-budo\/\u00a0\u00bb][vc_single_image image=\u00a0\u00bb6645&Prime; img_size=\u00a0\u00bbmedium\u00a0\u00bb alignment=\u00a0\u00bbcenter\u00a0\u00bb onclick=\u00a0\u00bbcustom_link\u00a0\u00bb link=\u00a0\u00bbhttps:\/\/sites.ffkarate.fr\/cotedor\/disciplines\/yoseikan-budo\/\u00a0\u00bb][\/vc_column][vc_column width=\u00a0\u00bb1\/5&Prime; bg_grey=\u00a0\u00bb1&Prime;][vc_single_image image=\u00a0\u00bb70&Prime; img_size=\u00a0\u00bbmedium\u00a0\u00bb alignment=\u00a0\u00bbcenter\u00a0\u00bb onclick=\u00a0\u00bbcustom_link\u00a0\u00bb link=\u00a0\u00bbhttps:\/\/sites.ffkarate.fr\/cotedor\/disciplines\/wushu-arts-martiaux-chinois\/\u00a0\u00bb][vc_single_image image=\u00a0\u00bb6644&Prime; img_size=\u00a0\u00bbmedium\u00a0\u00bb alignment=\u00a0\u00bbcenter\u00a0\u00bb onclick=\u00a0\u00bbcustom_link\u00a0\u00bb link=\u00a0\u00bbhttps:\/\/sites.ffkarate.fr\/cotedor\/disciplines\/wushu-arts-martiaux-chinois\/\u00a0\u00bb][\/vc_column][\/vc_row][vc_row][vc_column][vc_empty_space height=\u00a0\u00bb40&Prime;][\/vc_column][\/vc_row][vc_row][vc_column width=\u00a0\u00bb1\/5&Prime; bg_grey=\u00a0\u00bb1&Prime;][vc_single_image image=\u00a0\u00bb65&Prime; img_size=\u00a0\u00bbmedium\u00a0\u00bb alignment=\u00a0\u00bbcenter\u00a0\u00bb onclick=\u00a0\u00bbcustom_link\u00a0\u00bb link=\u00a0\u00bbhttps:\/\/sites.ffkarate.fr\/cotedor\/disciplines\/karate-mix\/\u00a0\u00bb][vc_single_image image=\u00a0\u00bb6653&Prime; img_size=\u00a0\u00bbmedium\u00a0\u00bb alignment=\u00a0\u00bbcenter\u00a0\u00bb onclick=\u00a0\u00bbcustom_link\u00a0\u00bb link=\u00a0\u00bbhttps:\/\/sites.ffkarate.fr\/cotedor\/disciplines\/para-karate\/\u00a0\u00bb][\/vc_column][vc_column width=\u00a0\u00bb1\/5&Prime; bg_grey=\u00a0\u00bb1&Prime;][vc_single_image image=\u00a0\u00bb65&Prime; img_size=\u00a0\u00bbmedium\u00a0\u00bb alignment=\u00a0\u00bbcenter\u00a0\u00bb onclick=\u00a0\u00bbcustom_link\u00a0\u00bb link=\u00a0\u00bbhttps:\/\/sites.ffkarate.fr\/cotedor\/disciplines\/karate-full-contact-karate-contact\/\u00a0\u00bb css=\u00a0\u00bb.vc_custom_1617727544980{padding-bottom: -30px !important;}\u00a0\u00bb][vc_single_image image=\u00a0\u00bb6647&Prime; img_size=\u00a0\u00bbmedium\u00a0\u00bb alignment=\u00a0\u00bbcenter\u00a0\u00bb onclick=\u00a0\u00bbcustom_link\u00a0\u00bb link=\u00a0\u00bbhttps:\/\/sites.ffkarate.fr\/cotedor\/disciplines\/body-karate\u00a0\u00bb][\/vc_column][vc_column width=\u00a0\u00bb1\/5&Prime; bg_grey=\u00a0\u00bb1&Prime;][vc_single_image image=\u00a0\u00bb65&Prime; img_size=\u00a0\u00bbmedium\u00a0\u00bb alignment=\u00a0\u00bbcenter\u00a0\u00bb onclick=\u00a0\u00bbcustom_link\u00a0\u00bb link=\u00a0\u00bbhttps:\/\/sites.ffkarate.fr\/cotedor\/disciplines\/karate-mix\/\u00a0\u00bb][vc_single_image image=\u00a0\u00bb6650&Prime; img_size=\u00a0\u00bbmedium\u00a0\u00bb alignment=\u00a0\u00bbcenter\u00a0\u00bb onclick=\u00a0\u00bbcustom_link\u00a0\u00bb link=\u00a0\u00bbhttps:\/\/sites.ffkarate.fr\/cotedor\/disciplines\/karate-full-contact-karate-contact\/\u00a0\u00bb css=\u00a0\u00bb.vc_custom_1617727544980{padding-bottom: -30px !important;}\u00a0\u00bb][\/vc_column][vc_column width=\u00a0\u00bb1\/5&Prime; bg_grey=\u00a0\u00bb1&Prime;][vc_single_image image=\u00a0\u00bb65&Prime; img_size=\u00a0\u00bbmedium\u00a0\u00bb alignment=\u00a0\u00bbcenter\u00a0\u00bb onclick=\u00a0\u00bbcustom_link\u00a0\u00bb link=\u00a0\u00bbhttps:\/\/sites.ffkarate.fr\/cotedor\/disciplines\/body-karate\u00a0\u00bb][vc_single_image image=\u00a0\u00bb6651&Prime; img_size=\u00a0\u00bbmedium\u00a0\u00bb alignment=\u00a0\u00bbcenter\u00a0\u00bb onclick=\u00a0\u00bbcustom_link\u00a0\u00bb link=\u00a0\u00bbhttps:\/\/sites.ffkarate.fr\/cotedor\/disciplines\/karate-mix\/\u00a0\u00bb][\/vc_column][vc_column width=\u00a0\u00bb1\/5&Prime; bg_grey=\u00a0\u00bb1&Prime;][vc_single_image image=\u00a0\u00bb65&Prime; img_size=\u00a0\u00bbmedium\u00a0\u00bb alignment=\u00a0\u00bbcenter\u00a0\u00bb onclick=\u00a0\u00bbcustom_link\u00a0\u00bb link=\u00a0\u00bbhttps:\/\/sites.ffkarate.fr\/cotedor\/disciplines\/karate-mix\/\u00a0\u00bb][vc_single_image image=\u00a0\u00bb6649&Prime; img_size=\u00a0\u00bbmedium\u00a0\u00bb alignment=\u00a0\u00bbcenter\u00a0\u00bb onclick=\u00a0\u00bbcustom_link\u00a0\u00bb link=\u00a0\u00bbhttps:\/\/sites.ffkarate.fr\/cotedor\/disciplines\/karate-defense-training\/\u00a0\u00bb][\/vc_column][\/vc_row][vc_row][vc_column][vc_empty_space][\/vc_column][\/vc_row][vc_row][vc_column bg_grey=\u00a0\u00bb1&Prime;][vc_column_text]<\/p>\n<h3>Suivez-nous sur nos R\u00e9seaux Sociaux !<\/h3>\n<p style=\"text-align: left\"><a href=\"https:\/\/www.facebook.com\/cdkarate21\" target=\"_blank\" rel=\"noopener\"><img decoding=\"async\" class=\"alignnone size-full wp-image-3655\" src=\"https:\/\/sites.ffkarate.fr\/cotedor\/wp-content\/uploads\/sites\/34\/2021\/05\/icone-facebook.png\" alt=\"\" width=\"40\" height=\"40\" \/><\/a> \u00a0<a href=\"https:\/\/www.instagram.com\/cdkarate21\/\" target=\"_blank\" rel=\"noopener\"><img decoding=\"async\" class=\"alignnone size-full wp-image-3656\" src=\"https:\/\/sites.ffkarate.fr\/cotedor\/wp-content\/uploads\/sites\/34\/2021\/05\/icone-instagram.png\" alt=\"\" width=\"40\" height=\"40\" \/><\/a> \u00a0<a href=\"https:\/\/twitter.com\/cdkarate21\" target=\"_blank\" rel=\"noopener\"><img decoding=\"async\" class=\"alignnone size-full wp-image-3656\" src=\"https:\/\/sites.ffkarate.fr\/cotedor\/wp-content\/uploads\/sites\/34\/2021\/05\/icone-twitter.png\" alt=\"\" width=\"40\" height=\"40\" \/><\/a> \u00a0<a href=\"https:\/\/www.linkedin.com\/company\/71505895\/admin\/\" target=\"_blank\" rel=\"noopener\"><img decoding=\"async\" class=\"alignnone size-full wp-image-3657\" src=\"https:\/\/sites.ffkarate.fr\/cotedor\/wp-content\/uploads\/sites\/34\/2021\/05\/icone-linkedin.png\" alt=\"\" width=\"40\" height=\"40\" \/><\/a>\u00a0 <a href=\"https:\/\/www.youtube.com\/channel\/UCxM6xMngU_qSPKXYC8mYErQ\" target=\"_blank\" rel=\"noopener\"><img decoding=\"async\" class=\"alignnone size-full wp-image-3658\" src=\"https:\/\/sites.ffkarate.fr\/cotedor\/wp-content\/uploads\/sites\/34\/2021\/05\/icone-youtube.png\" alt=\"\" width=\"40\" height=\"40\" \/><\/a><\/p>\n<p>[\/vc_column_text][\/vc_column][\/vc_row]<\/p>\n<\/div>","protected":false},"excerpt":{"rendered":"<p>D\u00e9couvrez les Disciplines pratiqu\u00e9es dans le d\u00e9partement et choisissez celle qui vous correspond.<\/p>\n","protected":false},"author":47,"featured_media":6539,"parent":0,"menu_order":0,"comment_status":"closed","ping_status":"closed","template":"page-fullwidth.php","meta":{"footnotes":""},"class_list":["post-63","page","type-page","status-publish","hentry"],"_links":{"self":[{"href":"https:\/\/sites.ffkarate.fr\/cotedor\/wp-json\/wp\/v2\/pages\/63","targetHints":{"allow":["GET"]}}],"collection":[{"href":"https:\/\/sites.ffkarate.fr\/cotedor\/wp-json\/wp\/v2\/pages"}],"about":[{"href":"https:\/\/sites.ffkarate.fr\/cotedor\/wp-json\/wp\/v2\/types\/page"}],"author":[{"embeddable":true,"href":"https:\/\/sites.ffkarate.fr\/cotedor\/wp-json\/wp\/v2\/users\/47"}],"replies":[{"embeddable":true,"href":"https:\/\/sites.ffkarate.fr\/cotedor\/wp-json\/wp\/v2\/comments?post=63"}],"version-history":[{"count":10,"href":"https:\/\/sites.ffkarate.fr\/cotedor\/wp-json\/wp\/v2\/pages\/63\/revisions"}],"predecessor-version":[{"id":6654,"href":"https:\/\/sites.ffkarate.fr\/cotedor\/wp-json\/wp\/v2\/pages\/63\/revisions\/6654"}],"wp:featuredmedia":[{"embeddable":true,"href":"https:\/\/sites.ffkarate.fr\/cotedor\/wp-json\/wp\/v2\/media\/6539"}],"wp:attachment":[{"href":"https:\/\/sites.ffkarate.fr\/cotedor\/wp-json\/wp\/v2\/media?parent=63"}],"curies":[{"name":"wp","href":"https:\/\/api.w.org\/{rel}","templated":true}]}}