{"id":6918,"date":"2025-09-22T12:47:03","date_gmt":"2025-09-22T10:47:03","guid":{"rendered":"https:\/\/sites.ffkarate.fr\/cotedor\/?page_id=6918"},"modified":"2025-09-29T08:51:12","modified_gmt":"2025-09-29T06:51:12","slug":"comite-directeur-2025_2028","status":"publish","type":"page","link":"https:\/\/sites.ffkarate.fr\/cotedor\/comite\/comite-directeur-2025_2028\/","title":{"rendered":"Comit\u00e9 Directeur"},"content":{"rendered":"<div class=\"wpb-content-wrapper\"><p>[vc_row full_width=\u00a0\u00bbstretch_row_content_no_spaces\u00a0\u00bb][vc_column][vc_column_text]<\/p>\n<h1 style=\"color: #ffffff;background: #1423A0;text-align: center\">OLYMPIADE 2024\/2028<\/h1>\n<p>[\/vc_column_text][\/vc_column][\/vc_row][vc_row full_width=\u00a0\u00bbstretch_row_content_no_spaces\u00a0\u00bb content_placement=\u00a0\u00bbmiddle\u00a0\u00bb bg_grey=\u00a0\u00bb1&Prime;][vc_column][vc_row_inner content_placement=\u00a0\u00bbmiddle\u00a0\u00bb bg_grey=\u00a0\u00bb1&Prime;][vc_column_inner width=\u00a0\u00bb1\/3&Prime;][ffk_peoplecard][\/vc_column_inner][vc_column_inner width=\u00a0\u00bb2\/3&Prime;][vc_column_text]<\/p>\n<blockquote><p><em>\u00ab\u00a0Bienvenue sur le site officiel du <span style=\"color: #1423a0\"><strong>Comit\u00e9 C\u00f4te d&rsquo;Or<\/strong><\/span> !<\/em><\/p>\n<p><em>Vous trouverez sur ce site toute l\u2019actualit\u00e9 du Karat\u00e9 et de ses Disciplines Associ\u00e9es :<\/em><br \/>\n<em>le calendrier des diff\u00e9rentes comp\u00e9titions, les passages des grades, stages et autres manifestations,<\/em><br \/>\n<em>mais aussi toutes les informations et documents n\u00e9cessaires aux dirigeants de club ainsi qu\u2019aux licenci\u00e9s.<\/em><\/p>\n<p><em>Bonne visite.\u00a0\u00bb <\/em><\/p>\n<p><strong>Franck PICARD<\/strong><br \/>\n<em>Le Pr\u00e9sident du <strong>Comit\u00e9 C\u00f4te-d&rsquo;Or FFK<\/strong><\/em><\/p><\/blockquote>\n<p>[\/vc_column_text][\/vc_column_inner][\/vc_row_inner][\/vc_column][\/vc_row][vc_row][vc_column][vc_empty_space height=\u00a0\u00bb40&Prime;][vc_column_text]<\/p>\n<p style=\"color: #ffffff;background: #dc2d5a;text-align: left\"><em>\u00a0MAJ : <strong>15\/09\/2025<\/strong><\/em><\/p>\n<p>[\/vc_column_text][vc_row_inner][vc_column_inner][vc_column_text]<\/p>\n<h3 class=\"entry-title\" style=\"text-align: center\"><strong><span style=\"color: #1423a0\">BUREAU DIRECTEUR<\/span><\/strong><\/h3>\n<p>[\/vc_column_text][\/vc_column_inner][\/vc_row_inner][vc_empty_space height=\u00a0\u00bb40&Prime;][\/vc_column][\/vc_row][vc_row content_placement=\u00a0\u00bbmiddle\u00a0\u00bb][vc_column width=\u00a0\u00bb1\/2&Prime;][ffk_peoplecard image=\u00a0\u00bb6577&Prime; title=\u00a0\u00bbFranck PICARD\u00a0\u00bb subtitle=\u00a0\u00bbPr\u00e9sident\u00a0\u00bb description=\u00a0\u00bbpicardfrk@gmail.com\u00a0\u00bb][vc_empty_space height=\u00a0\u00bb20px\u00a0\u00bb][\/vc_column][vc_column width=\u00a0\u00bb1\/2&Prime;][ffk_peoplecard image=\u00a0\u00bb6584&Prime; title=\u00a0\u00bbRaymond RAVASSAUD\u00a0\u00bb subtitle=\u00a0\u00bbPR\u00c9SIDENT HONORAIRE\u00a0\u00bb][vc_empty_space height=\u00a0\u00bb20px\u00a0\u00bb][\/vc_column][\/vc_row][vc_row][vc_column width=\u00a0\u00bb1\/2&Prime;][ffk_peoplecard title=\u00a0\u00bbJacques ROBERT\u00a0\u00bb subtitle=\u00a0\u00bbVICE-PR\u00c9SIDENT\u00a0\u00bb image=\u00a0\u00bb2040&Prime;][\/vc_column][vc_column width=\u00a0\u00bb1\/2&Prime;][ffk_peoplecard image=\u00a0\u00bb6588&Prime; title=\u00a0\u00bbAntonio FOIS\u00a0\u00bb subtitle=\u00a0\u00bbVICE-PR\u00c9SIDENT\u00a0\u00bb][\/vc_column][\/vc_row][vc_row][vc_column width=\u00a0\u00bb1\/2&Prime;][ffk_peoplecard title=\u00a0\u00bbDamien BUFFY\u00a0\u00bb subtitle=\u00a0\u00bbSECR\u00c9TAIRE G\u00c9N\u00c9RAL\u00a0\u00bb image=\u00a0\u00bb6928&Prime; description=\u00a0\u00bbcdkarate21@gmail.com<br \/>\nkravmaga@damienbuffy.fr\u00a0\u00bb][vc_message message_box_style=\u00a0\u00bbclassic\u00a0\u00bb message_box_color=\u00a0\u00bbalert-info\u00a0\u00bb style=\u00a0\u00bbrounded\u00a0\u00bb]WEBMASTER &amp; COMMUNITY MANAGER[\/vc_message][vc_empty_space height=\u00a0\u00bb30px\u00a0\u00bb][\/vc_column][vc_column width=\u00a0\u00bb1\/2&Prime;][ffk_peoplecard title=\u00a0\u00bbDamien SONNET\u00a0\u00bb subtitle=\u00a0\u00bbSECR\u00c9TAIRE G\u00c9N\u00c9RAL ADJOINT\u00a0\u00bb description=\u00a0\u00bbcdkarate21@gmail.com\u00a0\u00bb image=\u00a0\u00bb6576&Prime;][\/vc_column][\/vc_row][vc_row][vc_column width=\u00a0\u00bb1\/2&Prime;][ffk_peoplecard title=\u00a0\u00bbMonique YAZZOURH\u00a0\u00bb subtitle=\u00a0\u00bbTR\u00c9SORIERE G\u00c9N\u00c9RAL\u00a0\u00bb image=\u00a0\u00bb6578&Prime; description=\u00a0\u00bbcdkarate21@gmail.com\u00a0\u00bb][\/vc_column][vc_column width=\u00a0\u00bb1\/2&Prime;][ffk_peoplecard title=\u00a0\u00bbLaure VOISIN\u00a0\u00bb subtitle=\u00a0\u00bbTR\u00c9SORIERE G\u00c9N\u00c9RAL ADJOINT\u00a0\u00bb description=\u00a0\u00bbcdkarate21@gmail.com\u00a0\u00bb][\/vc_column][\/vc_row][vc_row][vc_column][vc_row_inner][vc_column_inner][vc_column_text]<\/p>\n<h3 class=\"entry-title\" style=\"text-align: center\"><strong><span style=\"color: #1423a0\">AUTRES MEMBRES DU CONSEIL D&rsquo;ADMINISTRATION<\/span><\/strong><\/h3>\n<p>[\/vc_column_text][\/vc_column_inner][\/vc_row_inner][vc_empty_space height=\u00a0\u00bb40&Prime;][vc_row_inner css=\u00a0\u00bb.vc_custom_1617006214271{border-bottom-width: 10px !important;}\u00a0\u00bb][vc_column_inner width=\u00a0\u00bb1\/3&Prime;][ffk_peoplecard title=\u00a0\u00bbGilles SANCHEZ\u00a0\u00bb image=\u00a0\u00bb2039&Prime;][\/vc_column_inner][vc_column_inner width=\u00a0\u00bb1\/3&Prime;][ffk_peoplecard title=\u00a0\u00bbMustapha NAHHAS\u00a0\u00bb image=\u00a0\u00bb2041&Prime;][\/vc_column_inner][vc_column_inner width=\u00a0\u00bb1\/3&Prime;][ffk_peoplecard title=\u00a0\u00bbV\u00e9ronique PARISOT\u00a0\u00bb image=\u00a0\u00bb6574&Prime;][\/vc_column_inner][\/vc_row_inner][vc_row_inner][vc_column_inner width=\u00a0\u00bb1\/3&Prime;][ffk_peoplecard title=\u00a0\u00bbPascal DOYEN\u00a0\u00bb][\/vc_column_inner][vc_column_inner width=\u00a0\u00bb1\/3&Prime;][ffk_peoplecard title=\u00a0\u00bbLaurent BRULE\u00a0\u00bb][\/vc_column_inner][vc_column_inner width=\u00a0\u00bb1\/3&Prime;][ffk_peoplecard title=\u00a0\u00bbRayan MANSOURI\u00a0\u00bb][\/vc_column_inner][\/vc_row_inner][vc_row_inner][vc_column_inner width=\u00a0\u00bb1\/3&Prime;][\/vc_column_inner][vc_column_inner width=\u00a0\u00bb1\/3&Prime;][ffk_peoplecard title=\u00a0\u00bbNicolas N\u00c9ANT\u00a0\u00bb image=\u00a0\u00bb6579&Prime;][\/vc_column_inner][vc_column_inner width=\u00a0\u00bb1\/3&Prime;][\/vc_column_inner][\/vc_row_inner][vc_empty_space height=\u00a0\u00bb40&Prime;][\/vc_column][\/vc_row][vc_row][vc_column width=\u00a0\u00bb1\/6&Prime;][\/vc_column][vc_column width=\u00a0\u00bb5\/6&Prime;][ffk_button link=\u00a0\u00bburl:https%3A%2F%2Fsites.ffkarate.fr%2Fcotedor%2Fcomite%2Fcomite-directeur-2024_2028%2Fdirection-technique-departementale%2F|title:D%C3%A9couvrez%20la%20Direction%20Technique%20D%C3%A9partementale\u00a0\u00bb][\/vc_column][\/vc_row][vc_row][vc_column bg_grey=\u00a0\u00bb1&Prime;][vc_row_inner equal_height=\u00a0\u00bbyes\u00a0\u00bb content_placement=\u00a0\u00bbmiddle\u00a0\u00bb][vc_column_inner width=\u00a0\u00bb2\/4&Prime;][vc_column_text]<\/p>\n<h3>Suivez-nous sur nos R\u00e9seaux Sociaux !<\/h3>\n<p>[\/vc_column_text][\/vc_column_inner][vc_column_inner width=\u00a0\u00bb2\/4&Prime;][vc_empty_space height=\u00a0\u00bb3px\u00a0\u00bb][vc_column_text]<\/p>\n<p style=\"text-align: left\"><a href=\"https:\/\/www.facebook.com\/cdkarate21\" target=\"_blank\" rel=\"noopener\"><img decoding=\"async\" class=\"alignnone size-full wp-image-3655\" src=\"https:\/\/sites.ffkarate.fr\/cotedor\/wp-content\/uploads\/sites\/34\/2021\/05\/icone-facebook.png\" alt=\"\" width=\"40\" height=\"40\" \/><\/a> \u00a0<a href=\"https:\/\/www.instagram.com\/cdkarate21\/\" target=\"_blank\" rel=\"noopener\"><img decoding=\"async\" class=\"alignnone size-full wp-image-3656\" src=\"https:\/\/sites.ffkarate.fr\/cotedor\/wp-content\/uploads\/sites\/34\/2021\/05\/icone-instagram.png\" alt=\"\" width=\"40\" height=\"40\" \/><\/a> \u00a0<a href=\"https:\/\/twitter.com\/cdkarate21\" target=\"_blank\" rel=\"noopener\"><img decoding=\"async\" class=\"alignnone size-full wp-image-3656\" src=\"https:\/\/sites.ffkarate.fr\/cotedor\/wp-content\/uploads\/sites\/34\/2021\/05\/icone-twitter.png\" alt=\"\" width=\"40\" height=\"40\" \/><\/a> \u00a0<a href=\"https:\/\/www.linkedin.com\/company\/71505895\/admin\/\" target=\"_blank\" rel=\"noopener\"><img decoding=\"async\" class=\"alignnone size-full wp-image-3657\" src=\"https:\/\/sites.ffkarate.fr\/cotedor\/wp-content\/uploads\/sites\/34\/2021\/05\/icone-linkedin.png\" alt=\"\" width=\"40\" height=\"40\" \/><\/a>\u00a0 <a href=\"https:\/\/www.youtube.com\/channel\/UCxM6xMngU_qSPKXYC8mYErQ\" target=\"_blank\" rel=\"noopener\"><img decoding=\"async\" class=\"alignnone size-full wp-image-3658\" src=\"https:\/\/sites.ffkarate.fr\/cotedor\/wp-content\/uploads\/sites\/34\/2021\/05\/icone-youtube.png\" alt=\"\" width=\"40\" height=\"40\" \/><\/a><\/p>\n<p>[\/vc_column_text][\/vc_column_inner][\/vc_row_inner][\/vc_column][\/vc_row]<\/p>\n<\/div>","protected":false},"excerpt":{"rendered":"<p>[vc_row full_width=\u00a0\u00bbstretch_row_content_no_spaces\u00a0\u00bb][vc_column][vc_column_text] OLYMPIADE 2024\/2028 [\/vc_column_text][\/vc_column][\/vc_row][vc_row full_width=\u00a0\u00bbstretch_row_content_no_spaces\u00a0\u00bb content_placement=\u00a0\u00bbmiddle\u00a0\u00bb bg_grey=\u00a0\u00bb1&Prime;][vc_column][vc_row_inner content_placement=\u00a0\u00bbmiddle\u00a0\u00bb bg_grey=\u00a0\u00bb1&Prime;][vc_column_inner width=\u00a0\u00bb1\/3&Prime;][ffk_peoplecard][\/vc_column_inner][vc_column_inner width=\u00a0\u00bb2\/3&Prime;][vc_column_text] \u00ab\u00a0Bienvenue sur le site officiel du Comit\u00e9 C\u00f4te d&rsquo;Or ! Vous trouverez sur ce site toute l\u2019actualit\u00e9 du Karat\u00e9 et de ses Disciplines Associ\u00e9es : le calendrier des diff\u00e9rentes comp\u00e9titions, les passages des grades, stages et autres manifestations, mais aussi toutes les informations [&hellip;]<\/p>\n","protected":false},"author":47,"featured_media":0,"parent":4,"menu_order":0,"comment_status":"closed","ping_status":"closed","template":"","meta":{"footnotes":""},"class_list":["post-6918","page","type-page","status-publish","hentry"],"_links":{"self":[{"href":"https:\/\/sites.ffkarate.fr\/cotedor\/wp-json\/wp\/v2\/pages\/6918","targetHints":{"allow":["GET"]}}],"collection":[{"href":"https:\/\/sites.ffkarate.fr\/cotedor\/wp-json\/wp\/v2\/pages"}],"about":[{"href":"https:\/\/sites.ffkarate.fr\/cotedor\/wp-json\/wp\/v2\/types\/page"}],"author":[{"embeddable":true,"href":"https:\/\/sites.ffkarate.fr\/cotedor\/wp-json\/wp\/v2\/users\/47"}],"replies":[{"embeddable":true,"href":"https:\/\/sites.ffkarate.fr\/cotedor\/wp-json\/wp\/v2\/comments?post=6918"}],"version-history":[{"count":9,"href":"https:\/\/sites.ffkarate.fr\/cotedor\/wp-json\/wp\/v2\/pages\/6918\/revisions"}],"predecessor-version":[{"id":6930,"href":"https:\/\/sites.ffkarate.fr\/cotedor\/wp-json\/wp\/v2\/pages\/6918\/revisions\/6930"}],"up":[{"embeddable":true,"href":"https:\/\/sites.ffkarate.fr\/cotedor\/wp-json\/wp\/v2\/pages\/4"}],"wp:attachment":[{"href":"https:\/\/sites.ffkarate.fr\/cotedor\/wp-json\/wp\/v2\/media?parent=6918"}],"curies":[{"name":"wp","href":"https:\/\/api.w.org\/{rel}","templated":true}]}}