{"id":7050,"date":"2026-03-18T10:21:51","date_gmt":"2026-03-18T09:21:51","guid":{"rendered":"https:\/\/sites.ffkarate.fr\/cotedor\/?page_id=7050"},"modified":"2026-03-18T10:42:21","modified_gmt":"2026-03-18T09:42:21","slug":"resultats-clubs","status":"publish","type":"page","link":"https:\/\/sites.ffkarate.fr\/cotedor\/viedesclubs\/resultats-clubs\/","title":{"rendered":"R\u00e9sultats des clubs"},"content":{"rendered":"<div class=\"wpb-content-wrapper\"><p>[vc_row][vc_column bg_grey=\u00a0\u00bb1&Prime;][vc_column_text]<\/p>\n<h2><strong>Merci de lire attentivement<\/strong><\/h2>\n<p><strong>Si toutes les conditions suivantes ne sont pas respect\u00e9es, les informations ne seront pas publi\u00e9es.<\/strong><\/p>\n<p>Pour \u00eatre publi\u00e9 sur le site du CDK21, vos r\u00e9sultats doivent respecter la r\u00e9glementation et notamment respecter les conditions suivantes :<\/p>\n<ul>\n<li>Les athl\u00e8tes doivent repr\u00e9senter une ou des clubs de C\u00f4te-d&rsquo;Or, de notre comp\u00e9tence territoriale et avoir r\u00e9gl\u00e9 la cotisation f\u00e9d\u00e9rale.<\/li>\n<li>Etre destin\u00e9 aux licenci\u00e9s FFK et pour une activit\u00e9 du ressort de la FFKDA, couverte par l\u2019assurance-licence FFK.<\/li>\n<li>Ne pas faire \u00e9tat de titres, grades, dipl\u00f4mes non officiels ou mensongers.<\/li>\n<\/ul>\n<p>[\/vc_column_text][\/vc_column][\/vc_row][vc_row][vc_column][vc_empty_space][\/vc_column][\/vc_row][vc_row][vc_column][vc_tta_tabs][vc_tta_section title=\u00a0\u00bbSaison 2025 &#8211; 2026&Prime; tab_id=\u00a0\u00bb1773825918082-c23b4310-0d92&Prime;][vc_row_inner][vc_column_inner width=\u00a0\u00bb1\/4&Prime;][vc_column_text]<img decoding=\"async\" class=\"wp-image-2130 alignleft\" src=\"https:\/\/sites.ffkarate.fr\/cotedor\/wp-content\/uploads\/sites\/34\/2020\/07\/KAM-DIJON-logo.png\" alt=\"\" width=\"107\" height=\"110\" \/>[\/vc_column_text][\/vc_column_inner][vc_column_inner width=\u00a0\u00bb2\/4&Prime;][vc_empty_space height=\u00a0\u00bb15px\u00a0\u00bb][vc_column_text]<\/p>\n<h2><span style=\"color: #dc2d5a\">KARAT\u00c9 ARTS MARTIAUX DIJON<\/span><\/h2>\n<h3><strong><span class=\"_2iem\">Championnat de France Semi-Contact FFKDA<\/span><strong><br \/>\n<\/strong><\/strong><\/h3>\n<div>De gauche a droit Ana\u00efs (coach), Dimitri (champion de France -60kg) et M\u00e9lia (3\u00e8me en -63kg)<\/div>\n<div>Cette ann\u00e9e nous avons donc un champion de France au club\u00a0<span id=\"m_-3484533883367082563m_2050218859283516756\ud83d\ude42\"><img decoding=\"async\" class=\"an1\" src=\"https:\/\/fonts.gstatic.com\/s\/e\/notoemoji\/17.0\/1f642\/32.png\" alt=\"\ud83d\ude42\" width=\"14\" height=\"14\" data-emoji=\"\ud83d\ude42\" aria-label=\"\ud83d\ude42\" \/><\/span><\/div>\n<div><span id=\"m_-3484533883367082563m_2050218859283516756\ud83d\ude42\"><br \/>\n<\/span><span style=\"color: #dc2d5a\"><a style=\"color: #dc2d5a\" href=\"http:\/\/www.kam.dijon.over-blog.com\/\" target=\"_blank\" rel=\"noopener\">www.kam.dijon.over-blog.com<\/a><\/span><br \/>\nDisciplines FFK :\u00a0<span style=\"color: #dc2d5a\">KARAT\u00c9 \/ K. D\u00c9FENSE \/ K. FULL CONTACT \/ K. MIX<\/span><\/div>\n<p>[\/vc_column_text][\/vc_column_inner][vc_column_inner width=\u00a0\u00bb1\/4&Prime;][vc_single_image image=\u00a0\u00bb7061&Prime;][\/vc_column_inner][\/vc_row_inner][\/vc_tta_section][\/vc_tta_tabs][\/vc_column][\/vc_row]<\/p>\n<\/div>","protected":false},"excerpt":{"rendered":"<p>[vc_row][vc_column bg_grey=\u00a0\u00bb1&Prime;][vc_column_text] Merci de lire attentivement Si toutes les conditions suivantes ne sont pas respect\u00e9es, les informations ne seront pas publi\u00e9es. Pour \u00eatre publi\u00e9 sur le site du CDK21, vos r\u00e9sultats doivent respecter la r\u00e9glementation et notamment respecter les conditions suivantes : Les athl\u00e8tes doivent repr\u00e9senter une ou des clubs de C\u00f4te-d&rsquo;Or, de notre comp\u00e9tence [&hellip;]<\/p>\n","protected":false},"author":47,"featured_media":0,"parent":6614,"menu_order":0,"comment_status":"closed","ping_status":"closed","template":"page-fullwidth.php","meta":{"footnotes":""},"class_list":["post-7050","page","type-page","status-publish","hentry"],"_links":{"self":[{"href":"https:\/\/sites.ffkarate.fr\/cotedor\/wp-json\/wp\/v2\/pages\/7050","targetHints":{"allow":["GET"]}}],"collection":[{"href":"https:\/\/sites.ffkarate.fr\/cotedor\/wp-json\/wp\/v2\/pages"}],"about":[{"href":"https:\/\/sites.ffkarate.fr\/cotedor\/wp-json\/wp\/v2\/types\/page"}],"author":[{"embeddable":true,"href":"https:\/\/sites.ffkarate.fr\/cotedor\/wp-json\/wp\/v2\/users\/47"}],"replies":[{"embeddable":true,"href":"https:\/\/sites.ffkarate.fr\/cotedor\/wp-json\/wp\/v2\/comments?post=7050"}],"version-history":[{"count":10,"href":"https:\/\/sites.ffkarate.fr\/cotedor\/wp-json\/wp\/v2\/pages\/7050\/revisions"}],"predecessor-version":[{"id":7070,"href":"https:\/\/sites.ffkarate.fr\/cotedor\/wp-json\/wp\/v2\/pages\/7050\/revisions\/7070"}],"up":[{"embeddable":true,"href":"https:\/\/sites.ffkarate.fr\/cotedor\/wp-json\/wp\/v2\/pages\/6614"}],"wp:attachment":[{"href":"https:\/\/sites.ffkarate.fr\/cotedor\/wp-json\/wp\/v2\/media?parent=7050"}],"curies":[{"name":"wp","href":"https:\/\/api.w.org\/{rel}","templated":true}]}}

Résultats des clubs

<div class="wpb-content-wrapper"><p>[vc_row][vc_column bg_grey= »1&Prime;][vc_column_text]</p>
<h2><strong>Merci de lire attentivement</strong></h2>
<p><strong>Si toutes les conditions suivantes ne sont pas respectées, les informations ne seront pas publiées.</strong></p>
<p>Pour être publié sur le site du CDK21, vos résultats doivent respecter la réglementation et notamment respecter les conditions suivantes :</p>
<ul>
<li>Les athlètes doivent représenter une ou des clubs de Côte-d&rsquo;Or, de notre compétence territoriale et avoir réglé la cotisation fédérale.</li>
<li>Etre destiné aux licenciés FFK et pour une activité du ressort de la FFKDA, couverte par l’assurance-licence FFK.</li>
<li>Ne pas faire état de titres, grades, diplômes non officiels ou mensongers.</li>
</ul>
<p>[/vc_column_text][/vc_column][/vc_row][vc_row][vc_column][vc_empty_space][/vc_column][/vc_row][vc_row][vc_column][vc_tta_tabs][vc_tta_section title= »Saison 2025 &#8211; 2026&Prime; tab_id= »1773825918082-c23b4310-0d92&Prime;][vc_row_inner][vc_column_inner width= »1/4&Prime;][vc_column_text]<img decoding="async" class="wp-image-2130 alignleft" src="https://sites.ffkarate.fr/cotedor/wp-content/uploads/sites/34/2020/07/KAM-DIJON-logo.png" alt="" width="107" height="110" />[/vc_column_text][/vc_column_inner][vc_column_inner width= »2/4&Prime;][vc_empty_space height= »15px »][vc_column_text]</p>
<h2><span style="color: #dc2d5a">KARATÉ ARTS MARTIAUX DIJON</span></h2>
<h3><strong><span class="_2iem">Championnat de France Semi-Contact FFKDA</span><strong><br />
</strong></strong></h3>
<div>De gauche a droit Anaïs (coach), Dimitri (champion de France -60kg) et Mélia (3ème en -63kg)</div>
<div>Cette année nous avons donc un champion de France au club <span id="m_-3484533883367082563m_2050218859283516756🙂"><img decoding="async" class="an1" src="https://fonts.gstatic.com/s/e/notoemoji/17.0/1f642/32.png" alt="🙂" width="14" height="14" data-emoji="🙂" aria-label="🙂" /></span></div>
<div><span id="m_-3484533883367082563m_2050218859283516756🙂"><br />
</span><span style="color: #dc2d5a"><a style="color: #dc2d5a" href="http://www.kam.dijon.over-blog.com/" target="_blank" rel="noopener">www.kam.dijon.over-blog.com</a></span><br />
Disciplines FFK : <span style="color: #dc2d5a">KARATÉ / K. DÉFENSE / K. FULL CONTACT / K. MIX</span></div>
<p>[/vc_column_text][/vc_column_inner][vc_column_inner width= »1/4&Prime;][vc_single_image image= »7061&Prime;][/vc_column_inner][/vc_row_inner][/vc_tta_section][/vc_tta_tabs][/vc_column][/vc_row]</p>
</div>

<p>[vc_row][vc_column bg_grey= »1&Prime;][vc_column_text] Merci de lire attentivement Si toutes les conditions suivantes ne sont pas respectées, les informations ne seront pas publiées. Pour être publié sur le site du CDK21, vos résultats doivent respecter la réglementation et notamment respecter les conditions suivantes : Les athlètes doivent représenter une ou des clubs de Côte-d&rsquo;Or, de notre compétence [&hellip;]</p>
