{"id":1618,"date":"2021-07-06T17:50:32","date_gmt":"2021-07-06T15:50:32","guid":{"rendered":"https:\/\/sites.ffkarate.fr\/doubs\/?page_id=1618"},"modified":"2021-07-07T12:55:55","modified_gmt":"2021-07-07T10:55:55","slug":"resultats-competitions-2021-07-04","status":"publish","type":"page","link":"https:\/\/sites.ffkarate.fr\/doubs\/resultats-competitions-2021-07-04\/","title":{"rendered":"R\u00e9sultats Comp\u00e9titions 2021-07-04"},"content":{"rendered":"<div class=\"wpb-content-wrapper\"><p>[vc_row][vc_column][vc_column_text]<\/p>\n<h1>Podiums de la comp\u00e9tition du 04\/07\/2021<\/h1>\n<p><a href=\"https:\/\/sites.ffkarate.fr\/doubs\/photos-2021-07-04\/\"><img decoding=\"async\" class=\"alignnone wp-image-1371\" src=\"https:\/\/sites.ffkarate.fr\/doubs\/wp-content\/uploads\/sites\/41\/2021\/03\/Bande-Film.jpg\" alt=\"\" width=\"174\" height=\"98\" \/><\/a><\/p>\n<p>&nbsp;<\/p>\n<p><img decoding=\"async\" class=\"alignnone wp-image-1641\" src=\"https:\/\/sites.ffkarate.fr\/doubs\/wp-content\/uploads\/sites\/41\/2021\/07\/Karate-dessin-2-300x300.png\" alt=\"\" width=\"110\" height=\"110\" srcset=\"https:\/\/sites.ffkarate.fr\/doubs\/wp-content\/uploads\/sites\/41\/2021\/07\/Karate-dessin-2-300x300.png 300w, https:\/\/sites.ffkarate.fr\/doubs\/wp-content\/uploads\/sites\/41\/2021\/07\/Karate-dessin-2-176x176.png 176w, https:\/\/sites.ffkarate.fr\/doubs\/wp-content\/uploads\/sites\/41\/2021\/07\/Karate-dessin-2-768x768.png 768w, https:\/\/sites.ffkarate.fr\/doubs\/wp-content\/uploads\/sites\/41\/2021\/07\/Karate-dessin-2-150x150.png 150w, https:\/\/sites.ffkarate.fr\/doubs\/wp-content\/uploads\/sites\/41\/2021\/07\/Karate-dessin-2.png 800w\" sizes=\"(max-width: 110px) 100vw, 110px\" \/><\/p>\n<h3>KATA f\u00e9minin minime<\/h3>\n<ul>\n<li>1\u00e8re : Agathe MOREL<\/li>\n<li>2\u00e8re : Mailynn VUILLEMIN<\/li>\n<li>3\u00e8me : Shayma ECHAMAA<\/li>\n<li>3\u00e8me : Sarra ELBASRAOUI<\/li>\n<\/ul>\n<p>&nbsp;<\/p>\n<h3>KATA f\u00e9minin benjamin<\/h3>\n<ul>\n<li>1\u00e8re : Audrey BRUN<\/li>\n<li>2\u00e8me : Eva GABRIEL<\/li>\n<li>3\u00e8me : Maryam ECHAMAA<\/li>\n<li>3\u00e8me : Rim MOUJAR NAFI<\/li>\n<\/ul>\n<p>&nbsp;<\/p>\n<h3>KATA f\u00e9minin pupille<\/h3>\n<ul>\n<li>1\u00e8re : Alice PHOMMAVONG<\/li>\n<li>2\u00e8me : N\u00e9v\u00e9ane NOUR MAURIS<\/li>\n<li>3\u00e8me : Laura CARITEY<\/li>\n<li>3\u00e8me : D\u00e9borah GABRIEL<\/li>\n<\/ul>\n<p>&nbsp;<\/p>\n<h3>KATA masculin minime<\/h3>\n<ul>\n<li>1er : Tristan GRUT<\/li>\n<li>2\u00e8me : Mohamed EL BOUAYADI<\/li>\n<li>3\u00e8me : Issa KADIRIC<\/li>\n<li>3\u00e8me : Titien SINS<\/li>\n<\/ul>\n<p>&nbsp;<\/p>\n<h3>KATA masculin benjamin<\/h3>\n<ul>\n<li>1er : Gabriel PHOMMAVONG<\/li>\n<li>2\u00e8me : Th\u00e9o CARITEY<\/li>\n<li>3\u00e8me : Reda SAKHRI<\/li>\n<li>3\u00e8me : Dawoud TAGUIA<\/li>\n<\/ul>\n<p>&nbsp;<\/p>\n<h3>KATA masculin pupilles<\/h3>\n<ul>\n<li>1er : Ibrahim EL BOUAYADI<\/li>\n<li>2\u00e8me : Zackaria TAGUIA<\/li>\n<li>3\u00e8me : Mohamed EL HAMMADI<\/li>\n<li>3\u00e8me :Mohamed Amine ZAIR<\/li>\n<\/ul>\n<p>&nbsp;<\/p>\n<p><img decoding=\"async\" class=\"alignnone wp-image-1530\" src=\"https:\/\/sites.ffkarate.fr\/doubs\/wp-content\/uploads\/sites\/41\/2021\/05\/Karate-dessin-300x150.png\" alt=\"\" width=\"300\" height=\"150\" srcset=\"https:\/\/sites.ffkarate.fr\/doubs\/wp-content\/uploads\/sites\/41\/2021\/05\/Karate-dessin-300x150.png 300w, https:\/\/sites.ffkarate.fr\/doubs\/wp-content\/uploads\/sites\/41\/2021\/05\/Karate-dessin-768x384.png 768w, https:\/\/sites.ffkarate.fr\/doubs\/wp-content\/uploads\/sites\/41\/2021\/05\/Karate-dessin.png 960w\" sizes=\"(max-width: 300px) 100vw, 300px\" \/><\/p>\n<h3>KUMITE f\u00e9minin minime -45 kg<\/h3>\n<ul>\n<li>1\u00e8re : Agathe MOREL<\/li>\n<li>2\u00e8me : Sarra BENDIFALLAH<\/li>\n<\/ul>\n<p>&nbsp;<\/p>\n<h3>KUMITE f\u00e9minin benjamin -45 kg<\/h3>\n<ul>\n<li>1\u00e8re : Rim MOUJAR NAFI<\/li>\n<li>2\u00e8me : Audrey BRUN<\/li>\n<li>3\u00e8me : Souha\u00efla BELLAFKIH<\/li>\n<\/ul>\n<p>&nbsp;<\/p>\n<h3>KUMITE f\u00e9minin benjamin -40 kg<\/h3>\n<ul>\n<li>1\u00e9re : Maryam ECHAMAA<\/li>\n<li>2\u00e8me : Youssra ALLOUCH<\/li>\n<li>3\u00e8me : Secil CIFCI<\/li>\n<li>3\u00e8me : Eva GABRIEL<\/li>\n<\/ul>\n<h3>KUMITE f\u00e9minin pupille -40 kg<\/h3>\n<ul>\n<li>1\u00e8re : Laura CARITEY<\/li>\n<li>2\u00e8me : Lilou GOTTWALD<\/li>\n<li>3\u00e8me : N\u00e9v\u00e9ane NOUR MAURIS<\/li>\n<li>3\u00e8me : Menel TAIATI<\/li>\n<\/ul>\n<p>&nbsp;<\/p>\n<h3>KUMITE f\u00e9minin pupille -30 kg<\/h3>\n<ul>\n<li>1\u00e8re : Myriam ELOUARDI<\/li>\n<li>2\u00e8me : Inaya TOUZANI<\/li>\n<li>3\u00e8me : Alice PHOMMAVONG<\/li>\n<\/ul>\n<p>&nbsp;<\/p>\n<h3>KUMITE masculin minime -65 kg<\/h3>\n<ul>\n<li>1er : Mehdi BERGOUG<\/li>\n<li>2\u00e8me : Lazhar BOUHADJEINE<\/li>\n<li>3\u00e8me : Mohamed AOUNI<\/li>\n<\/ul>\n<p>&nbsp;<\/p>\n<h3>KUMITE masculin minime -55 kg<\/h3>\n<ul>\n<li>1er : Tristan GRUT<\/li>\n<li>2\u00e8me : Issa KADIRIC<\/li>\n<\/ul>\n<p>&nbsp;<\/p>\n<h3>KUMITE masculin minime -50 kg<\/h3>\n<ul>\n<li>1er : Salah HASSAINE<\/li>\n<li>2\u00e8me : Yesri HAIDAR<\/li>\n<li>3\u00e8me : Ibrahim GHARBI<\/li>\n<li>3\u00e8me : Titien SINS<\/li>\n<\/ul>\n<p>&nbsp;<\/p>\n<h3>KUMITE masculin minime -45 kg<\/h3>\n<ul>\n<li>1er : Haceyne MECHAI<\/li>\n<li>2\u00e8me : Mohamed EL BOUAYADI<\/li>\n<li>3\u00e8me : Ilias GHAZALI<\/li>\n<\/ul>\n<p>&nbsp;<\/p>\n<h3>KUMITE masculin benjamin -55 kg<\/h3>\n<ul>\n<li>1er : Wassim SIOUANE<\/li>\n<li>2\u00e8me : Steban RICHARD<\/li>\n<\/ul>\n<p>&nbsp;<\/p>\n<h3>KUMITE masculin benjamin -50 kg<\/h3>\n<ul>\n<li>1er : Dawoud TAGUIA<\/li>\n<li>2\u00e8me : Reda SAKHRI<\/li>\n<\/ul>\n<p>&nbsp;<\/p>\n<h3>KUMITE masculin benjamin -45 kg<\/h3>\n<ul>\n<li>1er : Bilal GHARBI<\/li>\n<li>2\u00e8me : Nazim BOUHADJEINE<\/li>\n<li>3\u00e8me : Ebubekir CAKICI<\/li>\n<li>3\u00e8me : Thimot\u00e9 CREPIN<\/li>\n<\/ul>\n<p>&nbsp;<\/p>\n<h3>KUMITE masculin benjamin -40 kg<\/h3>\n<ul>\n<li>1er : Bilal BENDIFALLAH<\/li>\n<li>2\u00e8me : Gabriel PHOMMAVONG<\/li>\n<li>3\u00e8me : Th\u00e9o CARITEY<\/li>\n<li>3\u00e8me : Isamedin HASAN<\/li>\n<\/ul>\n<p>&nbsp;<\/p>\n<h3>KUMITE masculin pupille -45 kg<\/h3>\n<ul>\n<li>1er : Ayoub DARIF<\/li>\n<li>2\u00e8me : Amine CHRAIBI<\/li>\n<li>3\u00e8me : Bilal BOUKERCHE<\/li>\n<li>3\u00e8me : Omer-Ali SENTURK<\/li>\n<\/ul>\n<p>&nbsp;<\/p>\n<h3>KUMITE masculin pupille -35 kg<\/h3>\n<ul>\n<li>1er : Ibrahim EL BOUAYADI<\/li>\n<li>2\u00e8me : Mohamed EL HAMMADI<\/li>\n<li>3\u00e8me : Diyaeddine MECHAI<\/li>\n<li>3\u00e8me : Khalil YUGO<\/li>\n<\/ul>\n<p>&nbsp;<\/p>\n<h3>KUMITE masculin pupille -30 kg<\/h3>\n<ul>\n<li>1er : Mohamed Amine ZAIR<\/li>\n<li>2\u00e8me : Sabri HAIDAR<\/li>\n<li>3\u00e8me : Enes CIFCI<\/li>\n<\/ul>\n<p>&nbsp;<\/p>\n<h3>KUMITE mixte poussin -30 kg<\/h3>\n<ul>\n<li>1er : Adam ECHAMAA<\/li>\n<li>2\u00e8me : D\u00e9borah GABRIEL<\/li>\n<li>3\u00e8me : Nada SIOUANE<\/li>\n<\/ul>\n<p>[\/vc_column_text][\/vc_column][\/vc_row]<\/p>\n<\/div>","protected":false},"excerpt":{"rendered":"<p>[vc_row][vc_column][vc_column_text] Podiums de la comp\u00e9tition du 04\/07\/2021 &nbsp; KATA f\u00e9minin minime 1\u00e8re : Agathe MOREL 2\u00e8re : Mailynn VUILLEMIN 3\u00e8me : Shayma ECHAMAA 3\u00e8me : Sarra ELBASRAOUI &nbsp; KATA f\u00e9minin benjamin 1\u00e8re : Audrey BRUN 2\u00e8me : Eva GABRIEL 3\u00e8me : Maryam ECHAMAA 3\u00e8me : Rim MOUJAR NAFI &nbsp; KATA f\u00e9minin pupille 1\u00e8re : Alice [&hellip;]<\/p>\n","protected":false},"author":83,"featured_media":0,"parent":0,"menu_order":0,"comment_status":"closed","ping_status":"closed","template":"","meta":{"footnotes":""},"class_list":["post-1618","page","type-page","status-publish","hentry"],"_links":{"self":[{"href":"https:\/\/sites.ffkarate.fr\/doubs\/wp-json\/wp\/v2\/pages\/1618","targetHints":{"allow":["GET"]}}],"collection":[{"href":"https:\/\/sites.ffkarate.fr\/doubs\/wp-json\/wp\/v2\/pages"}],"about":[{"href":"https:\/\/sites.ffkarate.fr\/doubs\/wp-json\/wp\/v2\/types\/page"}],"author":[{"embeddable":true,"href":"https:\/\/sites.ffkarate.fr\/doubs\/wp-json\/wp\/v2\/users\/83"}],"replies":[{"embeddable":true,"href":"https:\/\/sites.ffkarate.fr\/doubs\/wp-json\/wp\/v2\/comments?post=1618"}],"version-history":[{"count":11,"href":"https:\/\/sites.ffkarate.fr\/doubs\/wp-json\/wp\/v2\/pages\/1618\/revisions"}],"predecessor-version":[{"id":1691,"href":"https:\/\/sites.ffkarate.fr\/doubs\/wp-json\/wp\/v2\/pages\/1618\/revisions\/1691"}],"wp:attachment":[{"href":"https:\/\/sites.ffkarate.fr\/doubs\/wp-json\/wp\/v2\/media?parent=1618"}],"curies":[{"name":"wp","href":"https:\/\/api.w.org\/{rel}","templated":true}]}}