{"id":3160,"date":"2023-05-15T08:00:39","date_gmt":"2023-05-15T06:00:39","guid":{"rendered":"https:\/\/sites.ffkarate.fr\/doubs\/?page_id=3160"},"modified":"2023-05-15T08:04:15","modified_gmt":"2023-05-15T06:04:15","slug":"krav-maga-event-2023","status":"publish","type":"page","link":"https:\/\/sites.ffkarate.fr\/doubs\/krav-maga-event-2023\/","title":{"rendered":"Krav Maga event 2023"},"content":{"rendered":"<div class=\"wpb-content-wrapper\"><p>[vc_row][vc_column][vc_single_image image=\u00a0\u00bb3140&Prime; link=\u00a0\u00bbhttps:\/\/sites.ffkarate.fr\/doubs\/wp-content\/uploads\/sites\/41\/2023\/05\/IMG_20230514_211905.jpg\u00a0\u00bb onclick=\u00a0\u00bbcustom_link\u00a0\u00bb][\/vc_column][\/vc_row][vc_row][vc_column width=\u00a0\u00bb1\/4&Prime;][vc_single_image image=\u00a0\u00bb3148&Prime; link=\u00a0\u00bbhttps:\/\/sites.ffkarate.fr\/doubs\/wp-content\/uploads\/sites\/41\/2023\/05\/IMG_20230514_211910.jpg\u00a0\u00bb onclick=\u00a0\u00bbcustom_link\u00a0\u00bb][\/vc_column][vc_column width=\u00a0\u00bb1\/2&Prime;][vc_column_text]Intervention de Fabien Paumier, 4e dan, responsable technique Krav Maga de la ligue Bourgogne Franche-Comt\u00e9 au sein du Club Vesontio Krav-Maga. Cette s\u00e9ance s&rsquo;est d\u00e9roul\u00e9e dans un esprit de partage, de technicit\u00e9 et de r\u00e9alisme.<\/p>\n<p>Je remercie tous les participants, mes \u00e9l\u00e8ves du club Vesontio Krav-Maga, ainsi les \u00e9l\u00e8ves du club de Krav-Maga de Clerval, mes deux amis, Azzedine 3e dan de karat\u00e9 ainsi que le Dr Galleze, qui est \u00e9galement m\u00e9decin f\u00e9d\u00e9ral aupr\u00e8s de la FFKDA. C&rsquo;est une tr\u00e8s belle initiative du Vesontio Krav-Maga pour promouvoir le Krav-Maga en Franche-Comt\u00e9, et bien s\u00fbr \u00e0 renouveler. Merci encore \u00e0 Azzedine 3e dan de Karat\u00e9, \u00e0 Fabien 4e dan de Krav Maga et Dr Galleze m\u00e9decin officiel de la FFKDA<\/p>\n<p>A bient\u00f4t.<\/p>\n<p>Marc Chibani.[\/vc_column_text][\/vc_column][vc_column width=\u00a0\u00bb1\/4&Prime;][vc_single_image image=\u00a0\u00bb3149&Prime; link=\u00a0\u00bbhttps:\/\/sites.ffkarate.fr\/doubs\/wp-content\/uploads\/sites\/41\/2023\/05\/IMG_20230514_211913.jpg\u00a0\u00bb onclick=\u00a0\u00bbcustom_link\u00a0\u00bb][\/vc_column][\/vc_row][vc_row][vc_column width=\u00a0\u00bb1\/5&Prime;][vc_single_image image=\u00a0\u00bb3150&Prime; link=\u00a0\u00bbhttps:\/\/sites.ffkarate.fr\/doubs\/wp-content\/uploads\/sites\/41\/2023\/05\/IMG_20230514_211917.jpg\u00a0\u00bb][\/vc_column][vc_column width=\u00a0\u00bb1\/5&Prime;][vc_single_image image=\u00a0\u00bb3151&Prime; link=\u00a0\u00bbhttps:\/\/sites.ffkarate.fr\/doubs\/wp-content\/uploads\/sites\/41\/2023\/05\/IMG_20230514_211920.jpg\u00a0\u00bb][\/vc_column][vc_column width=\u00a0\u00bb1\/5&Prime;][vc_single_image image=\u00a0\u00bb3152&Prime; link=\u00a0\u00bbhttps:\/\/sites.ffkarate.fr\/doubs\/wp-content\/uploads\/sites\/41\/2023\/05\/IMG_20230514_211924.jpg\u00a0\u00bb][\/vc_column][vc_column width=\u00a0\u00bb1\/5&Prime;][vc_single_image image=\u00a0\u00bb3153&Prime; link=\u00a0\u00bbhttps:\/\/sites.ffkarate.fr\/doubs\/wp-content\/uploads\/sites\/41\/2023\/05\/IMG_20230514_211927.jpg\u00a0\u00bb][\/vc_column][vc_column width=\u00a0\u00bb1\/5&Prime;][vc_single_image image=\u00a0\u00bb3154&Prime; link=\u00a0\u00bbhttps:\/\/sites.ffkarate.fr\/doubs\/wp-content\/uploads\/sites\/41\/2023\/05\/IMG_20230514_211930.jpg\u00a0\u00bb][\/vc_column][\/vc_row][vc_row][vc_column][vc_column_text]<\/p>\n<p style=\"text-align: center\">Travail sur parade contre attaque arme blanche de haut en bas avec cl\u00e9 de bras\/ frappe puis amener en ventrale par l instructeur f\u00e9d\u00e9ral, 3e Dan, Marc Chibani.<\/p>\n<p>[\/vc_column_text][\/vc_column][\/vc_row]<\/p>\n<\/div>","protected":false},"excerpt":{"rendered":"<p>[vc_row][vc_column][vc_single_image image=\u00a0\u00bb3140&Prime; link=\u00a0\u00bbhttps:\/\/sites.ffkarate.fr\/doubs\/wp-content\/uploads\/sites\/41\/2023\/05\/IMG_20230514_211905.jpg\u00a0\u00bb onclick=\u00a0\u00bbcustom_link\u00a0\u00bb][\/vc_column][\/vc_row][vc_row][vc_column width=\u00a0\u00bb1\/4&Prime;][vc_single_image image=\u00a0\u00bb3148&Prime; link=\u00a0\u00bbhttps:\/\/sites.ffkarate.fr\/doubs\/wp-content\/uploads\/sites\/41\/2023\/05\/IMG_20230514_211910.jpg\u00a0\u00bb onclick=\u00a0\u00bbcustom_link\u00a0\u00bb][\/vc_column][vc_column width=\u00a0\u00bb1\/2&Prime;][vc_column_text]Intervention de Fabien Paumier, 4e dan, responsable technique Krav Maga de la ligue Bourgogne Franche-Comt\u00e9 au sein du Club Vesontio Krav-Maga. Cette s\u00e9ance s&rsquo;est d\u00e9roul\u00e9e dans un esprit de partage, de technicit\u00e9 et de r\u00e9alisme. Je remercie tous les participants, mes \u00e9l\u00e8ves du club Vesontio Krav-Maga, ainsi [&hellip;]<\/p>\n","protected":false},"author":83,"featured_media":0,"parent":0,"menu_order":0,"comment_status":"closed","ping_status":"closed","template":"page-fullwidth.php","meta":{"footnotes":""},"class_list":["post-3160","page","type-page","status-publish","hentry"],"_links":{"self":[{"href":"https:\/\/sites.ffkarate.fr\/doubs\/wp-json\/wp\/v2\/pages\/3160","targetHints":{"allow":["GET"]}}],"collection":[{"href":"https:\/\/sites.ffkarate.fr\/doubs\/wp-json\/wp\/v2\/pages"}],"about":[{"href":"https:\/\/sites.ffkarate.fr\/doubs\/wp-json\/wp\/v2\/types\/page"}],"author":[{"embeddable":true,"href":"https:\/\/sites.ffkarate.fr\/doubs\/wp-json\/wp\/v2\/users\/83"}],"replies":[{"embeddable":true,"href":"https:\/\/sites.ffkarate.fr\/doubs\/wp-json\/wp\/v2\/comments?post=3160"}],"version-history":[{"count":4,"href":"https:\/\/sites.ffkarate.fr\/doubs\/wp-json\/wp\/v2\/pages\/3160\/revisions"}],"predecessor-version":[{"id":3164,"href":"https:\/\/sites.ffkarate.fr\/doubs\/wp-json\/wp\/v2\/pages\/3160\/revisions\/3164"}],"wp:attachment":[{"href":"https:\/\/sites.ffkarate.fr\/doubs\/wp-json\/wp\/v2\/media?parent=3160"}],"curies":[{"name":"wp","href":"https:\/\/api.w.org\/{rel}","templated":true}]}}