{"id":672,"date":"2020-12-04T08:30:18","date_gmt":"2020-12-04T07:30:18","guid":{"rendered":"https:\/\/sites.ffkarate.fr\/doubs\/?page_id=672"},"modified":"2020-12-04T08:30:18","modified_gmt":"2020-12-04T07:30:18","slug":"club-0250009","status":"publish","type":"page","link":"https:\/\/sites.ffkarate.fr\/doubs\/club-0250009\/","title":{"rendered":"Club 0250009"},"content":{"rendered":"<div class=\"wpb-content-wrapper\"><p>[vc_row][vc_column][vc_column_text]<\/p>\n<table>\n<colgroup>\n<col span=\"1\" style=\"width:140px\">\n<col span=\"2\">\n  <\/colgroup>\n<tbody>\n<tr>\n<td>N\u00b0 du club :           <\/td>\n<td>0250009<\/td>\n<\/tr>\n<tr>\n<td>Nom du club :          <\/td>\n<td>DOJO FRANC-COMTOIS<\/td>\n<\/tr>\n<tr style=\"height:16px\">\n<td><\/td>\n<td><\/td>\n<\/tr>\n<tr>\n<td>Correspondant :        <\/td>\n<td>Bonsey Nicolas BAKENDA<\/td>\n<\/tr>\n<tr>\n<td>Adresse :              <\/td>\n<td>15 Q rue Tristan Bernard, 25000 Besan\u00e7on<\/td>\n<\/tr>\n<tr>\n<td>eMail :                <\/td>\n<td><a href=\"mailto:bakendan@gmail.com\">bakendan@gmail.com<\/a><\/td>\n<\/tr>\n<tr>\n<td>T\u00e9l :                  <\/td>\n<td>06 88 86 56 44<\/td>\n<\/tr>\n<tr style=\"height:16px\">\n<td><\/td>\n<td><\/td>\n<\/tr>\n<tr>\n<td>Site Internet :        <\/td>\n<td>aucun<\/td>\n<\/tr>\n<\/tbody>\n<\/table>\n<p><a href=\"https:\/\/sites.ffkarate.fr\/doubs\/liste-des-clubs\/\">Retour \u00e0 la liste des clubs<\/a>[\/vc_column_text][\/vc_column][\/vc_row]<\/p>\n<\/div>","protected":false},"excerpt":{"rendered":"<p>[vc_row][vc_column][vc_column_text] N\u00b0 du club : 0250009 Nom du club : DOJO FRANC-COMTOIS Correspondant : Bonsey Nicolas BAKENDA Adresse : 15 Q rue Tristan Bernard, 25000 Besan\u00e7on eMail : bakendan@gmail.com T\u00e9l : 06 88 86 56 44 Site Internet : aucun Retour \u00e0 la liste des clubs[\/vc_column_text][\/vc_column][\/vc_row]<\/p>\n","protected":false},"author":83,"featured_media":0,"parent":0,"menu_order":0,"comment_status":"closed","ping_status":"closed","template":"","meta":{"footnotes":""},"class_list":["post-672","page","type-page","status-publish","hentry"],"_links":{"self":[{"href":"https:\/\/sites.ffkarate.fr\/doubs\/wp-json\/wp\/v2\/pages\/672","targetHints":{"allow":["GET"]}}],"collection":[{"href":"https:\/\/sites.ffkarate.fr\/doubs\/wp-json\/wp\/v2\/pages"}],"about":[{"href":"https:\/\/sites.ffkarate.fr\/doubs\/wp-json\/wp\/v2\/types\/page"}],"author":[{"embeddable":true,"href":"https:\/\/sites.ffkarate.fr\/doubs\/wp-json\/wp\/v2\/users\/83"}],"replies":[{"embeddable":true,"href":"https:\/\/sites.ffkarate.fr\/doubs\/wp-json\/wp\/v2\/comments?post=672"}],"version-history":[{"count":0,"href":"https:\/\/sites.ffkarate.fr\/doubs\/wp-json\/wp\/v2\/pages\/672\/revisions"}],"wp:attachment":[{"href":"https:\/\/sites.ffkarate.fr\/doubs\/wp-json\/wp\/v2\/media?parent=672"}],"curies":[{"name":"wp","href":"https:\/\/api.w.org\/{rel}","templated":true}]}}