{"id":876,"date":"2020-12-07T10:49:18","date_gmt":"2020-12-07T09:49:18","guid":{"rendered":"https:\/\/sites.ffkarate.fr\/doubs\/?page_id=876"},"modified":"2020-12-07T10:49:18","modified_gmt":"2020-12-07T09:49:18","slug":"club-0250655","status":"publish","type":"page","link":"https:\/\/sites.ffkarate.fr\/doubs\/club-0250655\/","title":{"rendered":"Club 0250655"},"content":{"rendered":"<div class=\"wpb-content-wrapper\"><p>[vc_row][vc_column][vc_column_text]<\/p>\n<table>\n<colgroup>\n<col span=\"1\" style=\"width:140px\">\n<col span=\"2\">\n  <\/colgroup>\n<tbody>\n<tr>\n<td>N\u00b0 du club :           <\/td>\n<td>0250655<\/td>\n<\/tr>\n<tr>\n<td>Nom du club :          <\/td>\n<td>HUNG GAR KUNGFU BESANCON<\/td>\n<\/tr>\n<tr style=\"height:16px\">\n<td><\/td>\n<td><\/td>\n<\/tr>\n<tr>\n<td>Correspondant :        <\/td>\n<td>Emilie MUZY<\/td>\n<\/tr>\n<tr>\n<td>Adresse :              <\/td>\n<td>14 avenue Fontaine Ecu, 25000 Besan\u00e7on<\/td>\n<\/tr>\n<tr>\n<td>eMail :                <\/td>\n<td><a href=\"mailto:sylvain.plancon@wanadoo.fr\">sylvain.plancon@wanadoo.fr<\/a><\/td>\n<\/tr>\n<tr>\n<td>T\u00e9l :                  <\/td>\n<td>06 08 34 92 35<\/td>\n<\/tr>\n<tr style=\"height:16px\">\n<td><\/td>\n<td><\/td>\n<\/tr>\n<tr>\n<td>Site Internet :        <\/td>\n<td>aucun<\/td>\n<\/tr>\n<\/tbody>\n<\/table>\n<p><a href=\"https:\/\/sites.ffkarate.fr\/doubs\/liste-des-clubs\/\">Retour \u00e0 la liste des clubs<\/a>[\/vc_column_text][\/vc_column][\/vc_row]<\/p>\n<\/div>","protected":false},"excerpt":{"rendered":"<p>[vc_row][vc_column][vc_column_text] N\u00b0 du club : 0250655 Nom du club : HUNG GAR KUNGFU BESANCON Correspondant : Emilie MUZY Adresse : 14 avenue Fontaine Ecu, 25000 Besan\u00e7on eMail : sylvain.plancon@wanadoo.fr T\u00e9l : 06 08 34 92 35 Site Internet : aucun Retour \u00e0 la liste des clubs[\/vc_column_text][\/vc_column][\/vc_row]<\/p>\n","protected":false},"author":83,"featured_media":0,"parent":0,"menu_order":0,"comment_status":"closed","ping_status":"closed","template":"","meta":{"footnotes":""},"class_list":["post-876","page","type-page","status-publish","hentry"],"_links":{"self":[{"href":"https:\/\/sites.ffkarate.fr\/doubs\/wp-json\/wp\/v2\/pages\/876","targetHints":{"allow":["GET"]}}],"collection":[{"href":"https:\/\/sites.ffkarate.fr\/doubs\/wp-json\/wp\/v2\/pages"}],"about":[{"href":"https:\/\/sites.ffkarate.fr\/doubs\/wp-json\/wp\/v2\/types\/page"}],"author":[{"embeddable":true,"href":"https:\/\/sites.ffkarate.fr\/doubs\/wp-json\/wp\/v2\/users\/83"}],"replies":[{"embeddable":true,"href":"https:\/\/sites.ffkarate.fr\/doubs\/wp-json\/wp\/v2\/comments?post=876"}],"version-history":[{"count":0,"href":"https:\/\/sites.ffkarate.fr\/doubs\/wp-json\/wp\/v2\/pages\/876\/revisions"}],"wp:attachment":[{"href":"https:\/\/sites.ffkarate.fr\/doubs\/wp-json\/wp\/v2\/media?parent=876"}],"curies":[{"name":"wp","href":"https:\/\/api.w.org\/{rel}","templated":true}]}}