{"id":1853,"date":"2015-01-12T16:05:20","date_gmt":"2015-01-12T16:05:20","guid":{"rendered":"https:\/\/sites.ffkarate.fr\/testclone\/?page_id=101"},"modified":"2025-11-16T17:54:42","modified_gmt":"2025-11-16T16:54:42","slug":"galeries-photos","status":"publish","type":"page","link":"https:\/\/sites.ffkarate.fr\/dromeardeche\/galeries-photos\/","title":{"rendered":"Galeries photos"},"content":{"rendered":"<div class=\"wpb-content-wrapper\"><p>[vc_row][vc_column][vc_gallery images=\u00a0\u00bb4027,4028,4036,4035,4034,4033,4032,4031,4030,4029&Prime; title=\u00a0\u00bbStage multidisciplinaire du samedi 15 novembre 2025&Prime;][vc_gallery images=\u00a0\u00bb3947,3948,3949&Prime; title=\u00a0\u00bbStage de karat\u00e9 d\u00e9fense r\u00e9serv\u00e9 aux f\u00e9minines : sous la direction de Juanita GARDIER 5\u00e8me Dan &amp; Marina GARDIER 3\u00e8me Dan\u00a0\u00bb][vc_gallery images=\u00a0\u00bb3942,3935&Prime; title=\u00a0\u00bbAssembl\u00e9e G\u00e9n\u00e9rale du 18 octobre 2025&Prime;][vc_gallery images=\u00a0\u00bb3936&Prime; title=\u00a0\u00bbRemise des dipl\u00f4mes DAF\/DIF saison 2024\/2025&Prime;][vc_column_text]Retour sur le stage de karat\u00e9 Wado-Ryu de l&rsquo;Ascension, en hommage \u00e0 Sense\u00ef Hiroji Fukazawa : mai 2025[\/vc_column_text][vc_gallery images=\u00a0\u00bb3761,3758,3757,3756&Prime;][vc_column_text]<\/p>\n<h2 class=\"wpb_heading wpb_gallery_heading\">Stage de pr\u00e9partion aux grades du 1er au 4\u00e8me Dan \u00e0 Pierrelatte le 24 mai 2025<\/h2>\n<p>[\/vc_column_text][vc_gallery images=\u00a0\u00bb3766,3767,3768,3769,3770,3771&Prime;][vc_column_text]Mont\u00e9limar : Stage de karat\u00e9 sant\u00e9 du 05\/04\/2025 avec Bruno Russo[\/vc_column_text][vc_gallery images=\u00a0\u00bb3713,3714,3715,3716,3717,3718,3719,3720,3721,3722,3723,3724,3725&Prime;][vc_column_text]Stage de karat\u00e9 du 15 mars 2025 sous la direction de Josy Gardier 7\u00e8me Dan expert r\u00e9gional.[\/vc_column_text][vc_gallery images=\u00a0\u00bb3632,3633,3631,3630&Prime;][vc_column_text]Participation associative des candidats \u00e0 l&rsquo;examen du DAF\/DIF. Challenge Jean Collomb du 29\/03\/2025<\/p>\n<p><img decoding=\"async\" class=\"alignnone size-medium wp-image-3777\" src=\"https:\/\/sites.ffkarate.fr\/dromeardeche\/wp-content\/uploads\/sites\/40\/2025\/06\/Le-goupe-DAF-DIF-29-03-25-300x225.png\" alt=\"\" width=\"300\" height=\"225\" srcset=\"https:\/\/sites.ffkarate.fr\/dromeardeche\/wp-content\/uploads\/sites\/40\/2025\/06\/Le-goupe-DAF-DIF-29-03-25-300x225.png 300w, https:\/\/sites.ffkarate.fr\/dromeardeche\/wp-content\/uploads\/sites\/40\/2025\/06\/Le-goupe-DAF-DIF-29-03-25-768x576.png 768w, https:\/\/sites.ffkarate.fr\/dromeardeche\/wp-content\/uploads\/sites\/40\/2025\/06\/Le-goupe-DAF-DIF-29-03-25-400x300.png 400w, https:\/\/sites.ffkarate.fr\/dromeardeche\/wp-content\/uploads\/sites\/40\/2025\/06\/Le-goupe-DAF-DIF-29-03-25.png 843w\" sizes=\"(max-width: 300px) 100vw, 300px\" \/>[\/vc_column_text][vc_column_text]F\u00e9licitations \u00e0 C\u00e9line Carrobourg pour sa r\u00e9ussite \u00e0 l&rsquo;examen d&rsquo;arbitre National (A) Kumit\u00e9 !<\/p>\n<p><img decoding=\"async\" class=\"alignnone size-full wp-image-3729\" src=\"https:\/\/sites.ffkarate.fr\/dromeardeche\/wp-content\/uploads\/sites\/40\/2025\/04\/2-1.png\" alt=\"\" width=\"109\" height=\"298\" \/> <img decoding=\"async\" class=\"alignnone size-medium wp-image-3584\" src=\"https:\/\/sites.ffkarate.fr\/dromeardeche\/wp-content\/uploads\/sites\/40\/2025\/03\/Diplome-arbitre-national-Celine-300x236.png\" alt=\"\" width=\"300\" height=\"236\" srcset=\"https:\/\/sites.ffkarate.fr\/dromeardeche\/wp-content\/uploads\/sites\/40\/2025\/03\/Diplome-arbitre-national-Celine-300x236.png 300w, https:\/\/sites.ffkarate.fr\/dromeardeche\/wp-content\/uploads\/sites\/40\/2025\/03\/Diplome-arbitre-national-Celine.png 421w\" sizes=\"(max-width: 300px) 100vw, 300px\" \/>[\/vc_column_text][vc_column_text]Les arbitres de Dr\u00f4me\/Ard\u00e8che au championnat de la ligue AURA \u00e0 Mont\u00e9limar<\/p>\n<p>Romaric JEAN \/ C\u00e9line CARROBOURG \/ M\u00e9line JEAN[\/vc_column_text][vc_gallery images=\u00a0\u00bb3597,3598,3599&Prime;][vc_column_text]Participation du club de Wado Ryu Karat\u00e9 Annonay \u00e0 la coupe de France Wado \u00e0 Andrezieux boutheon 42[\/vc_column_text][vc_gallery images=\u00a0\u00bb3563,3562,3561,3560,3559,3558&Prime;][vc_column_text]Stage de pr\u00e9paration aux grades du 1er au 4\u00e8me Dan<\/p>\n<p><img decoding=\"async\" class=\"alignnone size-medium wp-image-3650\" src=\"https:\/\/sites.ffkarate.fr\/dromeardeche\/wp-content\/uploads\/sites\/40\/2025\/03\/Stage-de-peparation-aux-grades-du-30-11-24--300x178.png\" alt=\"\" width=\"300\" height=\"178\" srcset=\"https:\/\/sites.ffkarate.fr\/dromeardeche\/wp-content\/uploads\/sites\/40\/2025\/03\/Stage-de-peparation-aux-grades-du-30-11-24--300x178.png 300w, https:\/\/sites.ffkarate.fr\/dromeardeche\/wp-content\/uploads\/sites\/40\/2025\/03\/Stage-de-peparation-aux-grades-du-30-11-24--768x455.png 768w, https:\/\/sites.ffkarate.fr\/dromeardeche\/wp-content\/uploads\/sites\/40\/2025\/03\/Stage-de-peparation-aux-grades-du-30-11-24-.png 800w\" sizes=\"(max-width: 300px) 100vw, 300px\" \/>[\/vc_column_text][\/vc_column][\/vc_row][vc_row][vc_column][vc_column_text]Stage karat\u00e9 d\u00e9fense f\u00e9minin du 24\/11\/2024 sous la direction de Juanita et Marina Gardier[\/vc_column_text][vc_gallery images=\u00a0\u00bb3442,3443,3444,3445,3446,3447&Prime;][\/vc_column][\/vc_row][vc_row][vc_column][vc_column_text]Stage multidisciplinaire du 30\/11\/2024 Intervenants :(HERVE VIALETTE &gt;&gt;&gt;KARAT\u00c9 BRISSON J\u00c9R\u00d4ME &gt;&gt;&gt; YOSEIKAN NOL VICENT &gt;&gt;&gt; VOVINAM MAGALIE COLLOMB &gt;&gt;&gt; NAMBUDO[\/vc_column_text][vc_gallery images=\u00a0\u00bb3457,3456,3455,3454,3453,3452,3451,3450,3449&Prime;][\/vc_column][\/vc_row][vc_row][vc_column][vc_video link=\u00a0\u00bbhttps:\/\/youtu.be\/qh5xKJnCiLo?si=SvooDhBz8c36SDWz\u00a0\u00bb align=\u00a0\u00bbcenter\u00a0\u00bb title=\u00a0\u00bbOpen interd\u00e9partementale Kata\/Kumit\u00e9 &#8211; 6 avril 2024 &#8211; St Paul 3 Ch\u00e2teaux\u00a0\u00bb][vc_column_text]Saison 2022\/2023<\/p>\n<p>Assembl\u00e9e G\u00e9n\u00e9rale<\/p>\n<p><img decoding=\"async\" class=\"alignnone size-medium wp-image-2428\" src=\"https:\/\/sites.ffkarate.fr\/dromeardeche\/wp-content\/uploads\/sites\/40\/2022\/10\/AG-du-01-10-2022-2-300x225.jpg\" alt=\"\" width=\"300\" height=\"225\" srcset=\"https:\/\/sites.ffkarate.fr\/dromeardeche\/wp-content\/uploads\/sites\/40\/2022\/10\/AG-du-01-10-2022-2-300x225.jpg 300w, https:\/\/sites.ffkarate.fr\/dromeardeche\/wp-content\/uploads\/sites\/40\/2022\/10\/AG-du-01-10-2022-2-1024x768.jpg 1024w, https:\/\/sites.ffkarate.fr\/dromeardeche\/wp-content\/uploads\/sites\/40\/2022\/10\/AG-du-01-10-2022-2-768x576.jpg 768w, https:\/\/sites.ffkarate.fr\/dromeardeche\/wp-content\/uploads\/sites\/40\/2022\/10\/AG-du-01-10-2022-2-400x300.jpg 400w, https:\/\/sites.ffkarate.fr\/dromeardeche\/wp-content\/uploads\/sites\/40\/2022\/10\/AG-du-01-10-2022-2.jpg 1080w\" sizes=\"(max-width: 300px) 100vw, 300px\" \/><img decoding=\"async\" class=\"alignnone size-medium wp-image-2427\" src=\"https:\/\/sites.ffkarate.fr\/dromeardeche\/wp-content\/uploads\/sites\/40\/2022\/10\/AG-du-01-10-2022-1-300x225.jpg\" alt=\"\" width=\"300\" height=\"225\" srcset=\"https:\/\/sites.ffkarate.fr\/dromeardeche\/wp-content\/uploads\/sites\/40\/2022\/10\/AG-du-01-10-2022-1-300x225.jpg 300w, https:\/\/sites.ffkarate.fr\/dromeardeche\/wp-content\/uploads\/sites\/40\/2022\/10\/AG-du-01-10-2022-1-1024x768.jpg 1024w, https:\/\/sites.ffkarate.fr\/dromeardeche\/wp-content\/uploads\/sites\/40\/2022\/10\/AG-du-01-10-2022-1-768x576.jpg 768w, https:\/\/sites.ffkarate.fr\/dromeardeche\/wp-content\/uploads\/sites\/40\/2022\/10\/AG-du-01-10-2022-1-400x300.jpg 400w, https:\/\/sites.ffkarate.fr\/dromeardeche\/wp-content\/uploads\/sites\/40\/2022\/10\/AG-du-01-10-2022-1.jpg 1080w\" sizes=\"(max-width: 300px) 100vw, 300px\" \/><\/p>\n<p>Remise du dipl\u00f4me DAF<\/p>\n<p><a href=\"https:\/\/sites.ffkarate.fr\/dromeardeche\/wp-content\/uploads\/sites\/40\/2015\/01\/Stage-serge-Chouraqui-du-12-01-19.jpg\"><img decoding=\"async\" class=\"alignnone size-medium wp-image-2430\" src=\"https:\/\/sites.ffkarate.fr\/dromeardeche\/wp-content\/uploads\/sites\/40\/2022\/10\/Remise-du-dipl\u00a6me-DAF-300x225.png\" alt=\"\" width=\"300\" height=\"225\" srcset=\"https:\/\/sites.ffkarate.fr\/dromeardeche\/wp-content\/uploads\/sites\/40\/2022\/10\/Remise-du-dipl\u00a6me-DAF-300x225.png 300w, https:\/\/sites.ffkarate.fr\/dromeardeche\/wp-content\/uploads\/sites\/40\/2022\/10\/Remise-du-dipl\u00a6me-DAF-1024x768.png 1024w, https:\/\/sites.ffkarate.fr\/dromeardeche\/wp-content\/uploads\/sites\/40\/2022\/10\/Remise-du-dipl\u00a6me-DAF-768x576.png 768w, https:\/\/sites.ffkarate.fr\/dromeardeche\/wp-content\/uploads\/sites\/40\/2022\/10\/Remise-du-dipl\u00a6me-DAF-400x300.png 400w, https:\/\/sites.ffkarate.fr\/dromeardeche\/wp-content\/uploads\/sites\/40\/2022\/10\/Remise-du-dipl\u00a6me-DAF.png 1080w\" sizes=\"(max-width: 300px) 100vw, 300px\" \/><\/a><\/p>\n<p>Formation ligue AURA<\/p>\n<p><a href=\"https:\/\/sites.ffkarate.fr\/dromeardeche\/wp-content\/uploads\/sites\/40\/2015\/01\/Stage-avec-Christian-Clause-le-18-05-19.jpg\"><img decoding=\"async\" class=\"alignnone size-medium wp-image-2429\" src=\"https:\/\/sites.ffkarate.fr\/dromeardeche\/wp-content\/uploads\/sites\/40\/2022\/10\/Formation-ligue-AURA-300x225.jpg\" alt=\"\" width=\"300\" height=\"225\" srcset=\"https:\/\/sites.ffkarate.fr\/dromeardeche\/wp-content\/uploads\/sites\/40\/2022\/10\/Formation-ligue-AURA-300x225.jpg 300w, https:\/\/sites.ffkarate.fr\/dromeardeche\/wp-content\/uploads\/sites\/40\/2022\/10\/Formation-ligue-AURA-768x576.jpg 768w, https:\/\/sites.ffkarate.fr\/dromeardeche\/wp-content\/uploads\/sites\/40\/2022\/10\/Formation-ligue-AURA-400x300.jpg 400w, https:\/\/sites.ffkarate.fr\/dromeardeche\/wp-content\/uploads\/sites\/40\/2022\/10\/Formation-ligue-AURA.jpg 820w\" sizes=\"(max-width: 300px) 100vw, 300px\" \/><\/a><\/p>\n<p>************************************************************************************************************<\/p>\n<p><a href=\"https:\/\/sites.ffkarate.fr\/dromeardeche\/wp-content\/uploads\/sites\/40\/2015\/01\/Examen-de-grades-le-25-05-19-Livron.jpg\"><img decoding=\"async\" class=\"alignnone size-medium wp-image-1506\" src=\"https:\/\/sites.ffkarate.fr\/dromeardeche\/wp-content\/uploads\/sites\/40\/2015\/01\/Examen-de-grades-le-25-05-19-Livron-300x225.jpg\" alt=\"Examen de grades le 25 05 19 Livron\" width=\"300\" height=\"225\" \/><\/a><\/p>\n<div id=\"attachment_1507\" style=\"width: 310px\" class=\"wp-caption alignnone\"><a href=\"https:\/\/sites.ffkarate.fr\/dromeardeche\/wp-content\/uploads\/sites\/40\/2015\/01\/Examen-DAF-2018-2019.jpg\"><img decoding=\"async\" aria-describedby=\"caption-attachment-1507\" class=\"size-medium wp-image-1507\" src=\"https:\/\/sites.ffkarate.fr\/dromeardeche\/wp-content\/uploads\/sites\/40\/2015\/01\/Examen-DAF-2018-2019-300x225.jpg\" alt=\"dav\" width=\"300\" height=\"225\" \/><\/a><p id=\"caption-attachment-1507\" class=\"wp-caption-text\">D.A.F<\/p><\/div>\n\n<p>[\/vc_column_text][\/vc_column][\/vc_row][vc_row][vc_column][\/vc_column][\/vc_row][vc_row][vc_column][\/vc_column][\/vc_row][vc_row][vc_column][\/vc_column][\/vc_row]<\/p>\n<\/div>","protected":false},"excerpt":{"rendered":"<p>[vc_row][vc_column][vc_gallery images=\u00a0\u00bb4027,4028,4036,4035,4034,4033,4032,4031,4030,4029&Prime; title=\u00a0\u00bbStage multidisciplinaire du samedi 15 novembre 2025&Prime;][vc_gallery images=\u00a0\u00bb3947,3948,3949&Prime; title=\u00a0\u00bbStage de karat\u00e9 d\u00e9fense r\u00e9serv\u00e9 aux f\u00e9minines : sous la direction de Juanita GARDIER 5\u00e8me Dan &amp; Marina GARDIER 3\u00e8me Dan\u00a0\u00bb][vc_gallery images=\u00a0\u00bb3942,3935&Prime; title=\u00a0\u00bbAssembl\u00e9e G\u00e9n\u00e9rale du 18 octobre 2025&Prime;][vc_gallery images=\u00a0\u00bb3936&Prime; title=\u00a0\u00bbRemise des dipl\u00f4mes DAF\/DIF saison 2024\/2025&Prime;][vc_column_text]Retour sur le stage de karat\u00e9 Wado-Ryu de l&rsquo;Ascension, en hommage [&hellip;]<\/p>\n","protected":false},"author":20,"featured_media":0,"parent":0,"menu_order":0,"comment_status":"closed","ping_status":"closed","template":"","meta":{"footnotes":""},"class_list":["post-1853","page","type-page","status-publish","hentry"],"_links":{"self":[{"href":"https:\/\/sites.ffkarate.fr\/dromeardeche\/wp-json\/wp\/v2\/pages\/1853","targetHints":{"allow":["GET"]}}],"collection":[{"href":"https:\/\/sites.ffkarate.fr\/dromeardeche\/wp-json\/wp\/v2\/pages"}],"about":[{"href":"https:\/\/sites.ffkarate.fr\/dromeardeche\/wp-json\/wp\/v2\/types\/page"}],"author":[{"embeddable":true,"href":"https:\/\/sites.ffkarate.fr\/dromeardeche\/wp-json\/wp\/v2\/users\/20"}],"replies":[{"embeddable":true,"href":"https:\/\/sites.ffkarate.fr\/dromeardeche\/wp-json\/wp\/v2\/comments?post=1853"}],"version-history":[{"count":36,"href":"https:\/\/sites.ffkarate.fr\/dromeardeche\/wp-json\/wp\/v2\/pages\/1853\/revisions"}],"predecessor-version":[{"id":4037,"href":"https:\/\/sites.ffkarate.fr\/dromeardeche\/wp-json\/wp\/v2\/pages\/1853\/revisions\/4037"}],"wp:attachment":[{"href":"https:\/\/sites.ffkarate.fr\/dromeardeche\/wp-json\/wp\/v2\/media?parent=1853"}],"curies":[{"name":"wp","href":"https:\/\/api.w.org\/{rel}","templated":true}]}}