{"id":2243,"date":"2022-03-27T20:05:19","date_gmt":"2022-03-27T18:05:19","guid":{"rendered":"https:\/\/sites.ffkarate.fr\/dromeardeche\/?page_id=2243"},"modified":"2025-09-06T14:54:43","modified_gmt":"2025-09-06T12:54:43","slug":"documents-utiles","status":"publish","type":"page","link":"https:\/\/sites.ffkarate.fr\/dromeardeche\/documents-utiles\/","title":{"rendered":"Documents Utiles"},"content":{"rendered":"<div class=\"wpb-content-wrapper\"><p>[vc_row][vc_column][vc_gallery images=\u00a0\u00bb3039,3068&Prime;][\/vc_column][\/vc_row][vc_row][vc_column][vc_column_text]<a href=\"https:\/\/sites.ffkarate.fr\/dromeardeche\/wp-content\/uploads\/sites\/40\/2025\/05\/Formulaire-dinscription-prepa-aux-grades.pdf\">Formulaire d&rsquo;inscription pr\u00e9pa aux grades<\/a>[\/vc_column_text][vc_column_text]<a href=\"https:\/\/sites.ffkarate.fr\/dromeardeche\/wp-content\/uploads\/sites\/40\/2025\/09\/Formulaire-passeport-2025-2026.pdf\">Formulaire passeport 2025-2026<\/a>[\/vc_column_text][vc_column_text]<a href=\"https:\/\/sites.ffkarate.fr\/dromeardeche\/wp-content\/uploads\/sites\/40\/2025\/09\/Resume-de-la-reglementation-concernant-le-1er-DAN-en-club-2025-2026.pdf\">R\u00e9sume-de-la-r\u00e9gl\u00e9mentation-concernant-le-1er-DAN-en-club-2025-2026<\/a><\/p>\n<p><a href=\"https:\/\/sites.ffkarate.fr\/dromeardeche\/wp-content\/uploads\/sites\/40\/2025\/04\/Bordereau-admission-1er-dan-1-modifiable.pdf\">Bordereau-admission-1er-dan-1-modifiable<\/a>[\/vc_column_text][vc_column_text]<a href=\"https:\/\/sites.ffkarate.fr\/dromeardeche\/wp-content\/uploads\/sites\/40\/2025\/09\/Fiche-Inscription-AFA-2025-2026.pdf\">Fiche Inscription AFA 2025-2026<\/a>[\/vc_column_text][vc_column_text]<a href=\"https:\/\/sites.ffkarate.fr\/dromeardeche\/wp-content\/uploads\/sites\/40\/2025\/09\/Fiche-Inscription-DAF-2025-2026.pdf\">Fiche Inscription DAF 2025-2026<\/a>[\/vc_column_text][vc_column_text]<a href=\"https:\/\/sites.ffkarate.fr\/dromeardeche\/wp-content\/uploads\/sites\/40\/2025\/09\/Fiche-Inscription-DIF-non-titulaire-DAF-2025-2026.pdf\">Fiche Inscription DIF non titulaire DAF 2025-2026<\/a>[\/vc_column_text][vc_column_text]<a href=\"https:\/\/sites.ffkarate.fr\/dromeardeche\/wp-content\/uploads\/sites\/40\/2025\/09\/Fiche-Inscription-DIF-titulaire-DAF-2025-2026.pdf\">Fiche Inscription DIF titulaire DAF 2025-2026<\/a>[\/vc_column_text][vc_column_text]<a href=\"https:\/\/sites.ffkarate.fr\/dromeardeche\/wp-content\/uploads\/sites\/40\/2024\/04\/REGLEMENT_FORMATIONS_FFK_2023_2024_04.pdf\">REGLEMENT_FORMATIONS_FFK_2023_2024_04<\/a>[\/vc_column_text][vc_column_text]<a href=\"https:\/\/sites.ffkarate.fr\/dromeardeche\/wp-content\/uploads\/sites\/40\/2024\/04\/Dossier-de-demande-de-daide-financiere.pdf\">Dossier-de-demande-de-daide-financiere<\/a>[\/vc_column_text][vc_column_text]<a href=\"https:\/\/sites.ffkarate.fr\/dromeardeche\/wp-content\/uploads\/sites\/40\/2025\/04\/Fiche-inscription-du-1er-au-4eme-Dan.pdf\">Fiche inscription du 1er au 4\u00e8me Dan<\/a>[\/vc_column_text][vc_column_text]<a href=\"https:\/\/sites.ffkarate.fr\/dromeardeche\/wp-content\/uploads\/sites\/40\/2024\/04\/Tuto-inscription-examen-grades.pdf\">Tuto inscription examen grades<\/a>[\/vc_column_text][vc_column_text]<a href=\"https:\/\/sites.ffkarate.fr\/dromeardeche\/wp-content\/uploads\/sites\/40\/2025\/04\/Grade-piece-a-fournir-2024-2028.pdf\">Grade pi\u00e8ce \u00e0 fournir 2024-2028<\/a>[\/vc_column_text][vc_column_text]<a href=\"https:\/\/sites.ffkarate.fr\/dromeardeche\/wp-content\/uploads\/sites\/40\/2025\/05\/Tutoriel-depot-stages-clubs.pdf\">Tutoriel d\u00e9p\u00f4t stages clubs<\/a>[\/vc_column_text][\/vc_column][\/vc_row][vc_row][vc_column][vc_column_text]<a href=\"https:\/\/sites.ffkarate.fr\/dromeardeche\/wp-content\/uploads\/sites\/40\/2025\/09\/Autorisation_Parentale_2025-2026.pdf\">Autorisation_Parentale_2025-2026<\/a><\/p>\n<p><a href=\"https:\/\/sites.ffkarate.fr\/dromeardeche\/wp-content\/uploads\/sites\/40\/2025\/09\/Categorie_age_poids_2025-2026.pdf\">Cat\u00e9gorie_age_poids_2025-2026<\/a>[\/vc_column_text][\/vc_column][\/vc_row][vc_row][vc_column][\/vc_column][\/vc_row]<\/p>\n<\/div>","protected":false},"excerpt":{"rendered":"<p>[vc_row][vc_column][vc_gallery images=\u00a0\u00bb3039,3068&Prime;][\/vc_column][\/vc_row][vc_row][vc_column][vc_column_text]Formulaire d&rsquo;inscription pr\u00e9pa aux grades[\/vc_column_text][vc_column_text]Formulaire passeport 2025-2026[\/vc_column_text][vc_column_text]R\u00e9sume-de-la-r\u00e9gl\u00e9mentation-concernant-le-1er-DAN-en-club-2025-2026 Bordereau-admission-1er-dan-1-modifiable[\/vc_column_text][vc_column_text]Fiche Inscription AFA 2025-2026[\/vc_column_text][vc_column_text]Fiche Inscription DAF 2025-2026[\/vc_column_text][vc_column_text]Fiche Inscription DIF non titulaire DAF 2025-2026[\/vc_column_text][vc_column_text]Fiche Inscription DIF titulaire DAF 2025-2026[\/vc_column_text][vc_column_text]REGLEMENT_FORMATIONS_FFK_2023_2024_04[\/vc_column_text][vc_column_text]Dossier-de-demande-de-daide-financiere[\/vc_column_text][vc_column_text]Fiche inscription du 1er au 4\u00e8me Dan[\/vc_column_text][vc_column_text]Tuto inscription examen grades[\/vc_column_text][vc_column_text]Grade pi\u00e8ce \u00e0 fournir 2024-2028[\/vc_column_text][vc_column_text]Tutoriel d\u00e9p\u00f4t stages clubs[\/vc_column_text][\/vc_column][\/vc_row][vc_row][vc_column][vc_column_text]Autorisation_Parentale_2025-2026 Cat\u00e9gorie_age_poids_2025-2026[\/vc_column_text][\/vc_column][\/vc_row][vc_row][vc_column][\/vc_column][\/vc_row]<\/p>\n","protected":false},"author":198,"featured_media":0,"parent":0,"menu_order":0,"comment_status":"closed","ping_status":"closed","template":"page-fullwidth.php","meta":{"footnotes":""},"class_list":["post-2243","page","type-page","status-publish","hentry"],"_links":{"self":[{"href":"https:\/\/sites.ffkarate.fr\/dromeardeche\/wp-json\/wp\/v2\/pages\/2243","targetHints":{"allow":["GET"]}}],"collection":[{"href":"https:\/\/sites.ffkarate.fr\/dromeardeche\/wp-json\/wp\/v2\/pages"}],"about":[{"href":"https:\/\/sites.ffkarate.fr\/dromeardeche\/wp-json\/wp\/v2\/types\/page"}],"author":[{"embeddable":true,"href":"https:\/\/sites.ffkarate.fr\/dromeardeche\/wp-json\/wp\/v2\/users\/198"}],"replies":[{"embeddable":true,"href":"https:\/\/sites.ffkarate.fr\/dromeardeche\/wp-json\/wp\/v2\/comments?post=2243"}],"version-history":[{"count":22,"href":"https:\/\/sites.ffkarate.fr\/dromeardeche\/wp-json\/wp\/v2\/pages\/2243\/revisions"}],"predecessor-version":[{"id":3851,"href":"https:\/\/sites.ffkarate.fr\/dromeardeche\/wp-json\/wp\/v2\/pages\/2243\/revisions\/3851"}],"wp:attachment":[{"href":"https:\/\/sites.ffkarate.fr\/dromeardeche\/wp-json\/wp\/v2\/media?parent=2243"}],"curies":[{"name":"wp","href":"https:\/\/api.w.org\/{rel}","templated":true}]}}