{"id":904,"date":"2021-03-05T17:19:08","date_gmt":"2021-03-05T16:19:08","guid":{"rendered":"https:\/\/sites.ffkarate.fr\/eure\/?page_id=904"},"modified":"2025-10-28T01:17:24","modified_gmt":"2025-10-28T00:17:24","slug":"daf","status":"publish","type":"page","link":"https:\/\/sites.ffkarate.fr\/eure\/formations-2\/daf\/","title":{"rendered":"D.A.F."},"content":{"rendered":"<div class=\"wpb-content-wrapper\"><p>[vc_row][vc_column][vc_column_text]<strong>Informations sur le DIPL\u00d4ME D\u2019ANIMATEUR F\u00c9D\u00c9RAL<br \/>\n<\/strong><\/p>\n<p>Le DAF est un premier dipl\u00f4me f\u00e9d\u00e9ral qui permet d\u2019ouvrir un club et de l\u2019animer b\u00e9n\u00e9volement en pleine autonomie dans tout club affili\u00e9 \u00e0 la FFK.<\/p>\n<p><u>D\u00e9roulement de la formation<\/u><\/p>\n<p><strong>1re\u00a0\u00e9tape\u00a0:<\/strong> Une fois, votre inscription termin\u00e9e, vous recevrez divers documents de cours que vous travaillerez chez vous (dur\u00e9e pr\u00e9vue 12h)<\/p>\n<p><strong>2e\u00a0<\/strong><b>\u00e9tape<\/b><strong>\u00a0:<\/strong> 2 jours de cours en pr\u00e9sentiel (th\u00e9orie + mise en pratique + correction du travail maison)\u00a0+ Evaluation <i>(date\u00a0ind\u00e9termin\u00e9e\u00a0en fonction du nombre de candidats)<\/i><\/p>\n<ul>\n<li>QCM sur les cours<\/li>\n<li>R\u00e9daction d\u2019un plan de cours<\/li>\n<li>Mise en pratique du cours<\/li>\n<li>Entretien avec le jury<\/li>\n<\/ul>\n<p><strong>3e\u00a0\u00e9tape\u00a0:<\/strong>\u00a0Participation associative de 10h compos\u00e9e de la pr\u00e9sence \u00e0 au moins un stage d\u2019arbitrage du CDK27 + 5h de participation \u00e0 une comp\u00e9tition du CDK27.<i><\/i><\/p>\n<p><i>A noter que la participation associative peut \u00eatre commenc\u00e9e avant le d\u00e9but des cours (<em>\u00e0 voir sur le\u00a0<a href=\"https:\/\/sites.ffkarate.fr\/eure\/calendrier\/\">calendrier du CDK27<\/a>).<\/em>\u00a0Il est pr\u00e9conis\u00e9 d\u2019anticiper ses heures de participation associative le plus t\u00f4t possible pour \u00e9viter le report du dipl\u00f4me \u00e0 l\u2019ann\u00e9e suivante. )<\/i><\/p>\n<p><i><u>Inscription<br \/>\n<\/u>Pour s\u2019inscrire \u00e0 la formation, le candidat doit :<br \/>\n\u2013 \u00eatre \u00e2g\u00e9 de <b>18 ans au moins<br \/>\n<\/b>\u2013 \u00eatre ceinture noire <b>1er Dan, Duan ou Dang minimum\u00a0<\/b><b><br \/>\n<\/b>\u2013 avoir la <b>licence FFKDA<\/b> de la saison sportive en cours<br \/>\n\u2013 poss\u00e9der un <b>dipl\u00f4me ou une attestation de secourisme<\/b> (de moins de 2 ans recommand\u00e9) ;<br \/>\n\u2013 poss\u00e9der un <b>certificat m\u00e9dical<\/b> de non contre indication \u00e0 l\u2019enseignement du karat\u00e9 ou d\u2019une discipline associ\u00e9e datant de moins de trois mois ;<\/i><br \/>\n<i>\u2013 joindre l&rsquo;<b>autorisation de d\u00e9rogation<\/b> de la DTN si besoin;<\/i><\/p>\n<p><strong>Co\u00fbt : 100 \u20ac<\/strong><\/p>\n<p><em><strong><span style=\"color: #ff0000;text-decoration: underline\">Nouveau<\/span> : <\/strong><\/em><strong>Les inscriptions se font directement en ligne avec un paiement par CB en cliquant sur le bouton LIEN INSCRIPTION au niveau de la date de formation choisie. Elles se terminent 1 mois avant la date de la session.<\/strong><\/p>\n<p><a href=\"https:\/\/www.ffkarate.fr\/espace-licencies\/formations\/diplome-animateur-federal-daf\/\" target=\"_blank\" rel=\"noopener\">Infos compl\u00e9mentaires DAF site f\u00e9d\u00e9ral<\/a>[\/vc_column_text][\/vc_column][\/vc_row]<\/p>\n<\/div>","protected":false},"excerpt":{"rendered":"<p>[vc_row][vc_column][vc_column_text]Informations sur le DIPL\u00d4ME D\u2019ANIMATEUR F\u00c9D\u00c9RAL Le DAF est un premier dipl\u00f4me f\u00e9d\u00e9ral qui permet d\u2019ouvrir un club et de l\u2019animer b\u00e9n\u00e9volement en pleine autonomie dans tout club affili\u00e9 \u00e0 la FFK. D\u00e9roulement de la formation 1re\u00a0\u00e9tape\u00a0: Une fois, votre inscription termin\u00e9e, vous recevrez divers documents de cours que vous travaillerez chez vous (dur\u00e9e pr\u00e9vue [&hellip;]<\/p>\n","protected":false},"author":158,"featured_media":0,"parent":56,"menu_order":0,"comment_status":"closed","ping_status":"closed","template":"","meta":{"footnotes":""},"class_list":["post-904","page","type-page","status-publish","hentry"],"_links":{"self":[{"href":"https:\/\/sites.ffkarate.fr\/eure\/wp-json\/wp\/v2\/pages\/904","targetHints":{"allow":["GET"]}}],"collection":[{"href":"https:\/\/sites.ffkarate.fr\/eure\/wp-json\/wp\/v2\/pages"}],"about":[{"href":"https:\/\/sites.ffkarate.fr\/eure\/wp-json\/wp\/v2\/types\/page"}],"author":[{"embeddable":true,"href":"https:\/\/sites.ffkarate.fr\/eure\/wp-json\/wp\/v2\/users\/158"}],"replies":[{"embeddable":true,"href":"https:\/\/sites.ffkarate.fr\/eure\/wp-json\/wp\/v2\/comments?post=904"}],"version-history":[{"count":10,"href":"https:\/\/sites.ffkarate.fr\/eure\/wp-json\/wp\/v2\/pages\/904\/revisions"}],"predecessor-version":[{"id":3479,"href":"https:\/\/sites.ffkarate.fr\/eure\/wp-json\/wp\/v2\/pages\/904\/revisions\/3479"}],"up":[{"embeddable":true,"href":"https:\/\/sites.ffkarate.fr\/eure\/wp-json\/wp\/v2\/pages\/56"}],"wp:attachment":[{"href":"https:\/\/sites.ffkarate.fr\/eure\/wp-json\/wp\/v2\/media?parent=904"}],"curies":[{"name":"wp","href":"https:\/\/api.w.org\/{rel}","templated":true}]}}

<div class="wpb-content-wrapper"><p>[vc_row][vc_column][vc_column_text]<strong>Informations sur le DIPLÔME D’ANIMATEUR FÉDÉRAL<br />
</strong></p>
<p>Le DAF est un premier diplôme fédéral qui permet d’ouvrir un club et de l’animer bénévolement en pleine autonomie dans tout club affilié à la FFK.</p>
<p><u>Déroulement de la formation</u></p>
<p><strong>1re étape :</strong> Une fois, votre inscription terminée, vous recevrez divers documents de cours que vous travaillerez chez vous (durée prévue 12h)</p>
<p><strong>2e </strong><b>étape</b><strong> :</strong> 2 jours de cours en présentiel (théorie + mise en pratique + correction du travail maison) + Evaluation <i>(date indéterminée en fonction du nombre de candidats)</i></p>
<ul>
<li>QCM sur les cours</li>
<li>Rédaction d’un plan de cours</li>
<li>Mise en pratique du cours</li>
<li>Entretien avec le jury</li>
</ul>
<p><strong>3e étape :</strong> Participation associative de 10h composée de la présence à au moins un stage d’arbitrage du CDK27 + 5h de participation à une compétition du CDK27.<i></i></p>
<p><i>A noter que la participation associative peut être commencée avant le début des cours (<em>à voir sur le <a href="https://sites.ffkarate.fr/eure/calendrier/">calendrier du CDK27</a>).</em> Il est préconisé d’anticiper ses heures de participation associative le plus tôt possible pour éviter le report du diplôme à l’année suivante. )</i></p>
<p><i><u>Inscription<br />
</u>Pour s’inscrire à la formation, le candidat doit :<br />
– être âgé de <b>18 ans au moins<br />
</b>– être ceinture noire <b>1er Dan, Duan ou Dang minimum </b><b><br />
</b>– avoir la <b>licence FFKDA</b> de la saison sportive en cours<br />
– posséder un <b>diplôme ou une attestation de secourisme</b> (de moins de 2 ans recommandé) ;<br />
– posséder un <b>certificat médical</b> de non contre indication à l’enseignement du karaté ou d’une discipline associée datant de moins de trois mois ;</i><br />
<i>– joindre l&rsquo;<b>autorisation de dérogation</b> de la DTN si besoin;</i></p>
<p><strong>Coût : 100 €</strong></p>
<p><em><strong><span style="color: #ff0000;text-decoration: underline">Nouveau</span> : </strong></em><strong>Les inscriptions se font directement en ligne avec un paiement par CB en cliquant sur le bouton LIEN INSCRIPTION au niveau de la date de formation choisie. Elles se terminent 1 mois avant la date de la session.</strong></p>
<p><a href="https://www.ffkarate.fr/espace-licencies/formations/diplome-animateur-federal-daf/" target="_blank" rel="noopener">Infos complémentaires DAF site fédéral</a>[/vc_column_text][/vc_column][/vc_row]</p>
</div>

<p>[vc_row][vc_column][vc_column_text]Informations sur le DIPLÔME D’ANIMATEUR FÉDÉRAL Le DAF est un premier diplôme fédéral qui permet d’ouvrir un club et de l’animer bénévolement en pleine autonomie dans tout club affilié à la FFK. Déroulement de la formation 1re étape : Une fois, votre inscription terminée, vous recevrez divers documents de cours que vous travaillerez chez vous (durée prévue [&hellip;]</p>
