{"id":2685,"date":"2025-12-07T21:24:45","date_gmt":"2025-12-07T20:24:45","guid":{"rendered":"https:\/\/sites.ffkarate.fr\/eureetloir\/?page_id=2685"},"modified":"2025-12-07T21:24:45","modified_gmt":"2025-12-07T20:24:45","slug":"resultats-des-passages-de-grades-dan-du-06-12-2025","status":"publish","type":"page","link":"https:\/\/sites.ffkarate.fr\/eureetloir\/grades\/resultats-des-passages-de-grades-dan-du-06-12-2025\/","title":{"rendered":"R\u00e9sultats des passages de grades DAN du 06\/12\/2025"},"content":{"rendered":"<div class=\"wpb-content-wrapper\"><p>[vc_row][vc_column][vc_column_text]<\/p>\n<h2>R\u00e9sultat du passage de grade de 1er DAN<\/h2>\n<p>[\/vc_column_text][vc_single_image image=\u00a0\u00bb2684&Prime;][vc_column_text]<\/p>\n<div>(100% de r\u00e9ussite)<\/div>\n<div>Quentin <strong>LEGOUAIS <\/strong>(Shotokan &#8211; Maintenon)<\/div>\n<div>Fran\u00e7ois <strong>FARLET<\/strong> (Shotokan &#8211; Maintenon)<\/div>\n<div>Gr\u00e9gory <strong>JEAN<\/strong> (Shukokai &#8211; Chartres) Major de promotion<\/div>\n<div>Mathilde <strong>BEURIOT<\/strong> (Shukokai &#8211; Chartres)<\/div>\n<div><\/div>\n<p>[\/vc_column_text][vc_column_text]<\/p>\n<h2>R\u00e9sultat du passage de grade de 2e DAN<\/h2>\n<p>[\/vc_column_text][vc_single_image image=\u00a0\u00bb2683&Prime;][vc_column_text]<\/p>\n<div>\n<h2><\/h2>\n<\/div>\n<div>Myl\u00e8ne <strong>HUBERT<\/strong> (Shotokan &#8211; Anet)<\/div>\n<div><\/div>\n<div>Florent <strong>LECOURTOIS<\/strong> (Shotokan- Maintenon) Major de promotion<\/div>\n<p>[\/vc_column_text][\/vc_column][\/vc_row]<\/p>\n<\/div>","protected":false},"excerpt":{"rendered":"<p>[vc_row][vc_column][vc_column_text] R\u00e9sultat du passage de grade de 1er DAN [\/vc_column_text][vc_single_image image=\u00a0\u00bb2684&Prime;][vc_column_text] (100% de r\u00e9ussite) Quentin LEGOUAIS (Shotokan &#8211; Maintenon) Fran\u00e7ois FARLET (Shotokan &#8211; Maintenon) Gr\u00e9gory JEAN (Shukokai &#8211; Chartres) Major de promotion Mathilde BEURIOT (Shukokai &#8211; Chartres) [\/vc_column_text][vc_column_text] R\u00e9sultat du passage de grade de 2e DAN [\/vc_column_text][vc_single_image image=\u00a0\u00bb2683&Prime;][vc_column_text] Myl\u00e8ne HUBERT (Shotokan &#8211; Anet) Florent LECOURTOIS [&hellip;]<\/p>\n","protected":false},"author":72,"featured_media":2684,"parent":23,"menu_order":0,"comment_status":"closed","ping_status":"closed","template":"","meta":{"footnotes":""},"class_list":["post-2685","page","type-page","status-publish","hentry"],"_links":{"self":[{"href":"https:\/\/sites.ffkarate.fr\/eureetloir\/wp-json\/wp\/v2\/pages\/2685","targetHints":{"allow":["GET"]}}],"collection":[{"href":"https:\/\/sites.ffkarate.fr\/eureetloir\/wp-json\/wp\/v2\/pages"}],"about":[{"href":"https:\/\/sites.ffkarate.fr\/eureetloir\/wp-json\/wp\/v2\/types\/page"}],"author":[{"embeddable":true,"href":"https:\/\/sites.ffkarate.fr\/eureetloir\/wp-json\/wp\/v2\/users\/72"}],"replies":[{"embeddable":true,"href":"https:\/\/sites.ffkarate.fr\/eureetloir\/wp-json\/wp\/v2\/comments?post=2685"}],"version-history":[{"count":1,"href":"https:\/\/sites.ffkarate.fr\/eureetloir\/wp-json\/wp\/v2\/pages\/2685\/revisions"}],"predecessor-version":[{"id":2686,"href":"https:\/\/sites.ffkarate.fr\/eureetloir\/wp-json\/wp\/v2\/pages\/2685\/revisions\/2686"}],"up":[{"embeddable":true,"href":"https:\/\/sites.ffkarate.fr\/eureetloir\/wp-json\/wp\/v2\/pages\/23"}],"wp:featuredmedia":[{"embeddable":true,"href":"https:\/\/sites.ffkarate.fr\/eureetloir\/wp-json\/wp\/v2\/media\/2684"}],"wp:attachment":[{"href":"https:\/\/sites.ffkarate.fr\/eureetloir\/wp-json\/wp\/v2\/media?parent=2685"}],"curies":[{"name":"wp","href":"https:\/\/api.w.org\/{rel}","templated":true}]}}