{"id":23,"date":"2021-05-07T15:54:07","date_gmt":"2021-05-07T13:54:07","guid":{"rendered":"https:\/\/sites.ffkarate.fr\/gard\/?page_id=23"},"modified":"2025-09-12T11:22:01","modified_gmt":"2025-09-12T09:22:01","slug":"grades","status":"publish","type":"page","link":"https:\/\/sites.ffkarate.fr\/gard\/grades\/","title":{"rendered":"Grades"},"content":{"rendered":"<div class=\"wpb-content-wrapper\"><p>[vc_row gap=\u00a0\u00bb15&Prime;][vc_column][ffk_peoplecard subtitle=\u00a0\u00bbResponsable des grades\u00a0\u00bb description=\u00a0\u00bbcdk30grades@gmail.com\u00a0\u00bb image=\u00a0\u00bb6715&Prime;][vc_column_text]<\/p>\n<h2>Inscriptions aux examens de grades <strong>UNIQUEMENT ORGANISE PAR LE CDK30<\/strong><\/h2>\n<div>Mesdames, Messieurs<\/div>\n<div><\/div>\n<div>Veuillez trouver ci dessous le lien pour vous permettre de vous inscrire aux passages de grades.<\/div>\n<div><\/div>\n<div><a href=\"https:\/\/sites.ffkarate.fr\/gard\/event\/passages-1-2-3-dan\/\" target=\"_blank\" rel=\"noopener\" data-saferedirecturl=\"https:\/\/www.google.com\/url?q=https:\/\/sites.ffkarate.fr\/gard\/event\/passages-1-2-3-dan\/&amp;source=gmail&amp;ust=1707564341148000&amp;usg=AOvVaw3gvgKmr1FNGW_pMZ_stHKK\">https:\/\/sites.ffkarate.fr\/gard\/event\/passages-1-2-3-dan\/<\/a><\/div>\n<div>Vous devez dans la colonne de gauche cliquer sur le lien d\u2019inscription.<\/div>\n<div><\/div>\n<div>Sportivement<\/div>\n<div>La commission des grades<\/div>\n<h4>Envoi des dossiers<\/h4>\n<p>Le dossier de candidature devra \u00eatre complet. Les inscriptions se font par internet. Vous devez utiliser le lien d&rsquo;inscription sur l&rsquo;onglet CALENDRIER<\/p>\n<h4><\/h4>\n<h4>Contenu du dossier<\/h4>\n<ul>\n<li><a href=\"https:\/\/sites.ffkarate.fr\/gard\/wp-content\/uploads\/sites\/46\/2023\/09\/INSCRIPTIONS-GRADES-1.2.3.4.pdf\">INSCRIPTIONS GRADES<\/a> ( <strong>ne pas remplir pour les 1\u00b0 dan en clubs<\/strong>) compl\u00e9t\u00e9e et sign\u00e9e avec la photo du candidat<\/li>\n<li>Une attestation historique des licences que vous obtenez sur votre page du site f\u00e9d\u00e9ral<\/li>\n<li>Les photocopies des pages suivantes de votre passeport sportif :\n<ul>\n<li>Page d\u2019identit\u00e9<\/li>\n<li>Page d\u2019authentification des grades d\u00e9j\u00e0 obtenus<\/li>\n<li>Le cas \u00e9ch\u00e9ant, page des UV d\u00e9j\u00e0 obtenues avec les notes pour l\u2019examen concern\u00e9<\/li>\n<li>Le cas \u00e9ch\u00e9ant la page des points de bonifications acquis lors des stages d\u2019experts f\u00e9d\u00e9raux<\/li>\n<\/ul>\n<\/li>\n<li>Le courrier de la CSDGE en cas de d\u00e9rogation sp\u00e9ciale<\/li>\n<li>Un ch\u00e8que de 50 \u20ac \u00e0 l\u2019ordre du Comit\u00e9 D\u00e9partemental de Karat\u00e9 du GARD (Non remboursable en cas de non pr\u00e9sentation \u00e0 l\u2019examen).<\/li>\n<\/ul>\n<h4><\/h4>\n<h4>Le jour de l\u2019examen<\/h4>\n<p>Vous devez vous pr\u00e9senter au moins 15 minutes avant l\u2019heure de convocation avec :<\/p>\n<ul>\n<li>Votre karat\u00e9 gi<\/li>\n<li>Votre passeport sportif \u00e0 jour (<strong>validit\u00e9 6 ans<\/strong>)<\/li>\n<li>Une pi\u00e8ce d\u2019identit\u00e9<\/li>\n<li>Vos cibles si vous avez \u00e0 pr\u00e9senter l\u2019UV Kihon.<\/li>\n<li><strong>Une enveloppe format A4 (21\u00d729,7 cm) affranchie minimum \u00e0 250 gr<\/strong>, \u00e0 votre adresse et \u00e0 votre nom en vue du retour de votre passeport, carte et dipl\u00f4me. Elle vous sera demand\u00e9 en cas de r\u00e9ussite \u00e0 l\u2019examen.<\/li>\n<\/ul>\n<p>[\/vc_column_text][vc_column_text][\/vc_column_text][vc_column_text]<\/p>\n<div class=\"xdj266r x11i5rnm xat24cr x1mh8g0r x1vvkbs x126k92a\"><\/div>\n<p>&nbsp;<\/p>\n<div dir=\"auto\">\n<div class=\"x1i10hfl xjbqb8w x6umtig x1b1mbwd xaqea5y xav7gou x9f619 x1ypdohk xt0psk2 xe8uvvx xdj266r x11i5rnm xat24cr x1mh8g0r xexx8yu x4uap5 x18d9i69 xkhd6sd x16tdsg8 x1hl2dhg xggy1nq x1a2a7pz\" role=\"button\"><\/div>\n<\/div>\n<p>[\/vc_column_text][vc_column_text][\/vc_column_text][\/vc_column][\/vc_row]<\/p>\n<\/div>","protected":false},"excerpt":{"rendered":"<p>Le dossier de candidature devra \u00eatre complet et retourn\u00e9 en courrier simple non recommand\u00e9 au moins 30 jours avant la date de l\u2019examen (cachet poste faisant foi) au Comit\u00e9 D\u00e9partemental de Karat\u00e9 De La Gironde.<\/p>\n","protected":false},"author":1,"featured_media":0,"parent":0,"menu_order":0,"comment_status":"closed","ping_status":"closed","template":"","meta":{"footnotes":""},"class_list":["post-23","page","type-page","status-publish","hentry"],"_links":{"self":[{"href":"https:\/\/sites.ffkarate.fr\/gard\/wp-json\/wp\/v2\/pages\/23","targetHints":{"allow":["GET"]}}],"collection":[{"href":"https:\/\/sites.ffkarate.fr\/gard\/wp-json\/wp\/v2\/pages"}],"about":[{"href":"https:\/\/sites.ffkarate.fr\/gard\/wp-json\/wp\/v2\/types\/page"}],"author":[{"embeddable":true,"href":"https:\/\/sites.ffkarate.fr\/gard\/wp-json\/wp\/v2\/users\/1"}],"replies":[{"embeddable":true,"href":"https:\/\/sites.ffkarate.fr\/gard\/wp-json\/wp\/v2\/comments?post=23"}],"version-history":[{"count":12,"href":"https:\/\/sites.ffkarate.fr\/gard\/wp-json\/wp\/v2\/pages\/23\/revisions"}],"predecessor-version":[{"id":7089,"href":"https:\/\/sites.ffkarate.fr\/gard\/wp-json\/wp\/v2\/pages\/23\/revisions\/7089"}],"wp:attachment":[{"href":"https:\/\/sites.ffkarate.fr\/gard\/wp-json\/wp\/v2\/media?parent=23"}],"curies":[{"name":"wp","href":"https:\/\/api.w.org\/{rel}","templated":true}]}}