{"id":50,"date":"2015-01-08T11:31:53","date_gmt":"2015-01-08T11:31:53","guid":{"rendered":"https:\/\/sites.ffkarate.fr\/testclone\/?page_id=50"},"modified":"2015-01-08T11:31:53","modified_gmt":"2015-01-08T11:31:53","slug":"comite","status":"publish","type":"page","link":"https:\/\/sites.ffkarate.fr\/gard\/comite\/","title":{"rendered":"Le Comit\u00e9"},"content":{"rendered":"<div class=\"wpb-content-wrapper\"><p>[vc_row][vc_column][vc_column_text]<\/p>\n<h2 style=\"padding-left: 30px\"><strong>Nos coordonn\u00e9es<\/strong><\/h2>\n<p style=\"padding-left: 30px\"><strong>Comit\u00e9 d\u00e9partemental\u00a0 du GARD de Karat\u00e9<br \/>\n<\/strong><span style=\"color: #000080\"><strong>\u00a0 \u00a0 \u00a0 \u00a0 \u00a0 \u00a0 \u00a0Corinne GOUTTENOIRE<br \/>\n<\/strong><\/span><\/p>\n<p style=\"padding-left: 30px\"><span style=\"text-decoration: underline\">SI\u00c8GE ET SECR\u00c9TARIAT<\/span><\/p>\n<p style=\"padding-left: 30px\">2 Impasse Jean Mac\u00e9<br \/>\n30 900 NIMES<\/p>\n<p><strong><span style=\"text-decoration: underline\">Tel<\/span><\/strong> :\u00a006.12.13.85.66<\/p>\n<p><strong><span style=\"text-decoration: underline\">E-mail<\/span><\/strong> : karategard@sfr.fr<\/p>\n<p><strong><span style=\"text-decoration: underline\">Recommand\u00e9 \u00e0 adresser :<\/span><\/strong><br \/>\n7 Impasse des Rouges Gorges<br \/>\n30320 MARGUERITTES<\/p>\n<hr \/>\n<p><span style=\"font-family: tahoma, geneva, sans-serif\">\u200cMesdames et Messieurs les Pr\u00e9sident(e)s de clubs<\/span><\/p>\n<p><span style=\"font-family: tahoma, geneva, sans-serif\">Vous trouverez ci joint en PJ, les documents concernant les assembl\u00e9es g\u00e9n\u00e9rales \u00e9lectives.<\/span><\/p>\n<p><span style=\"font-family: tahoma, geneva, sans-serif\">En raison de la crise sanitaire actuelle, et des difficult\u00e9s des services de la Poste,\u00a0 je vous demande de bien vouloir doubler votre candidature par mail enfin que d&rsquo;\u00e9viter des pertes de courrier.<\/span><\/p>\n<p>Les candidatures sont \u00e0 envoyer par lettre RAR :<br \/>\n\u200bComit\u00e9 d\u00e9partemental du Gard &#8211; 7 impasse des rouges gorges &#8211; 30320 MARGUERITTES<\/p>\n<p><span style=\"font-family: tahoma, geneva, sans-serif\">Je vous rappelle que l&rsquo;absence de tout document ainsi que toute r\u00e9ponse reconnue inexacte ou incompl\u00e8te\u00a0entra\u00eeneront\u00a0le rejet de la candidature.<\/span><\/p>\n<p><span style=\"font-family: tahoma, geneva, sans-serif\">Je reste \u00e0 votre disposition pour tous renseignements compl\u00e9mentaires.<\/span><\/p>\n<p>Corinne GOUTTENOIRE, Pr\u00e9sidente<\/p>\n<p><a href=\"https:\/\/sites.ffkarate.fr\/gard\/wp-content\/uploads\/sites\/46\/2020\/04\/Annonce-assemblee-generale.pdf\">Annonce-assemblee-generale<\/a><\/p>\n<p><a href=\"https:\/\/sites.ffkarate.fr\/gard\/wp-content\/uploads\/sites\/46\/2020\/04\/FormulaireComiteDirecteurDepartement-26.06.2020.pdf\">FormulaireComiteDirecteurDepartement-26.06.2020<\/a><\/p>\n<p><a href=\"https:\/\/sites.ffkarate.fr\/gard\/wp-content\/uploads\/sites\/46\/2020\/04\/Formulaire-type-pour-les-representants-des-clubs-aux-AG-de-la-federation.pdf\">Formulaire-type-pour-les-representants-des-clubs-aux-AG-de-la-federation<\/a><\/p>\n<p><a href=\"https:\/\/sites.ffkarate.fr\/gard\/wp-content\/uploads\/sites\/46\/2020\/04\/Mandat-Assemblee-Generale.pdf\">Mandat Assemblee Generale<\/a>[\/vc_column_text][\/vc_column][\/vc_row]<\/p>\n<\/div>","protected":false},"excerpt":{"rendered":"<p>[vc_row][vc_column][vc_column_text] Nos coordonn\u00e9es Comit\u00e9 d\u00e9partemental\u00a0 du GARD de Karat\u00e9 \u00a0 \u00a0 \u00a0 \u00a0 \u00a0 \u00a0 \u00a0Corinne GOUTTENOIRE SI\u00c8GE ET SECR\u00c9TARIAT 2 Impasse Jean Mac\u00e9 30 900 NIMES Tel :\u00a006.12.13.85.66 E-mail : karategard@sfr.fr Recommand\u00e9 \u00e0 adresser : 7 Impasse des Rouges Gorges 30320 MARGUERITTES \u200cMesdames et Messieurs les Pr\u00e9sident(e)s de clubs Vous trouverez ci joint en [&hellip;]<\/p>\n","protected":false},"author":20,"featured_media":0,"parent":0,"menu_order":0,"comment_status":"closed","ping_status":"open","template":"","meta":{"footnotes":""},"class_list":["post-50","page","type-page","status-publish","hentry"],"_links":{"self":[{"href":"https:\/\/sites.ffkarate.fr\/gard\/wp-json\/wp\/v2\/pages\/50","targetHints":{"allow":["GET"]}}],"collection":[{"href":"https:\/\/sites.ffkarate.fr\/gard\/wp-json\/wp\/v2\/pages"}],"about":[{"href":"https:\/\/sites.ffkarate.fr\/gard\/wp-json\/wp\/v2\/types\/page"}],"author":[{"embeddable":true,"href":"https:\/\/sites.ffkarate.fr\/gard\/wp-json\/wp\/v2\/users\/20"}],"replies":[{"embeddable":true,"href":"https:\/\/sites.ffkarate.fr\/gard\/wp-json\/wp\/v2\/comments?post=50"}],"version-history":[{"count":0,"href":"https:\/\/sites.ffkarate.fr\/gard\/wp-json\/wp\/v2\/pages\/50\/revisions"}],"wp:attachment":[{"href":"https:\/\/sites.ffkarate.fr\/gard\/wp-json\/wp\/v2\/media?parent=50"}],"curies":[{"name":"wp","href":"https:\/\/api.w.org\/{rel}","templated":true}]}}