{"id":56,"date":"2015-01-08T11:32:52","date_gmt":"2015-01-08T11:32:52","guid":{"rendered":"https:\/\/sites.ffkarate.fr\/testclone\/?page_id=56"},"modified":"2024-02-25T22:25:27","modified_gmt":"2024-02-25T21:25:27","slug":"formations-2","status":"publish","type":"page","link":"https:\/\/sites.ffkarate.fr\/grandest\/formations-2\/","title":{"rendered":"Formations"},"content":{"rendered":"<div class=\"wpb-content-wrapper\"><p>[vc_row][vc_column][vc_column_text]<strong>La formation au Certificat de BodyKarat\u00e9 &#8211; CBK- <\/strong>est organis\u00e9e par la Ligue R\u00e9gionale Grand Est. Attention :<\/p>\n<p><a href=\"https:\/\/sites.ffkarate.fr\/grandest\/wp-content\/uploads\/sites\/112\/2024\/02\/Fiche-Inscription-CBK_08et09.06.2024_Plobsheim.pdf\">Dossier d\u2019inscription<\/a>. <em>Formation les 08 et 09\/06\/2024 \u00e0 Plobsheim<\/em><\/p>\n<p><strong><img decoding=\"async\" class=\"alignnone size-medium wp-image-7373\" src=\"https:\/\/sites.ffkarate.fr\/grandest\/wp-content\/uploads\/sites\/112\/2024\/02\/affiche-CBK-8et9.06.24-300x200.jpg\" alt=\"\" width=\"300\" height=\"200\" srcset=\"https:\/\/sites.ffkarate.fr\/grandest\/wp-content\/uploads\/sites\/112\/2024\/02\/affiche-CBK-8et9.06.24-300x200.jpg 300w, https:\/\/sites.ffkarate.fr\/grandest\/wp-content\/uploads\/sites\/112\/2024\/02\/affiche-CBK-8et9.06.24-1024x682.jpg 1024w, https:\/\/sites.ffkarate.fr\/grandest\/wp-content\/uploads\/sites\/112\/2024\/02\/affiche-CBK-8et9.06.24-768x511.jpg 768w, https:\/\/sites.ffkarate.fr\/grandest\/wp-content\/uploads\/sites\/112\/2024\/02\/affiche-CBK-8et9.06.24-1536x1022.jpg 1536w, https:\/\/sites.ffkarate.fr\/grandest\/wp-content\/uploads\/sites\/112\/2024\/02\/affiche-CBK-8et9.06.24.jpg 1920w\" sizes=\"(max-width: 300px) 100vw, 300px\" \/><\/strong><\/p>\n<p><strong>Les formations AFA, DAF et DIF<\/strong> sont organis\u00e9es dans les d\u00e9partements par les comit\u00e9s d\u00e9partementaux. Rapprochez-vous directement de votre comit\u00e9 d\u00e9partemental pour toutes les informations.<\/p>\n<p><a href=\"https:\/\/www.ffkarate.fr\/espace-licencies\/formations\/\" target=\"_blank\" rel=\"noopener\">Lien vers le site f\u00e9d\u00e9ral<\/a>\u2013 r\u00e8glement des formations[\/vc_column_text][vc_column_text]La F\u00e9d\u00e9ration Fran\u00e7aise de Karat\u00e9 et Disciplines Associ\u00e9es dispensent plusieurs formations.<\/p>\n<p>Les formations et certifications f\u00e9d\u00e9rales constituent une garantie pour les pratiquants et un gage de s\u00e9curit\u00e9 pour l&rsquo;association tenue \u00e0 une obligation de comp\u00e9tence et de s\u00e9curit\u00e9 \u00e0 l&rsquo;\u00e9gard des licenci\u00e9s notamment.[\/vc_column_text][vc_column_text]<\/p>\n<h3 style=\"text-align: center\"><span style=\"color: #0000ff\"><strong><u>Saison 2021-2022<\/u><\/strong><\/span><\/h3>\n<p><span style=\"color: #ff00ff\"><span style=\"text-decoration: underline\">La Formation\u00a0<\/span><b><u>Body Karat\u00e9<\/u>\u00a0<\/b><\/span>se d\u00e9roulera \u00e0 Plobsheim 67 les 9 et 10 juillet 2022<\/p>\n<h3><\/h3>\n<h3 style=\"text-align: center\"><span style=\"color: #0000ff\"><strong><u>Saison 2020-2021\u00a0<\/u><\/strong><\/span><\/h3>\n<p><strong>Les formations DIF\u00a0et BodyKarat\u00e9\u00a0<\/strong>sont organis\u00e9es par la Ligue R\u00e9gionale Grand Est.\u00a0Attention : Tenez compte des dates limites d&rsquo;envoi de vos dossiers d&rsquo;inscription.<\/p>\n<p><span style=\"color: #ff00ff\"><strong><u>La formation DIF<\/u><\/strong><\/span> propos\u00e9e par la Ligue r\u00e9gionale Grand Est est directement accessible\u00a0d\u00e8s la ceinture noire.<\/p>\n<p>Le DIF est le dipl\u00f4me d\u2019enseignant de r\u00e9f\u00e9rence dans un club affili\u00e9 \u00e0 la FFK pour le karat\u00e9 et toutes les disciplines associ\u00e9es : AMV, AMSEA, WUSHU, KRAV MAGA et YOSEIKAN BUDO.<\/p>\n<p><strong>OBJECTIFS<\/strong><br \/>\n&#8211; Ouvrir un club ;<br \/>\n&#8211; Planifier des cours pour diff\u00e9rents publics sp\u00e9cifiques (enfant, ados, adultes, seniors, para etc.) ;<br \/>\n&#8211; Acc\u00e9der aux stages de formation continue ;<br \/>\n&#8211; Apporter des comp\u00e9tences pour la progression et le perfectionnement des pratiquants ;<br \/>\n&#8211; Animer des cours en toute s\u00e9curit\u00e9 et en pleine autonomie ;<br \/>\n&#8211; Elargir son enseignement au-del\u00e0 du club.<\/p>\n<p><strong>PREREQUIS A L\u2019ENTREE EN FORMATION<\/strong><br \/>\n&#8211; Avoir 18 ans minimum ;<br \/>\n&#8211; Etre ceinture noire 1er Dan, Duan, Dang minimum ;<br \/>\n&#8211; Avoir la licence f\u00e9d\u00e9rale FFKDA de l\u2019ann\u00e9e en cours ;<br \/>\n&#8211; Poss\u00e9der un dipl\u00f4me de secourisme ou \u00e9quivalent.<\/p>\n<p><span style=\"text-decoration: underline\">N.B<\/span> : Le DIF est accessible aussi bien aux titulaires du DAF que pour les non titulaires du DAF mais poss\u00e9dant les pr\u00e9requis cit\u00e9s.<\/p>\n<p>Nous vous rappelons que le DIF permet d&rsquo;ouvrir un club et d&rsquo;enseigner b\u00e9n\u00e9volement en toute autonomie. Il permet de se pr\u00e9senter en formation CQP, dipl\u00f4me qui permet d&rsquo;enseigner contre r\u00e9mun\u00e9ration et \u00e9galement de suivre la formation coach national A pour \u00eatre habilit\u00e9 \u00e0 coacher toutes les comp\u00e9titions nationales, r\u00e9gionales, interd\u00e9partementales et d\u00e9partementales.<\/p>\n<p><span style=\"text-decoration: underline;color: #99cc00\">Formation DIF :<\/span><\/p>\n<p><em>Le licenci\u00e9 de la r\u00e9gion Grand Est choisi son lieu de formation DIF parmi les choix ci-dessous.\u00a0<\/em><\/p>\n<ul>\n<li><span style=\"text-decoration: underline\">Formation DIF \u00e0 Mulhouse,\u00a0 Alsace<\/span> : les 31 janvier, 13 f\u00e9vrier, 20 et 27 mars 2021. Evaluation le 10 avril 2021.<\/li>\n<li><span style=\"text-decoration: underline\">Formation DIF \u00e0 Tomblaine (54), Lorraine\u00a0<\/span>: les 30 janvier, 6 f\u00e9vrier, 6 et 13 mars 2021. Evaluation le 27 mars 2021.<\/li>\n<li><span style=\"text-decoration: underline\">Formation DIF \u00e0 Warmeriville (51), Champagne-Ardenne<\/span> : les 7, 13, 20 mars et 4 avril . \u00c9valuation le 17 avril 2021.\n<ul>\n<li>Formation\u00a0et \u00e9valuation des 20 mars et 4 avril report\u00e9s en mai 2021<\/li>\n<\/ul>\n<\/li>\n<\/ul>\n<p>Pr\u00e9sentation compl\u00e8te de la formation DIF 2020-2021 <span style=\"color: #0000ff\"><a style=\"color: #0000ff\" href=\"https:\/\/sites.ffkarate.fr\/grandest\/wp-content\/uploads\/sites\/112\/2020\/09\/Presentation-formation-DIF-2020-2021-et-attestations-stages-et-PA.pdf\" target=\"_blank\" rel=\"noopener\">ICI<\/a><\/span><\/p>\n<p>Pour valider les stages d\u00e9partementaux, de ZID, r\u00e9gionaux et nationaux chaque stagiaire doit faire \u00e9marger une fiche sp\u00e9cifique de suivi et dater ses participations.<\/p>\n<div id=\"attachment_4849\" style=\"width: 910px\" class=\"wp-caption alignnone\"><a href=\"https:\/\/sites.ffkarate.fr\/grandest\/wp-content\/uploads\/sites\/112\/2021\/04\/Evaluation-mulhouse-10-04-2021-e1618390330979.jpg\"><img decoding=\"async\" aria-describedby=\"caption-attachment-4849\" class=\"size-full wp-image-4849\" src=\"https:\/\/sites.ffkarate.fr\/grandest\/wp-content\/uploads\/sites\/112\/2021\/04\/Evaluation-mulhouse-10-04-2021-e1618390330979.jpg\" alt=\"Evaluation des candidats en formation \u00e0 Mulhouse - 10 avril 2021\" width=\"900\" height=\"407\" \/><\/a><p id=\"caption-attachment-4849\" class=\"wp-caption-text\">Evaluation des candidats en formation \u00e0 Mulhouse &#8211; 10 avril 2021<\/p><\/div>\n<div id=\"attachment_4837\" style=\"width: 910px\" class=\"wp-caption alignnone\"><a href=\"https:\/\/sites.ffkarate.fr\/grandest\/wp-content\/uploads\/sites\/112\/2021\/04\/167276609_236615268188016_4790992984713147493_n-e1617368688299.jpg\"><img decoding=\"async\" aria-describedby=\"caption-attachment-4837\" class=\"size-full wp-image-4837\" src=\"https:\/\/sites.ffkarate.fr\/grandest\/wp-content\/uploads\/sites\/112\/2021\/04\/167276609_236615268188016_4790992984713147493_n-e1617368688299.jpg\" alt=\"Evaluation des candidats en formation \u00e0 Tomblaine - 27 mars 2021\" width=\"900\" height=\"407\" \/><\/a><p id=\"caption-attachment-4837\" class=\"wp-caption-text\">Evaluation des candidats en formation \u00e0 Tomblaine &#8211; 27 mars 2021<\/p><\/div>\n<div id=\"attachment_4836\" style=\"width: 910px\" class=\"wp-caption alignnone\"><a href=\"https:\/\/sites.ffkarate.fr\/grandest\/wp-content\/uploads\/sites\/112\/2021\/04\/166911917_198543111709165_1227879442200235583_n-e1617368700284.jpg\"><img decoding=\"async\" aria-describedby=\"caption-attachment-4836\" class=\"size-full wp-image-4836\" src=\"https:\/\/sites.ffkarate.fr\/grandest\/wp-content\/uploads\/sites\/112\/2021\/04\/166911917_198543111709165_1227879442200235583_n-e1617368700284.jpg\" alt=\"Jurys d'\u00e9valuation DIF \u00e0 Tomblaine - 27 mars 2021\" width=\"900\" height=\"739\" \/><\/a><p id=\"caption-attachment-4836\" class=\"wp-caption-text\">Jurys d&rsquo;\u00e9valuation DIF \u00e0 Tomblaine &#8211; 27 mars 2021<\/p><\/div>\n<p>&nbsp;<\/p>\n<p>&nbsp;<\/p>\n<p><span style=\"color: #ff00ff\"><span style=\"text-decoration: underline\">La Formation\u00a0<\/span><span style=\"color: #ff00ff\"><b><u>Body Karat\u00e9<\/u>\u00a0<\/b><\/span><\/span>se d\u00e9roulera \u00e0 Plobsheim 67 les <del>12 et 13 d\u00e9cembre 2020. <\/del><span style=\"color: #ff6600\">Formation report\u00e9e au 12 et 13 juin 2021<\/span><\/p>\n<p><span style=\"color: #0000ff\"><a style=\"color: #0000ff\" href=\"https:\/\/sites.ffkarate.fr\/grandest\/wp-content\/uploads\/sites\/112\/2021\/04\/Fiche-Inscription-CBK_12-et-13-juin-2021.pdf\" target=\"_blank\" rel=\"noopener\">Dossier d&rsquo;inscription<\/a><\/span>\u00a0 Cl\u00f4ture des inscriptions le 3 juin 2021<\/p>\n<p>Pr\u00e9sentation compl\u00e8te de la formation CBK 2020-2021\u00a0<span style=\"color: #0000ff\"><a style=\"color: #0000ff\" href=\"https:\/\/sites.ffkarate.fr\/grandest\/wp-content\/uploads\/sites\/112\/2015\/01\/Presentation-formation-CBK-2020-2021.pdf\" target=\"_blank\" rel=\"noopener\">ICI<\/a>\u00a0 \u00a0 \u00a0\u00a0<\/span><\/p>\n<p><a href=\"https:\/\/sites.ffkarate.fr\/grandest\/wp-content\/uploads\/sites\/112\/2021\/04\/CBK-112-et-13-kuin-2021-e1619190176831.jpg\"><img decoding=\"async\" class=\"alignnone size-full wp-image-4858\" src=\"https:\/\/sites.ffkarate.fr\/grandest\/wp-content\/uploads\/sites\/112\/2021\/04\/CBK-112-et-13-kuin-2021-e1619190176831.jpg\" alt=\"CBK 12 et 13 juin 2021\" width=\"1000\" height=\"750\" \/><\/a><\/p>\n<p>&nbsp;<\/p>\n<hr \/>\n<p>&nbsp;<\/p>\n<p><strong><span style=\"color: #ff00ff\">Les formations AFA et DAF<\/span><\/strong>\u00a0sont organis\u00e9es dans les d\u00e9partements par les comit\u00e9s d\u00e9partementaux.<\/p>\n<p><u>La formation DAF<\/u> dans les d\u00e9partements est r\u00e9serv\u00e9e aux licenci\u00e9s titulaires de la ceinture noire<strong> (le d\u00e9lai de temps de grade ceinture noire est supprim\u00e9)<\/strong>.<\/p>\n<p><span style=\"text-decoration: underline\">La formation AFA<\/span>\u00a0dans les d\u00e9partements est\u00a0accessible aux licenci\u00e9s d\u00e8s la\u00a0<strong>ceinture\u00a0bleue.<\/strong><\/p>\n<p>&nbsp;<\/p>\n<p>&nbsp;<\/p>\n<hr \/>\n<p>[\/vc_column_text][\/vc_column][\/vc_row]<\/p>\n<\/div>","protected":false},"excerpt":{"rendered":"<p>[vc_row][vc_column][vc_column_text]La formation au Certificat de BodyKarat\u00e9 &#8211; CBK- est organis\u00e9e par la Ligue R\u00e9gionale Grand Est. Attention : Dossier d\u2019inscription. Formation les 08 et 09\/06\/2024 \u00e0 Plobsheim Les formations AFA, DAF et DIF sont organis\u00e9es dans les d\u00e9partements par les comit\u00e9s d\u00e9partementaux. Rapprochez-vous directement de votre comit\u00e9 d\u00e9partemental pour toutes les informations. Lien vers le [&hellip;]<\/p>\n","protected":false},"author":20,"featured_media":0,"parent":0,"menu_order":0,"comment_status":"closed","ping_status":"closed","template":"","meta":{"footnotes":""},"class_list":["post-56","page","type-page","status-publish","hentry"],"_links":{"self":[{"href":"https:\/\/sites.ffkarate.fr\/grandest\/wp-json\/wp\/v2\/pages\/56","targetHints":{"allow":["GET"]}}],"collection":[{"href":"https:\/\/sites.ffkarate.fr\/grandest\/wp-json\/wp\/v2\/pages"}],"about":[{"href":"https:\/\/sites.ffkarate.fr\/grandest\/wp-json\/wp\/v2\/types\/page"}],"author":[{"embeddable":true,"href":"https:\/\/sites.ffkarate.fr\/grandest\/wp-json\/wp\/v2\/users\/20"}],"replies":[{"embeddable":true,"href":"https:\/\/sites.ffkarate.fr\/grandest\/wp-json\/wp\/v2\/comments?post=56"}],"version-history":[{"count":10,"href":"https:\/\/sites.ffkarate.fr\/grandest\/wp-json\/wp\/v2\/pages\/56\/revisions"}],"predecessor-version":[{"id":7376,"href":"https:\/\/sites.ffkarate.fr\/grandest\/wp-json\/wp\/v2\/pages\/56\/revisions\/7376"}],"wp:attachment":[{"href":"https:\/\/sites.ffkarate.fr\/grandest\/wp-json\/wp\/v2\/media?parent=56"}],"curies":[{"name":"wp","href":"https:\/\/api.w.org\/{rel}","templated":true}]}}