{"id":4,"date":"2021-05-07T15:35:17","date_gmt":"2021-05-07T13:35:17","guid":{"rendered":"https:\/\/sites.ffkarate.fr\/hautecorse\/?page_id=4"},"modified":"2025-01-28T21:14:10","modified_gmt":"2025-01-28T20:14:10","slug":"presentation","status":"publish","type":"page","link":"https:\/\/sites.ffkarate.fr\/hautecorse\/presentation\/","title":{"rendered":"Pr\u00e9sentation du CDKDA 2B"},"content":{"rendered":"<div class=\"wpb-content-wrapper\"><p>[vc_row full_width=\u00a0\u00bbstretch_row_content\u00a0\u00bb bg_grey=\u00a0\u00bb1&Prime;][vc_column width=\u00a0\u00bb1\/4&Prime;][ffk_peoplecard image=\u00a0\u00bb195&Prime; title=\u00a0\u00bbJean-Fran\u00e7ois GANDON\u00a0\u00bb subtitle=\u00a0\u00bbPr\u00e9sident\u00a0\u00bb description=\u00a0\u00bbmail : cdkda2b@gmail.com\u00a0\u00bb][\/vc_column][vc_column width=\u00a0\u00bb3\/4&Prime;][vc_column_text]<\/p>\n<blockquote>\n<p><em>Bienvenue sur le site officiel du Comit\u00e9 d\u00e9partemental de Haute-Corse !<\/em><\/p>\n<p><em>Vous trouverez sur ce site toute l\u2019actualit\u00e9 du karat\u00e9 et de ses disciplines associ\u00e9es :<\/em><br \/>\n<em>le calendrier des diff\u00e9rentes comp\u00e9titions, les passages de grade, stages et autres manifestations, mais aussi toutes les informations et documents n\u00e9cessaires aux dirigeants de club ainsi qu\u2019aux licenci\u00e9s.<\/em><\/p>\n<p><em>Bonne visite.<\/em><\/p>\n<p>E bona furtuna !<\/p>\n<p><strong>Le Pr\u00e9sident du Comit\u00e9 d\u00e9partemental<\/strong><\/p>\n<\/blockquote>\n<p>[\/vc_column_text][\/vc_column][\/vc_row][vc_row][vc_column][vc_row_inner][vc_column_inner][vc_column_text]<\/p>\n<h3 class=\"entry-title\" style=\"text-align: center\"><strong><span style=\"color: #1423a0\">COMITE DIRECTEUR<\/span><\/strong><\/h3>\n<h6 style=\"text-align: center\">OLYMPIADE 2024\/2025<\/h6>\n<p>[\/vc_column_text][vc_column_text]<\/p>\n<h3 class=\"entry-title\" style=\"text-align: center\"><strong><span style=\"color: #1423a0\">BUREAU<\/span><\/strong><\/h3>\n<p>[\/vc_column_text][\/vc_column_inner][\/vc_row_inner][vc_empty_space height=\u00a0\u00bb40&Prime;][vc_row_inner equal_height=\u00a0\u00bbyes\u00a0\u00bb css=\u00a0\u00bb.vc_custom_1617006214271{border-bottom-width: 10px !important;}\u00a0\u00bb][vc_column_inner width=\u00a0\u00bb1\/4&Prime;][ffk_peoplecard image=\u00a0\u00bb195&Prime; title=\u00a0\u00bbJean-Fran\u00e7ois GANDON\u00a0\u00bb subtitle=\u00a0\u00bbPr\u00e9sident\u00a0\u00bb description=\u00a0\u00bbMail : cdkda2b@gmail.com\u00a0\u00bb][\/vc_column_inner][vc_column_inner width=\u00a0\u00bb1\/4&Prime;][ffk_peoplecard title=\u00a0\u00bbAlexandra SAMPIERI\u00a0\u00bb subtitle=\u00a0\u00bbSECRETAIRE GENERALE\u00a0\u00bb image=\u00a0\u00bb198&Prime; description=\u00a0\u00bbMail : cdkda2b@gmail.com\u00a0\u00bb][\/vc_column_inner][vc_column_inner width=\u00a0\u00bb1\/4&Prime;][ffk_peoplecard image=\u00a0\u00bb200&Prime; title=\u00a0\u00bbNathalie FEDERICI\u00a0\u00bb subtitle=\u00a0\u00bbTRESORIERE\u00a0\u00bb description=\u00a0\u00bbMail : cdkda2b@gmail.com\u00a0\u00bb][\/vc_column_inner][\/vc_row_inner][vc_empty_space height=\u00a0\u00bb40&Prime;][\/vc_column][\/vc_row][vc_row][vc_column][vc_empty_space height=\u00a0\u00bb40&Prime;][vc_row_inner][vc_column_inner][vc_column_text]<\/p>\n<h3 class=\"entry-title\" style=\"text-align: center\"><strong><span style=\"color: #1423a0\">MEMBRES<\/span><\/strong><\/h3>\n<h6 style=\"text-align: center\"><\/h6>\n<p>[\/vc_column_text][\/vc_column_inner][\/vc_row_inner][vc_row_inner][vc_column_inner width=\u00a0\u00bb1\/4&Prime;][ffk_peoplecard image=\u00a0\u00bb267&Prime; title=\u00a0\u00bbLaurent VINCENTI\u00a0\u00bb subtitle=\u00a0\u00bbMembre\u00a0\u00bb][ffk_peoplecard title=\u00a0\u00bbCharles SAMPIERI\u00a0\u00bb subtitle=\u00a0\u00bbMembre\u00a0\u00bb image=\u00a0\u00bb271&Prime;][ffk_peoplecard title=\u00a0\u00bbJacques CORBIN\u00a0\u00bb subtitle=\u00a0\u00bbMembre\u00a0\u00bb image=\u00a0\u00bb809&Prime;][\/vc_column_inner][vc_column_inner width=\u00a0\u00bb1\/4&Prime;][ffk_peoplecard title=\u00a0\u00bbPierre SPACCESI\u00a0\u00bb subtitle=\u00a0\u00bbMembre\u00a0\u00bb image=\u00a0\u00bb7&Prime;][ffk_peoplecard title=\u00a0\u00bbAur\u00e9lie FABIANI\u00a0\u00bb image=\u00a0\u00bb808&Prime; subtitle=\u00a0\u00bbMembre\u00a0\u00bb][\/vc_column_inner][vc_column_inner width=\u00a0\u00bb1\/4&Prime;][ffk_peoplecard image=\u00a0\u00bb7&Prime; title=\u00a0\u00bbFlorian FRANCESCONI\u00a0\u00bb subtitle=\u00a0\u00bbMembre\u00a0\u00bb][ffk_peoplecard title=\u00a0\u00bbJean Paul CORRIERI\u00a0\u00bb subtitle=\u00a0\u00bbMembre\u00a0\u00bb image=\u00a0\u00bb7&Prime;][\/vc_column_inner][vc_column_inner width=\u00a0\u00bb1\/4&Prime;][ffk_peoplecard image=\u00a0\u00bb7&Prime; title=\u00a0\u00bbJean Luc VIGNALI\u00a0\u00bb subtitle=\u00a0\u00bbMembre\u00a0\u00bb][ffk_peoplecard image=\u00a0\u00bb810&Prime; title=\u00a0\u00bbSt\u00e9phane MELONI\u00a0\u00bb subtitle=\u00a0\u00bbMembre\u00a0\u00bb][\/vc_column_inner][\/vc_row_inner][vc_empty_space height=\u00a0\u00bb40&Prime;][\/vc_column][\/vc_row]<\/p>\n<\/div>","protected":false},"excerpt":{"rendered":"<p>[vc_row full_width=\u00a0\u00bbstretch_row_content\u00a0\u00bb bg_grey=\u00a0\u00bb1&Prime;][vc_column width=\u00a0\u00bb1\/4&Prime;][ffk_peoplecard image=\u00a0\u00bb195&Prime; title=\u00a0\u00bbJean-Fran\u00e7ois GANDON\u00a0\u00bb subtitle=\u00a0\u00bbPr\u00e9sident\u00a0\u00bb description=\u00a0\u00bbmail : cdkda2b@gmail.com\u00a0\u00bb][\/vc_column][vc_column width=\u00a0\u00bb3\/4&Prime;][vc_column_text] Bienvenue sur le site officiel du Comit\u00e9 d\u00e9partemental de Haute-Corse ! Vous trouverez sur ce site toute l\u2019actualit\u00e9 du karat\u00e9 et de ses disciplines associ\u00e9es : le calendrier des diff\u00e9rentes comp\u00e9titions, les passages de grade, stages et autres manifestations, mais aussi toutes les [&hellip;]<\/p>\n","protected":false},"author":1,"featured_media":0,"parent":0,"menu_order":0,"comment_status":"closed","ping_status":"closed","template":"page-fullwidth.php","meta":{"footnotes":""},"class_list":["post-4","page","type-page","status-publish","hentry"],"_links":{"self":[{"href":"https:\/\/sites.ffkarate.fr\/hautecorse\/wp-json\/wp\/v2\/pages\/4","targetHints":{"allow":["GET"]}}],"collection":[{"href":"https:\/\/sites.ffkarate.fr\/hautecorse\/wp-json\/wp\/v2\/pages"}],"about":[{"href":"https:\/\/sites.ffkarate.fr\/hautecorse\/wp-json\/wp\/v2\/types\/page"}],"author":[{"embeddable":true,"href":"https:\/\/sites.ffkarate.fr\/hautecorse\/wp-json\/wp\/v2\/users\/1"}],"replies":[{"embeddable":true,"href":"https:\/\/sites.ffkarate.fr\/hautecorse\/wp-json\/wp\/v2\/comments?post=4"}],"version-history":[{"count":10,"href":"https:\/\/sites.ffkarate.fr\/hautecorse\/wp-json\/wp\/v2\/pages\/4\/revisions"}],"predecessor-version":[{"id":818,"href":"https:\/\/sites.ffkarate.fr\/hautecorse\/wp-json\/wp\/v2\/pages\/4\/revisions\/818"}],"wp:attachment":[{"href":"https:\/\/sites.ffkarate.fr\/hautecorse\/wp-json\/wp\/v2\/media?parent=4"}],"curies":[{"name":"wp","href":"https:\/\/api.w.org\/{rel}","templated":true}]}}