{"id":680,"date":"2018-10-03T16:12:25","date_gmt":"2018-10-03T14:12:25","guid":{"rendered":"https:\/\/sites.ffkarate.fr\/hauteloire\/?page_id=680"},"modified":"2025-05-13T17:21:57","modified_gmt":"2025-05-13T15:21:57","slug":"wushu","status":"publish","type":"page","link":"https:\/\/sites.ffkarate.fr\/hauteloire\/disciplines\/wushu\/","title":{"rendered":"Wushu"},"content":{"rendered":"<div class=\"wpb-content-wrapper\"><p>[vc_row][vc_column][vc_column_text]<\/p>\n<blockquote>\n<div class=\"mise-en-avant\"><a href=\"https:\/\/sites.ffkarate.fr\/hauteloire\/wp-content\/uploads\/sites\/50\/2018\/10\/wushu_triptyque_part1.jpg\"><img decoding=\"async\" class=\"alignnone size-medium wp-image-699\" src=\"https:\/\/sites.ffkarate.fr\/hauteloire\/wp-content\/uploads\/sites\/50\/2018\/10\/wushu_triptyque_part1-175x300.jpg\" alt=\"wushu_triptyque_part1\" width=\"175\" height=\"300\" \/><\/a> <a href=\"https:\/\/sites.ffkarate.fr\/hauteloire\/wp-content\/uploads\/sites\/50\/2018\/10\/wushu_triptyque_part2.jpg\"><img decoding=\"async\" class=\"alignnone size-medium wp-image-700\" src=\"https:\/\/sites.ffkarate.fr\/hauteloire\/wp-content\/uploads\/sites\/50\/2018\/10\/wushu_triptyque_part2-175x300.jpg\" alt=\"wushu_triptyque_part2\" width=\"175\" height=\"300\" \/><\/a> <a href=\"https:\/\/sites.ffkarate.fr\/hauteloire\/wp-content\/uploads\/sites\/50\/2018\/10\/wushu_triptyque_part3.jpg\"><img decoding=\"async\" class=\"alignnone size-medium wp-image-701\" src=\"https:\/\/sites.ffkarate.fr\/hauteloire\/wp-content\/uploads\/sites\/50\/2018\/10\/wushu_triptyque_part3-175x300.jpg\" alt=\"wushu_triptyque_part3\" width=\"175\" height=\"300\" \/><\/a><\/div>\n<div class=\"mise-en-avant\"><\/div>\n<div class=\"mise-en-avant\">\u00ab Le wushu d\u00e9signe collectivement tous les arts martiaux chinois sans distinction particuli\u00e8re de style ou de forme. \u00bb<\/div>\n<div class=\"mise-en-avant\"><\/div>\n<\/blockquote>\n<p>Cette d\u00e9finition figurant dans les statuts de la f\u00e9d\u00e9ration europ\u00e9enne de wushu (EWUF) signifie que les arts martiaux chinois rassemblent une grande vari\u00e9t\u00e9 de pratiques au sein d\u2019une identit\u00e9 historique et culturelle.<br \/>\nLes formes d\u2019expression comp\u00e9titive (competitive wushu) et traditionnelle (traditionnal wushu) font partie du wushu :<\/p>\n<ul>\n<li>les formes de combat comme le sanda (boxe pied-poing et lutte) ou le shua\u00ef-Jiao (lutte chinoise),<\/li>\n<li>les styles \u00ab externes \u00bb (shaolin, hung-gar, tang-lang, wing-tsun, etc.),<\/li>\n<li>les styles \u00ab internes \u00bb (taiji-quan, bagua-zhang, xing-yi-quan, etc.),<\/li>\n<li>le qi-gong (m\u00e9thodes de sant\u00e9 ou de bien-\u00eatre).<\/li>\n<\/ul>\n<p>Le patrimoine technique du wushu est donc immense, et cette richesse permet de proposer des activit\u00e9s adapt\u00e9es aux motivations de chacun.<\/p>\n<hr \/>\n<p><span style=\"color: #003366\"><strong>Club de Wushu en Haute-Loire :<\/strong><\/span><\/p>\n<ul>\n<li><span style=\"color: #003366\">Kung Fu Hung Gar \u00e0 Paulhac :\u00a006 63 40 96 69<\/span><\/li>\n<li><span style=\"color: #003366\">Wudang Pai Auvergne au Puy-en-Velay et Fay-la-Triouleyre : 06 85 42 22 56<br \/>\nhttp:\/\/wudang-pai-auvergne.fr\/<br \/>\n<\/span><\/li>\n<\/ul>\n<p>Pour une recherche de clubs plus d\u00e9taill\u00e9e, <strong><a href=\"https:\/\/www.ffkarate.fr\/espace-licencies\/recherche-clubs\/\" target=\"_blank\" rel=\"noopener\">cliquez ici !<\/a><\/strong>[\/vc_column_text][\/vc_column][\/vc_row]<\/p>\n<\/div>","protected":false},"excerpt":{"rendered":"<p>[vc_row][vc_column][vc_column_text] \u00ab Le wushu d\u00e9signe collectivement tous les arts martiaux chinois sans distinction particuli\u00e8re de style ou de forme. \u00bb Cette d\u00e9finition figurant dans les statuts de la f\u00e9d\u00e9ration europ\u00e9enne de wushu (EWUF) signifie que les arts martiaux chinois rassemblent une grande vari\u00e9t\u00e9 de pratiques au sein d\u2019une identit\u00e9 historique et culturelle. Les formes d\u2019expression [&hellip;]<\/p>\n","protected":false},"author":89,"featured_media":0,"parent":63,"menu_order":0,"comment_status":"closed","ping_status":"closed","template":"","meta":{"footnotes":""},"class_list":["post-680","page","type-page","status-publish","hentry"],"_links":{"self":[{"href":"https:\/\/sites.ffkarate.fr\/hauteloire\/wp-json\/wp\/v2\/pages\/680","targetHints":{"allow":["GET"]}}],"collection":[{"href":"https:\/\/sites.ffkarate.fr\/hauteloire\/wp-json\/wp\/v2\/pages"}],"about":[{"href":"https:\/\/sites.ffkarate.fr\/hauteloire\/wp-json\/wp\/v2\/types\/page"}],"author":[{"embeddable":true,"href":"https:\/\/sites.ffkarate.fr\/hauteloire\/wp-json\/wp\/v2\/users\/89"}],"replies":[{"embeddable":true,"href":"https:\/\/sites.ffkarate.fr\/hauteloire\/wp-json\/wp\/v2\/comments?post=680"}],"version-history":[{"count":4,"href":"https:\/\/sites.ffkarate.fr\/hauteloire\/wp-json\/wp\/v2\/pages\/680\/revisions"}],"predecessor-version":[{"id":2471,"href":"https:\/\/sites.ffkarate.fr\/hauteloire\/wp-json\/wp\/v2\/pages\/680\/revisions\/2471"}],"up":[{"embeddable":true,"href":"https:\/\/sites.ffkarate.fr\/hauteloire\/wp-json\/wp\/v2\/pages\/63"}],"wp:attachment":[{"href":"https:\/\/sites.ffkarate.fr\/hauteloire\/wp-json\/wp\/v2\/media?parent=680"}],"curies":[{"name":"wp","href":"https:\/\/api.w.org\/{rel}","templated":true}]}}