{"id":405,"date":"2021-08-05T15:50:46","date_gmt":"2021-08-05T13:50:46","guid":{"rendered":"https:\/\/sites.ffkarate.fr\/hautesaone\/?page_id=405"},"modified":"2021-08-05T15:53:12","modified_gmt":"2021-08-05T13:53:12","slug":"guide-memoire-pour-6eme-et-7eme-dan","status":"publish","type":"page","link":"https:\/\/sites.ffkarate.fr\/hautesaone\/guide-memoire-pour-6eme-et-7eme-dan\/","title":{"rendered":"Guide m\u00e9moire pour 6\u00e8me et 7\u00e8me dan"},"content":{"rendered":"<div class=\"wpb-content-wrapper\"><p>[vc_row][vc_column][vc_column_text]Cliquez dans l&rsquo;image<\/p>\n<p><a href=\"https:\/\/sites.ffkarate.fr\/franchecomte\/guide-memoire-pour-6eme-et-7eme-dan\/\"><img decoding=\"async\" class=\"alignnone size-medium wp-image-406\" src=\"https:\/\/sites.ffkarate.fr\/hautesaone\/wp-content\/uploads\/sites\/54\/2021\/08\/image-titre-224x300.jpg\" alt=\"\" width=\"224\" height=\"300\" srcset=\"https:\/\/sites.ffkarate.fr\/hautesaone\/wp-content\/uploads\/sites\/54\/2021\/08\/image-titre-224x300.jpg 224w, https:\/\/sites.ffkarate.fr\/hautesaone\/wp-content\/uploads\/sites\/54\/2021\/08\/image-titre.jpg 500w\" sizes=\"(max-width: 224px) 100vw, 224px\" \/><\/a>[\/vc_column_text][\/vc_column][\/vc_row]<\/p>\n<\/div>","protected":false},"excerpt":{"rendered":"<p>[vc_row][vc_column][vc_column_text]Cliquez dans l&rsquo;image [\/vc_column_text][\/vc_column][\/vc_row]<\/p>\n","protected":false},"author":100,"featured_media":0,"parent":0,"menu_order":0,"comment_status":"closed","ping_status":"closed","template":"","meta":{"footnotes":""},"class_list":["post-405","page","type-page","status-publish","hentry"],"_links":{"self":[{"href":"https:\/\/sites.ffkarate.fr\/hautesaone\/wp-json\/wp\/v2\/pages\/405","targetHints":{"allow":["GET"]}}],"collection":[{"href":"https:\/\/sites.ffkarate.fr\/hautesaone\/wp-json\/wp\/v2\/pages"}],"about":[{"href":"https:\/\/sites.ffkarate.fr\/hautesaone\/wp-json\/wp\/v2\/types\/page"}],"author":[{"embeddable":true,"href":"https:\/\/sites.ffkarate.fr\/hautesaone\/wp-json\/wp\/v2\/users\/100"}],"replies":[{"embeddable":true,"href":"https:\/\/sites.ffkarate.fr\/hautesaone\/wp-json\/wp\/v2\/comments?post=405"}],"version-history":[{"count":3,"href":"https:\/\/sites.ffkarate.fr\/hautesaone\/wp-json\/wp\/v2\/pages\/405\/revisions"}],"predecessor-version":[{"id":409,"href":"https:\/\/sites.ffkarate.fr\/hautesaone\/wp-json\/wp\/v2\/pages\/405\/revisions\/409"}],"wp:attachment":[{"href":"https:\/\/sites.ffkarate.fr\/hautesaone\/wp-json\/wp\/v2\/media?parent=405"}],"curies":[{"name":"wp","href":"https:\/\/api.w.org\/{rel}","templated":true}]}}