{"id":27,"date":"2021-05-07T15:56:14","date_gmt":"2021-05-07T13:56:14","guid":{"rendered":"https:\/\/sites.ffkarate.fr\/herault\/?page_id=27"},"modified":"2025-11-06T01:17:14","modified_gmt":"2025-11-06T00:17:14","slug":"formations","status":"publish","type":"page","link":"https:\/\/sites.ffkarate.fr\/herault\/formations\/","title":{"rendered":"Formations"},"content":{"rendered":"<div class=\"wpb-content-wrapper\"><p>[vc_row][vc_column][vc_single_image image=\u00a0\u00bb366&Prime; img_size=\u00a0\u00bbfull\u00a0\u00bb add_caption=\u00a0\u00bbyes\u00a0\u00bb][vc_empty_space height=\u00a0\u00bb10&Prime;][\/vc_column][\/vc_row][vc_row gap=\u00a0\u00bb15&Prime;][vc_column css_animation=\u00a0\u00bbnone\u00a0\u00bb][vc_column_text]<strong>Dates des formations 2025 \/ 2026<\/strong><\/p>\n<p>Les formations pour le d\u00e9partement de l\u2019H\u00e9rault se d\u00e9rouleront aux dates suivantes :<\/p>\n<p>\u2013\u00a0<strong>AFA<\/strong>\u00a0\u00a026\/04\/2026<strong>\u00a0<\/strong><\/p>\n<p>\u2013\u00a0<strong>DAF<\/strong> 21, 22\/02\/26 et 11\/04\/2026 &#8211; Examen le 19\/04\/2026<\/p>\n<p>\u2013\u00a0<strong>DIF<\/strong>\u00a0 21, 22\/02\/26 puis 28,29\/03\/26 &#8211; Examen le 19\/04\/2026<\/p>\n<p>&nbsp;<\/p>\n<p>Le dossier d\u2019inscription devra \u00eatre complet et retourn\u00e9\u00a0<strong>en courrier simple non recommand\u00e9 au moins 30 jours avant la date du d\u00e9but de formation <\/strong>(cachet poste faisant foi) au Comit\u00e9 D\u00e9partemental de Karat\u00e9 de l\u2019H\u00e9rault, MDSNM \u2013 BP7250 \u2013 66 Esplanade de l\u2019Egalit\u00e9 \u2013 34080 MONTPELLIER<\/p>\n<p><strong>OU<\/strong><\/p>\n<p>Inscription sur sikada, via le lien du calendrier CDK34.<\/p>\n<p>Vous devez dans la colonne de droite cliquer sur le lien d\u2019inscription. <strong>FORMATION<\/strong><\/p>\n<p>&nbsp;<\/p>\n<p><strong>T\u00e9l\u00e9charger les fiches d&rsquo;inscription et renseignements :<\/strong><\/p>\n<ul>\n<li><a href=\"https:\/\/sites.ffkarate.fr\/herault\/wp-content\/uploads\/sites\/58\/2021\/10\/Attestation-de-formation-en-club.pdf\">Attestation de formation en club<\/a><\/li>\n<li><a href=\"https:\/\/sites.ffkarate.fr\/herault\/wp-content\/uploads\/sites\/58\/2021\/10\/Attestation-de-participation-Federale-DAF.docx\">Attestation de participation F\u00e9d\u00e9rale DAF<\/a><\/li>\n<li><a href=\"https:\/\/sites.ffkarate.fr\/herault\/wp-content\/uploads\/sites\/58\/2021\/10\/Attestation-de-participation-Federale-DIF.docx\">Attestation de participation F\u00e9d\u00e9rale DIF<\/a><\/li>\n<li><a href=\"https:\/\/sites.ffkarate.fr\/herault\/wp-content\/uploads\/sites\/58\/2021\/10\/Fiche-Inscription-AFA.pdf\">Fiche Inscription AFA<\/a><\/li>\n<li><a href=\"https:\/\/sites.ffkarate.fr\/herault\/wp-content\/uploads\/sites\/58\/2021\/10\/Fiche-Inscription-DIF-V1.docx\">Fiche Inscription DIF V1<\/a> (word)<\/li>\n<li><a href=\"https:\/\/sites.ffkarate.fr\/herault\/wp-content\/uploads\/sites\/58\/2021\/10\/Fiche-Inscription-DIF-V1.pdf\">Fiche Inscription DIF V1<\/a> (PDF)<\/li>\n<li><a href=\"https:\/\/sites.ffkarate.fr\/herault\/wp-content\/uploads\/sites\/58\/2021\/10\/Info-DIF.pdf\">Modification DIF saison 2021 2022<\/a><\/li>\n<li><a href=\"https:\/\/sites.ffkarate.fr\/herault\/wp-content\/uploads\/sites\/58\/2021\/10\/MODIFIABLE-DAF_DEROGATION-LIEU-DE-PASSAGE.pdf\">DAF DEROGATION<\/a><\/li>\n<li><a href=\"https:\/\/sites.ffkarate.fr\/herault\/wp-content\/uploads\/sites\/58\/2021\/10\/MODIFIABLE-DIF_DEROGATION-LIEU-DE-PASSAGE.pdf\">DIF_DEROGATION<\/a><\/li>\n<li><a href=\"https:\/\/sites.ffkarate.fr\/herault\/wp-content\/uploads\/sites\/58\/2021\/10\/MODIFIABLE-Fiche-Inscription-DAF.pdf\">Fiche Inscription DAF<\/a><\/li>\n<li><a href=\"https:\/\/sites.ffkarate.fr\/herault\/wp-content\/uploads\/sites\/58\/2021\/10\/2022-Resume_reglementation_1e_DAN-DUAN-DANG_WEB_V2.pdf\">Renseignements sur les modifications des formations<\/a><\/li>\n<\/ul>\n<p>[\/vc_column_text][vc_column_text]<\/p>\n<h3>L&rsquo;attestation f\u00e9d\u00e9rale d&rsquo;assistant (AFA)<\/h3>\n<p>L\u2019AFA permet de donner une reconnaissance \u00e0 un intervenant b\u00e9n\u00e9vole qui aide occasionnellement un enseignant dipl\u00f4m\u00e9 minimum du DAF, \u00e0 encadrer des s\u00e9ances de karat\u00e9 ou d\u2019une discipline associ\u00e9e dans un club affili\u00e9 FFKDA. Il ne s\u2019agit pas d\u2019un dipl\u00f4me d\u2019enseignant autonome. Le responsable de la s\u00e9ance doit \u00eatre titulaire au minimum du DAF et \u00eatre pr\u00e9sent dans la salle pendant l\u2019intervention d\u2019un assistant titulaire de l\u2019AFA. En incitant des jeunes pratiquants \u00e0 s\u2019impliquer dans la vie associative, cette attestation accessible \u00e0 partir de la ceinture marron et de 14 \u00e0 18 ans, s\u2019int\u00e8gre donc dans la formation sportive citoyenne.<\/p>\n<p><a href=\"https:\/\/www.ffkarate.fr\/espace-licencies\/formations\/attestation-federale-assistant-afa\/\" target=\"_blank\" rel=\"noopener\">L\u2019AFA sur le site f\u00e9d\u00e9ral<\/a>[\/vc_column_text][\/vc_column][\/vc_row][vc_row gap=\u00a0\u00bb15&Prime;][vc_column css_animation=\u00a0\u00bbnone\u00a0\u00bb][vc_column_text]<\/p>\n<h3>Le dipl\u00f4me d&rsquo;animateur f\u00e9d\u00e9ral (DAF)<\/h3>\n<p>Le DAF permet l\u2019animation b\u00e9n\u00e9vole en pleine autonomie. Le DAF est la porte d\u2019acc\u00e8s \u00e0 l\u2019enseignement b\u00e9n\u00e9vole autonome du karat\u00e9 et de ses disciplines associ\u00e9es, dans tout club affili\u00e9 \u00e0 la FFKDA. Il est adapt\u00e9 \u00e0 l\u2019enseignement dans des petites structures associatives limit\u00e9es en nombre d\u2019adh\u00e9rents avec des niveaux de pratique allant de l\u2019initiation jusqu\u2019\u00e0 la ceinture noire 1er dan et favorisant la pr\u00e9paration sportive de comp\u00e9titeurs d\u00e9butants.<\/p>\n<p><a href=\"https:\/\/www.ffkarate.fr\/espace-licencies\/formations\/diplome-animateur-federal-daf\/\" target=\"_blank\" rel=\"noopener\">Le DAF sur le site f\u00e9d\u00e9ral<\/a>[\/vc_column_text][\/vc_column][\/vc_row][vc_row gap=\u00a0\u00bb15&Prime;][vc_column css_animation=\u00a0\u00bbnone\u00a0\u00bb][vc_column_text]<\/p>\n<h3>Le dipl\u00f4me d&rsquo;instructeur f\u00e9d\u00e9ral (DIF)<\/h3>\n<p>Le DIF est le niveau avanc\u00e9 de qualification pour l\u2019enseignement b\u00e9n\u00e9vole du karat\u00e9 et de ses disciplines associ\u00e9es, dans tout club affili\u00e9 \u00e0 la FFK. Il permet de diversifier les activit\u00e9s par rapport \u00e0 ses publics d\u2019un club (Enfants, adolescents, adultes et seniors) et de mieux en assurer le d\u00e9veloppement \u00e0 long terme.<br \/>\nLe DIF est directement accessible, sans pour autant passer par le DAF.<br \/>\nLe DIF permet l\u2019acquisition de points de bonification de grades et au coach A n\u2019ayant pas les pr\u00e9requis mais n\u00e9anmoins engag\u00e9 dans le processus de formation du DIF et participant au meeting et formation nationale des coaches peut \u00eatre dispens\u00e9 d\u2019un stage au choix de la partie sp\u00e9cifique du DIF.<\/p>\n<p><a href=\"https:\/\/www.ffkarate.fr\/espace-licencies\/formations\/diplome-instructeur-federal-dif\/\" target=\"_blank\" rel=\"noopener\">Le DIF sur le site f\u00e9d\u00e9ral<\/a>[\/vc_column_text][\/vc_column][\/vc_row][vc_row][vc_column][vc_column_text]<img decoding=\"async\" class=\"alignnone wp-image-1660 size-full\" src=\"https:\/\/sites.ffkarate.fr\/herault\/wp-content\/uploads\/sites\/58\/2021\/10\/DIF-1.jpg\" alt=\"\" width=\"610\" height=\"365\" srcset=\"https:\/\/sites.ffkarate.fr\/herault\/wp-content\/uploads\/sites\/58\/2021\/10\/DIF-1.jpg 610w, https:\/\/sites.ffkarate.fr\/herault\/wp-content\/uploads\/sites\/58\/2021\/10\/DIF-1-300x180.jpg 300w\" sizes=\"(max-width: 610px) 100vw, 610px\" \/><img decoding=\"async\" class=\"alignnone wp-image-1661 size-full\" src=\"https:\/\/sites.ffkarate.fr\/herault\/wp-content\/uploads\/sites\/58\/2021\/10\/DIF-2.jpg\" alt=\"\" width=\"636\" height=\"424\" srcset=\"https:\/\/sites.ffkarate.fr\/herault\/wp-content\/uploads\/sites\/58\/2021\/10\/DIF-2.jpg 636w, https:\/\/sites.ffkarate.fr\/herault\/wp-content\/uploads\/sites\/58\/2021\/10\/DIF-2-300x200.jpg 300w\" sizes=\"(max-width: 636px) 100vw, 636px\" \/>[\/vc_column_text][\/vc_column][\/vc_row][vc_row][vc_column][ffk_postgrid category=\u00a0\u00bb12&Prime;][\/vc_column][\/vc_row]<\/p>\n<\/div>","protected":false},"excerpt":{"rendered":"<p>La formation AFA\/DAF pour le d\u00e9partement de la Gironde se d\u00e9roulera les 09 et 10\/01\/2021 au Gymnase \u00e0 VERAC (33).<\/p>\n","protected":false},"author":1,"featured_media":0,"parent":0,"menu_order":0,"comment_status":"closed","ping_status":"closed","template":"","meta":{"footnotes":""},"class_list":["post-27","page","type-page","status-publish","hentry"],"_links":{"self":[{"href":"https:\/\/sites.ffkarate.fr\/herault\/wp-json\/wp\/v2\/pages\/27","targetHints":{"allow":["GET"]}}],"collection":[{"href":"https:\/\/sites.ffkarate.fr\/herault\/wp-json\/wp\/v2\/pages"}],"about":[{"href":"https:\/\/sites.ffkarate.fr\/herault\/wp-json\/wp\/v2\/types\/page"}],"author":[{"embeddable":true,"href":"https:\/\/sites.ffkarate.fr\/herault\/wp-json\/wp\/v2\/users\/1"}],"replies":[{"embeddable":true,"href":"https:\/\/sites.ffkarate.fr\/herault\/wp-json\/wp\/v2\/comments?post=27"}],"version-history":[{"count":12,"href":"https:\/\/sites.ffkarate.fr\/herault\/wp-json\/wp\/v2\/pages\/27\/revisions"}],"predecessor-version":[{"id":3429,"href":"https:\/\/sites.ffkarate.fr\/herault\/wp-json\/wp\/v2\/pages\/27\/revisions\/3429"}],"wp:attachment":[{"href":"https:\/\/sites.ffkarate.fr\/herault\/wp-json\/wp\/v2\/media?parent=27"}],"curies":[{"name":"wp","href":"https:\/\/api.w.org\/{rel}","templated":true}]}}

<div class="wpb-content-wrapper"><p>[vc_row][vc_column][vc_single_image image= »366&Prime; img_size= »full » add_caption= »yes »][vc_empty_space height= »10&Prime;][/vc_column][/vc_row][vc_row gap= »15&Prime;][vc_column css_animation= »none »][vc_column_text]<strong>Dates des formations 2025 / 2026</strong></p>
<p>Les formations pour le département de l’Hérault se dérouleront aux dates suivantes :</p>
<p>– <strong>AFA</strong>  26/04/2026<strong> </strong></p>
<p>– <strong>DAF</strong> 21, 22/02/26 et 11/04/2026 &#8211; Examen le 19/04/2026</p>
<p>– <strong>DIF</strong>  21, 22/02/26 puis 28,29/03/26 &#8211; Examen le 19/04/2026</p>
<p>&nbsp;</p>
<p>Le dossier d’inscription devra être complet et retourné <strong>en courrier simple non recommandé au moins 30 jours avant la date du début de formation </strong>(cachet poste faisant foi) au Comité Départemental de Karaté de l’Hérault, MDSNM – BP7250 – 66 Esplanade de l’Egalité – 34080 MONTPELLIER</p>
<p><strong>OU</strong></p>
<p>Inscription sur sikada, via le lien du calendrier CDK34.</p>
<p>Vous devez dans la colonne de droite cliquer sur le lien d’inscription. <strong>FORMATION</strong></p>
<p>&nbsp;</p>
<p><strong>Télécharger les fiches d&rsquo;inscription et renseignements :</strong></p>
<ul>
<li><a href="https://sites.ffkarate.fr/herault/wp-content/uploads/sites/58/2021/10/Attestation-de-formation-en-club.pdf">Attestation de formation en club</a></li>
<li><a href="https://sites.ffkarate.fr/herault/wp-content/uploads/sites/58/2021/10/Attestation-de-participation-Federale-DAF.docx">Attestation de participation Fédérale DAF</a></li>
<li><a href="https://sites.ffkarate.fr/herault/wp-content/uploads/sites/58/2021/10/Attestation-de-participation-Federale-DIF.docx">Attestation de participation Fédérale DIF</a></li>
<li><a href="https://sites.ffkarate.fr/herault/wp-content/uploads/sites/58/2021/10/Fiche-Inscription-AFA.pdf">Fiche Inscription AFA</a></li>
<li><a href="https://sites.ffkarate.fr/herault/wp-content/uploads/sites/58/2021/10/Fiche-Inscription-DIF-V1.docx">Fiche Inscription DIF V1</a> (word)</li>
<li><a href="https://sites.ffkarate.fr/herault/wp-content/uploads/sites/58/2021/10/Fiche-Inscription-DIF-V1.pdf">Fiche Inscription DIF V1</a> (PDF)</li>
<li><a href="https://sites.ffkarate.fr/herault/wp-content/uploads/sites/58/2021/10/Info-DIF.pdf">Modification DIF saison 2021 2022</a></li>
<li><a href="https://sites.ffkarate.fr/herault/wp-content/uploads/sites/58/2021/10/MODIFIABLE-DAF_DEROGATION-LIEU-DE-PASSAGE.pdf">DAF DEROGATION</a></li>
<li><a href="https://sites.ffkarate.fr/herault/wp-content/uploads/sites/58/2021/10/MODIFIABLE-DIF_DEROGATION-LIEU-DE-PASSAGE.pdf">DIF_DEROGATION</a></li>
<li><a href="https://sites.ffkarate.fr/herault/wp-content/uploads/sites/58/2021/10/MODIFIABLE-Fiche-Inscription-DAF.pdf">Fiche Inscription DAF</a></li>
<li><a href="https://sites.ffkarate.fr/herault/wp-content/uploads/sites/58/2021/10/2022-Resume_reglementation_1e_DAN-DUAN-DANG_WEB_V2.pdf">Renseignements sur les modifications des formations</a></li>
</ul>
<p>[/vc_column_text][vc_column_text]</p>
<h3>L&rsquo;attestation fédérale d&rsquo;assistant (AFA)</h3>
<p>L’AFA permet de donner une reconnaissance à un intervenant bénévole qui aide occasionnellement un enseignant diplômé minimum du DAF, à encadrer des séances de karaté ou d’une discipline associée dans un club affilié FFKDA. Il ne s’agit pas d’un diplôme d’enseignant autonome. Le responsable de la séance doit être titulaire au minimum du DAF et être présent dans la salle pendant l’intervention d’un assistant titulaire de l’AFA. En incitant des jeunes pratiquants à s’impliquer dans la vie associative, cette attestation accessible à partir de la ceinture marron et de 14 à 18 ans, s’intègre donc dans la formation sportive citoyenne.</p>
<p><a href="https://www.ffkarate.fr/espace-licencies/formations/attestation-federale-assistant-afa/" target="_blank" rel="noopener">L’AFA sur le site fédéral</a>[/vc_column_text][/vc_column][/vc_row][vc_row gap= »15&Prime;][vc_column css_animation= »none »][vc_column_text]</p>
<h3>Le diplôme d&rsquo;animateur fédéral (DAF)</h3>
<p>Le DAF permet l’animation bénévole en pleine autonomie. Le DAF est la porte d’accès à l’enseignement bénévole autonome du karaté et de ses disciplines associées, dans tout club affilié à la FFKDA. Il est adapté à l’enseignement dans des petites structures associatives limitées en nombre d’adhérents avec des niveaux de pratique allant de l’initiation jusqu’à la ceinture noire 1er dan et favorisant la préparation sportive de compétiteurs débutants.</p>
<p><a href="https://www.ffkarate.fr/espace-licencies/formations/diplome-animateur-federal-daf/" target="_blank" rel="noopener">Le DAF sur le site fédéral</a>[/vc_column_text][/vc_column][/vc_row][vc_row gap= »15&Prime;][vc_column css_animation= »none »][vc_column_text]</p>
<h3>Le diplôme d&rsquo;instructeur fédéral (DIF)</h3>
<p>Le DIF est le niveau avancé de qualification pour l’enseignement bénévole du karaté et de ses disciplines associées, dans tout club affilié à la FFK. Il permet de diversifier les activités par rapport à ses publics d’un club (Enfants, adolescents, adultes et seniors) et de mieux en assurer le développement à long terme.<br />
Le DIF est directement accessible, sans pour autant passer par le DAF.<br />
Le DIF permet l’acquisition de points de bonification de grades et au coach A n’ayant pas les prérequis mais néanmoins engagé dans le processus de formation du DIF et participant au meeting et formation nationale des coaches peut être dispensé d’un stage au choix de la partie spécifique du DIF.</p>
<p><a href="https://www.ffkarate.fr/espace-licencies/formations/diplome-instructeur-federal-dif/" target="_blank" rel="noopener">Le DIF sur le site fédéral</a>[/vc_column_text][/vc_column][/vc_row][vc_row][vc_column][vc_column_text]<img decoding="async" class="alignnone wp-image-1660 size-full" src="https://sites.ffkarate.fr/herault/wp-content/uploads/sites/58/2021/10/DIF-1.jpg" alt="" width="610" height="365" srcset="https://sites.ffkarate.fr/herault/wp-content/uploads/sites/58/2021/10/DIF-1.jpg 610w, https://sites.ffkarate.fr/herault/wp-content/uploads/sites/58/2021/10/DIF-1-300x180.jpg 300w" sizes="(max-width: 610px) 100vw, 610px" /><img decoding="async" class="alignnone wp-image-1661 size-full" src="https://sites.ffkarate.fr/herault/wp-content/uploads/sites/58/2021/10/DIF-2.jpg" alt="" width="636" height="424" srcset="https://sites.ffkarate.fr/herault/wp-content/uploads/sites/58/2021/10/DIF-2.jpg 636w, https://sites.ffkarate.fr/herault/wp-content/uploads/sites/58/2021/10/DIF-2-300x200.jpg 300w" sizes="(max-width: 636px) 100vw, 636px" />[/vc_column_text][/vc_column][/vc_row][vc_row][vc_column][ffk_postgrid category= »12&Prime;][/vc_column][/vc_row]</p>
</div>

<p>La formation AFA/DAF pour le département de la Gironde se déroulera les 09 et 10/01/2021 au Gymnase à VERAC (33).</p>
