{"id":3189,"date":"2025-07-02T23:33:46","date_gmt":"2025-07-02T21:33:46","guid":{"rendered":"https:\/\/sites.ffkarate.fr\/herault\/?page_id=3189"},"modified":"2025-07-02T23:54:02","modified_gmt":"2025-07-02T21:54:02","slug":"les-petites-annonces","status":"publish","type":"page","link":"https:\/\/sites.ffkarate.fr\/herault\/les-petites-annonces\/","title":{"rendered":"Les petites annonces"},"content":{"rendered":"<div class=\"wpb-content-wrapper\"><p>[vc_row][vc_column][vc_column_text]<\/p>\n<h5>Si vous recherchez un professeur ou un club pour enseigner, du mat\u00e9riel, etc&#8230; consultez cette page<\/h5>\n<p>[\/vc_column_text][\/vc_column][\/vc_row][vc_row][vc_column][vc_column_text]<span style=\"color: #000080\"><strong>Annonces :<\/strong><\/span><\/p>\n<p>Dipl\u00f4m\u00e9e du <strong>B<\/strong>revet d&rsquo;<strong>E<\/strong>tat Karat\u00e9 j&rsquo;aimerais enseigner dans un club d\u00e8s la rentr\u00e9e de septembre 2025. Si vous recherchez un professeur pour les enfants, contactez-moi :<br \/>\n<strong>Nom<\/strong> &#8211; CAULIER Aur\u00e9lia<br \/>\n<strong>Mail<\/strong> &#8211; <span style=\"color: #000080\">bebeyaya12@hotmail.com<\/span><br \/>\n<strong>TEL<\/strong> &#8211; 06 70 75 12 16[\/vc_column_text][\/vc_column][vc_column][\/vc_column][\/vc_row]<\/p>\n<\/div>","protected":false},"excerpt":{"rendered":"<p>[vc_row][vc_column][vc_column_text] Si vous recherchez un professeur ou un club pour enseigner, du mat\u00e9riel, etc&#8230; consultez cette page [\/vc_column_text][\/vc_column][\/vc_row][vc_row][vc_column][vc_column_text]Annonces : Dipl\u00f4m\u00e9e du Brevet d&rsquo;Etat Karat\u00e9 j&rsquo;aimerais enseigner dans un club d\u00e8s la rentr\u00e9e de septembre 2025. Si vous recherchez un professeur pour les enfants, contactez-moi : Nom &#8211; CAULIER Aur\u00e9lia Mail &#8211; bebeyaya12@hotmail.com TEL &#8211; 06 [&hellip;]<\/p>\n","protected":false},"author":88,"featured_media":0,"parent":0,"menu_order":0,"comment_status":"closed","ping_status":"closed","template":"","meta":{"footnotes":""},"class_list":["post-3189","page","type-page","status-publish","hentry"],"_links":{"self":[{"href":"https:\/\/sites.ffkarate.fr\/herault\/wp-json\/wp\/v2\/pages\/3189","targetHints":{"allow":["GET"]}}],"collection":[{"href":"https:\/\/sites.ffkarate.fr\/herault\/wp-json\/wp\/v2\/pages"}],"about":[{"href":"https:\/\/sites.ffkarate.fr\/herault\/wp-json\/wp\/v2\/types\/page"}],"author":[{"embeddable":true,"href":"https:\/\/sites.ffkarate.fr\/herault\/wp-json\/wp\/v2\/users\/88"}],"replies":[{"embeddable":true,"href":"https:\/\/sites.ffkarate.fr\/herault\/wp-json\/wp\/v2\/comments?post=3189"}],"version-history":[{"count":7,"href":"https:\/\/sites.ffkarate.fr\/herault\/wp-json\/wp\/v2\/pages\/3189\/revisions"}],"predecessor-version":[{"id":3200,"href":"https:\/\/sites.ffkarate.fr\/herault\/wp-json\/wp\/v2\/pages\/3189\/revisions\/3200"}],"wp:attachment":[{"href":"https:\/\/sites.ffkarate.fr\/herault\/wp-json\/wp\/v2\/media?parent=3189"}],"curies":[{"name":"wp","href":"https:\/\/api.w.org\/{rel}","templated":true}]}}

<div class="wpb-content-wrapper"><p>[vc_row][vc_column][vc_column_text]</p>
<h5>Si vous recherchez un professeur ou un club pour enseigner, du matériel, etc&#8230; consultez cette page</h5>
<p>[/vc_column_text][/vc_column][/vc_row][vc_row][vc_column][vc_column_text]<span style="color: #000080"><strong>Annonces :</strong></span></p>
<p>Diplômée du <strong>B</strong>revet d&rsquo;<strong>E</strong>tat Karaté j&rsquo;aimerais enseigner dans un club dès la rentrée de septembre 2025. Si vous recherchez un professeur pour les enfants, contactez-moi :<br />
<strong>Nom</strong> &#8211; CAULIER Aurélia<br />
<strong>Mail</strong> &#8211; <span style="color: #000080">bebeyaya12@hotmail.com</span><br />
<strong>TEL</strong> &#8211; 06 70 75 12 16[/vc_column_text][/vc_column][vc_column][/vc_column][/vc_row]</p>
</div>

<p>[vc_row][vc_column][vc_column_text] Si vous recherchez un professeur ou un club pour enseigner, du matériel, etc&#8230; consultez cette page [/vc_column_text][/vc_column][/vc_row][vc_row][vc_column][vc_column_text]Annonces : Diplômée du Brevet d&rsquo;Etat Karaté j&rsquo;aimerais enseigner dans un club dès la rentrée de septembre 2025. Si vous recherchez un professeur pour les enfants, contactez-moi : Nom &#8211; CAULIER Aurélia Mail &#8211; bebeyaya12@hotmail.com TEL &#8211; 06 [&hellip;]</p>
