{"id":2458,"date":"2021-04-12T07:38:22","date_gmt":"2021-04-12T05:38:22","guid":{"rendered":"https:\/\/sites.ffkarate.fr\/iledefrance\/?page_id=2458"},"modified":"2024-07-13T21:04:30","modified_gmt":"2024-07-13T19:04:30","slug":"petites-annonces","status":"publish","type":"page","link":"https:\/\/sites.ffkarate.fr\/iledefrance\/la-ligue\/petites-annonces\/","title":{"rendered":"Petites annonces"},"content":{"rendered":"<div class=\"wpb-content-wrapper\"><p>[vc_row][vc_column][vc_column_text]<\/p>\n<h2>Petites annonces<\/h2>\n<p>Vous \u00eates un club \u00e0 la recherche d&rsquo;un professeur ou un professeur \u00e0 la recherche d&rsquo;un club sur l&rsquo;Ile-De-France, n&rsquo;h\u00e9sitez pas \u00e0 nous \u00e9crire (<strong><span style=\"color: #1423a0\"><a style=\"color: #1423a0\" href=\"mailto:idf@ffkarate.fr\" target=\"_blank\" rel=\"noopener\">idf@ffkarate.fr<\/a><\/span><\/strong>) et nous relaierons l&rsquo;information.[\/vc_column_text][\/vc_column][\/vc_row][vc_row][vc_column][vc_column_text]<\/p>\n<h1><span style=\"color: #0000ff\">RECHERCHE CLUB POUR ENSEIGNER<\/span><\/h1>\n<p><em>Pas encore de petite annonce&#8230;<\/em>[\/vc_column_text][\/vc_column][\/vc_row][vc_row][vc_column][vc_column_text]<\/p>\n<h1><span style=\"color: #0000ff\"><strong>RECHERCHE ENSEIGNANT (E.S)<\/strong><\/span><\/h1>\n<p>[\/vc_column_text][\/vc_column][\/vc_row]<\/p>\n<\/div>","protected":false},"excerpt":{"rendered":"<p>[vc_row][vc_column][vc_column_text] Petites annonces Vous \u00eates un club \u00e0 la recherche d&rsquo;un professeur ou un professeur \u00e0 la recherche d&rsquo;un club sur l&rsquo;Ile-De-France, n&rsquo;h\u00e9sitez pas \u00e0 nous \u00e9crire (idf@ffkarate.fr) et nous relaierons l&rsquo;information.[\/vc_column_text][\/vc_column][\/vc_row][vc_row][vc_column][vc_column_text] RECHERCHE CLUB POUR ENSEIGNER Pas encore de petite annonce&#8230;[\/vc_column_text][\/vc_column][\/vc_row][vc_row][vc_column][vc_column_text] RECHERCHE ENSEIGNANT (E.S) [\/vc_column_text][\/vc_column][\/vc_row]<\/p>\n","protected":false},"author":61,"featured_media":2462,"parent":50,"menu_order":0,"comment_status":"closed","ping_status":"closed","template":"page-fullwidth.php","meta":{"footnotes":""},"class_list":["post-2458","page","type-page","status-publish","hentry"],"_links":{"self":[{"href":"https:\/\/sites.ffkarate.fr\/iledefrance\/wp-json\/wp\/v2\/pages\/2458","targetHints":{"allow":["GET"]}}],"collection":[{"href":"https:\/\/sites.ffkarate.fr\/iledefrance\/wp-json\/wp\/v2\/pages"}],"about":[{"href":"https:\/\/sites.ffkarate.fr\/iledefrance\/wp-json\/wp\/v2\/types\/page"}],"author":[{"embeddable":true,"href":"https:\/\/sites.ffkarate.fr\/iledefrance\/wp-json\/wp\/v2\/users\/61"}],"replies":[{"embeddable":true,"href":"https:\/\/sites.ffkarate.fr\/iledefrance\/wp-json\/wp\/v2\/comments?post=2458"}],"version-history":[{"count":11,"href":"https:\/\/sites.ffkarate.fr\/iledefrance\/wp-json\/wp\/v2\/pages\/2458\/revisions"}],"predecessor-version":[{"id":4844,"href":"https:\/\/sites.ffkarate.fr\/iledefrance\/wp-json\/wp\/v2\/pages\/2458\/revisions\/4844"}],"up":[{"embeddable":true,"href":"https:\/\/sites.ffkarate.fr\/iledefrance\/wp-json\/wp\/v2\/pages\/50"}],"wp:featuredmedia":[{"embeddable":true,"href":"https:\/\/sites.ffkarate.fr\/iledefrance\/wp-json\/wp\/v2\/media\/2462"}],"wp:attachment":[{"href":"https:\/\/sites.ffkarate.fr\/iledefrance\/wp-json\/wp\/v2\/media?parent=2458"}],"curies":[{"name":"wp","href":"https:\/\/api.w.org\/{rel}","templated":true}]}}