{"id":4425,"date":"2021-05-28T00:22:59","date_gmt":"2021-05-27T22:22:59","guid":{"rendered":"https:\/\/sites.ffkarate.fr\/illeetvilaine\/?page_id=4425"},"modified":"2025-11-30T16:25:58","modified_gmt":"2025-11-30T15:25:58","slug":"equipe-technique","status":"publish","type":"page","link":"https:\/\/sites.ffkarate.fr\/illeetvilaine\/equipe-technique\/","title":{"rendered":"EQUIPE TECHNIQUE"},"content":{"rendered":"<div class=\"wpb-content-wrapper\"><p>[vc_row][vc_column][ffk_peoplecard image=\u00a0\u00bb7109&Prime; title=\u00a0\u00bbYoann HOCHET\u00a0\u00bb subtitle=\u00a0\u00bbDirecteur Technique D\u00e9partemental\u00a0\u00bb description=\u00a0\u00bbdtd.cdk35@gmail.com<br \/>\n06.08.71.47.13&Prime;][\/vc_column][\/vc_row][vc_row][vc_column][vc_column_text]<strong>ARBITRAGE<\/strong>[\/vc_column_text][\/vc_column][\/vc_row][vc_row][vc_column width=\u00a0\u00bb1\/2&Prime;][ffk_peoplecard title=\u00a0\u00bbNicolas HAVARD\u00a0\u00bb subtitle=\u00a0\u00bbResponsable Arbitrage\u00a0\u00bb description=\u00a0\u00bbcdk35.arbitrage@gmail.com<br \/>\n06.26.54.27.00&Prime; image=\u00a0\u00bb6214&Prime;][\/vc_column][vc_column width=\u00a0\u00bb1\/2&Prime;][ffk_peoplecard title=\u00a0\u00bbMarine VILCOT\u00a0\u00bb subtitle=\u00a0\u00bbResponsable Arbitrage adjointe\u00a0\u00bb description=\u00a0\u00bbcdk35.arbitrage@gmail.com<br \/>\nmarine.vilcot@laposte.net<br \/>\n07.81.95.05.24&Prime; image=\u00a0\u00bb6270&Prime;][\/vc_column][\/vc_row][vc_row][vc_column][vc_column_text]<strong>FORMATION<\/strong>[\/vc_column_text][\/vc_column][\/vc_row][vc_row][vc_column][ffk_peoplecard title=\u00a0\u00bbVincent MEGNAN\u00a0\u00bb subtitle=\u00a0\u00bbResponsable Formation\u00a0\u00bb description=\u00a0\u00bbvmegnan@gmail.com<br \/>\n06.06.80.48.00&Prime; image=\u00a0\u00bb4256&Prime;][\/vc_column][\/vc_row][vc_row][vc_column][vc_column_text]<strong>REFERENTS<\/strong>[\/vc_column_text][\/vc_column][\/vc_row][vc_row][vc_column width=\u00a0\u00bb1\/3&Prime;][ffk_peoplecard image=\u00a0\u00bb6216&Prime; title=\u00a0\u00bbJean-Pierre PLANCHETTE\u00a0\u00bb subtitle=\u00a0\u00bbKarat\u00e9 traditionnel\u00a0\u00bb description=\u00a0\u00bbplanchette1310@gmail.com<br \/>\n06.30.34.67.03&Prime;][\/vc_column][vc_column width=\u00a0\u00bb1\/3&Prime;][ffk_peoplecard image=\u00a0\u00bb6217&Prime; title=\u00a0\u00bbPierrick LEMOU\u00a0\u00bb subtitle=\u00a0\u00bbKarat\u00e9 S\u00e9nior et Sant\u00e9\u00a0\u00bb description=\u00a0\u00bbplemou@club-internet.fr<br \/>\n06.72.08.56.81&Prime;][\/vc_column][vc_column width=\u00a0\u00bb1\/3&Prime;][ffk_peoplecard title=\u00a0\u00bbCharles SAGOT\u00a0\u00bb subtitle=\u00a0\u00bbKarat\u00e9 Contact\u00a0\u00bb description=\u00a0\u00bbsagotcharles695@gmail.com<br \/>\n07.77.80.06.93&Prime;][\/vc_column][\/vc_row][vc_row][vc_column width=\u00a0\u00bb1\/3&Prime;][ffk_peoplecard title=\u00a0\u00bbJean-Jacques BUFFET\u00a0\u00bb subtitle=\u00a0\u00bbKobudo\u00a0\u00bb description=\u00a0\u00bbbuffet.jj@wanadoo.fr<br \/>\n06.15.46.24.82&Prime; image=\u00a0\u00bb6304&Prime;][\/vc_column][vc_column width=\u00a0\u00bb1\/3&Prime;][ffk_peoplecard title=\u00a0\u00bbSamuel MORIN\u00a0\u00bb subtitle=\u00a0\u00bbYoseikan Budo\u00a0\u00bb description=\u00a0\u00bbsarsam45@gmail.com<br \/>\n06.35.50.18.11&Prime;][\/vc_column][vc_column width=\u00a0\u00bb1\/3&Prime;][ffk_peoplecard title=\u00a0\u00bbBaptiste GIRARD\u00a0\u00bb subtitle=\u00a0\u00bbAMV\u00a0\u00bb description=\u00a0\u00bbbaptistegirard97@gmail.com<br \/>\n06.75.32.32.29&Prime;][\/vc_column][\/vc_row][vc_row][vc_column width=\u00a0\u00bb1\/3&Prime;][ffk_peoplecard title=\u00a0\u00bbEmilie Fruaut\u00a0\u00bb subtitle=\u00a0\u00bbKata sportif\u00a0\u00bb description=\u00a0\u00bbemiliefruaut@gmail.com<br \/>\n06.22.78.85.58&Prime; image=\u00a0\u00bb6683&Prime;][\/vc_column][vc_column width=\u00a0\u00bb1\/3&Prime;][ffk_peoplecard title=\u00a0\u00bbLo\u00efc LE GALL\u00a0\u00bb subtitle=\u00a0\u00bbBody Karat\u00e9\u00a0\u00bb description=\u00a0\u00bbloic.legall@orange.com<br \/>\n06.87.72.02.15&Prime; image=\u00a0\u00bb6236&Prime;][\/vc_column][vc_column width=\u00a0\u00bb1\/3&Prime;][ffk_peoplecard title=\u00a0\u00bbRenaud GUILLIER\u00a0\u00bb subtitle=\u00a0\u00bbKarat\u00e9 Mix\u00a0\u00bb description=\u00a0\u00bbrenaud.guillier@gmail.com<br \/>\n06.79.10.43.39&Prime; image=\u00a0\u00bb6682&Prime;][\/vc_column][\/vc_row]<\/p>\n<\/div>","protected":false},"excerpt":{"rendered":"<p>[vc_row][vc_column][ffk_peoplecard image=\u00a0\u00bb7109&Prime; title=\u00a0\u00bbYoann HOCHET\u00a0\u00bb subtitle=\u00a0\u00bbDirecteur Technique D\u00e9partemental\u00a0\u00bb description=\u00a0\u00bbdtd.cdk35@gmail.com 06.08.71.47.13&Prime;][\/vc_column][\/vc_row][vc_row][vc_column][vc_column_text]ARBITRAGE[\/vc_column_text][\/vc_column][\/vc_row][vc_row][vc_column width=\u00a0\u00bb1\/2&Prime;][ffk_peoplecard title=\u00a0\u00bbNicolas HAVARD\u00a0\u00bb subtitle=\u00a0\u00bbResponsable Arbitrage\u00a0\u00bb description=\u00a0\u00bbcdk35.arbitrage@gmail.com 06.26.54.27.00&Prime; image=\u00a0\u00bb6214&Prime;][\/vc_column][vc_column width=\u00a0\u00bb1\/2&Prime;][ffk_peoplecard title=\u00a0\u00bbMarine VILCOT\u00a0\u00bb subtitle=\u00a0\u00bbResponsable Arbitrage adjointe\u00a0\u00bb description=\u00a0\u00bbcdk35.arbitrage@gmail.com marine.vilcot@laposte.net 07.81.95.05.24&Prime; image=\u00a0\u00bb6270&Prime;][\/vc_column][\/vc_row][vc_row][vc_column][vc_column_text]FORMATION[\/vc_column_text][\/vc_column][\/vc_row][vc_row][vc_column][ffk_peoplecard title=\u00a0\u00bbVincent MEGNAN\u00a0\u00bb subtitle=\u00a0\u00bbResponsable Formation\u00a0\u00bb description=\u00a0\u00bbvmegnan@gmail.com 06.06.80.48.00&Prime; image=\u00a0\u00bb4256&Prime;][\/vc_column][\/vc_row][vc_row][vc_column][vc_column_text]REFERENTS[\/vc_column_text][\/vc_column][\/vc_row][vc_row][vc_column width=\u00a0\u00bb1\/3&Prime;][ffk_peoplecard image=\u00a0\u00bb6216&Prime; title=\u00a0\u00bbJean-Pierre PLANCHETTE\u00a0\u00bb subtitle=\u00a0\u00bbKarat\u00e9 traditionnel\u00a0\u00bb description=\u00a0\u00bbplanchette1310@gmail.com 06.30.34.67.03&Prime;][\/vc_column][vc_column width=\u00a0\u00bb1\/3&Prime;][ffk_peoplecard image=\u00a0\u00bb6217&Prime; title=\u00a0\u00bbPierrick LEMOU\u00a0\u00bb subtitle=\u00a0\u00bbKarat\u00e9 S\u00e9nior et Sant\u00e9\u00a0\u00bb description=\u00a0\u00bbplemou@club-internet.fr 06.72.08.56.81&Prime;][\/vc_column][vc_column width=\u00a0\u00bb1\/3&Prime;][ffk_peoplecard title=\u00a0\u00bbCharles SAGOT\u00a0\u00bb [&hellip;]<\/p>\n","protected":false},"author":160,"featured_media":0,"parent":0,"menu_order":0,"comment_status":"closed","ping_status":"closed","template":"","meta":{"footnotes":""},"class_list":["post-4425","page","type-page","status-publish","hentry"],"_links":{"self":[{"href":"https:\/\/sites.ffkarate.fr\/illeetvilaine\/wp-json\/wp\/v2\/pages\/4425","targetHints":{"allow":["GET"]}}],"collection":[{"href":"https:\/\/sites.ffkarate.fr\/illeetvilaine\/wp-json\/wp\/v2\/pages"}],"about":[{"href":"https:\/\/sites.ffkarate.fr\/illeetvilaine\/wp-json\/wp\/v2\/types\/page"}],"author":[{"embeddable":true,"href":"https:\/\/sites.ffkarate.fr\/illeetvilaine\/wp-json\/wp\/v2\/users\/160"}],"replies":[{"embeddable":true,"href":"https:\/\/sites.ffkarate.fr\/illeetvilaine\/wp-json\/wp\/v2\/comments?post=4425"}],"version-history":[{"count":13,"href":"https:\/\/sites.ffkarate.fr\/illeetvilaine\/wp-json\/wp\/v2\/pages\/4425\/revisions"}],"predecessor-version":[{"id":7117,"href":"https:\/\/sites.ffkarate.fr\/illeetvilaine\/wp-json\/wp\/v2\/pages\/4425\/revisions\/7117"}],"wp:attachment":[{"href":"https:\/\/sites.ffkarate.fr\/illeetvilaine\/wp-json\/wp\/v2\/media?parent=4425"}],"curies":[{"name":"wp","href":"https:\/\/api.w.org\/{rel}","templated":true}]}}