{"id":6549,"date":"2024-10-09T08:43:19","date_gmt":"2024-10-09T06:43:19","guid":{"rendered":"https:\/\/sites.ffkarate.fr\/illeetvilaine\/?page_id=6549"},"modified":"2024-10-09T11:04:52","modified_gmt":"2024-10-09T09:04:52","slug":"kobudo","status":"publish","type":"page","link":"https:\/\/sites.ffkarate.fr\/illeetvilaine\/disciplines\/karate\/kobudo\/","title":{"rendered":"KOBUDO"},"content":{"rendered":"<div class=\"wpb-content-wrapper\"><p>[vc_row][vc_column][vc_column_text]<\/p>\n<h2>Les Kobudo<\/h2>\n<p><strong><em>Kobudo<\/em><\/strong>\u00a0signifie \u00ab\u00a0<em><strong>Art Martial Ancien<\/strong><\/em>\u00a0\u00bb et regroupe les arts martiaux pratiqu\u00e9s avec des armes.<\/p>\n<p>Deux courants principaux sont \u00e0 distinguer ; d\u2019abord, celui des arts martiaux pratiqu\u00e9s sur la plus grande \u00eele du Japon (Honshu), et ensuite, les arts martiaux issus de l\u2019archipel\u00a0<strong>d\u2019Okinawa<\/strong>.<\/p>\n<ul>\n<li>Le\u00a0<strong>Kobudo japonais<\/strong>\u00a0est n\u00e9 dans les champs de bataille et sa pratique dispens\u00e9 au sein des \u00e9coles traditionnelles anciennes est li\u00e9e \u00e0 la pratique du sabre. On y retrouve donc des d\u00e9placements typiques du maniement du sabre. Ces \u00e9coles \u00e9taient g\u00e9n\u00e9ralement r\u00e9serv\u00e9es aux Samoura\u00ef.<\/li>\n<li>Le\u00a0<strong>Kobudo d\u2019Okinawa<\/strong>\u00a0au lieu d\u2019utiliser des armes issues de la guerre (sabre, lance, arc\u2026) utilise lui des outils du quotidien, b\u00e2ton, rame, fl\u00e9au \u00e0 riz, faucilles etc., transform\u00e9s en armes d\u2019auto-d\u00e9fense. Il a \u00e9t\u00e9 d\u00e9velopp\u00e9 par les paysans puis enrichi par les nobles d\u2019Okinawa sous les influences de la Chine et de toute l\u2019Asie de Sud-est.<\/li>\n<\/ul>\n<h3><\/h3>\n<h3>Les Kobudo d\u2019Okinawa<\/h3>\n<p>Deux grandes \u00e9coles distinctes ayant chacune leurs propres kata et progression ont marqu\u00e9 le d\u00e9veloppement des Kobudo \u00e0 Okinawa. Il s\u2019agit des\u00a0<strong>Ryukyu Kobudo<\/strong>\u00a0de Ma\u00eetre\u00a0<strong>Shinken TAIRA<\/strong>\u00a0(1897-1970) et des\u00a0<strong>Okinawa Kobudo<\/strong>\u00a0de Ma\u00eetre\u00a0<strong>Shinko MATAYOSHI<\/strong>\u00a0(1888-1947). La majorit\u00e9 des dojos enseignants actuellement les kobudo \u00e0 Okinawa sont issus de ces deux \u00e9coles principales avec bien sur des variantes selon les groupes et le parcours des Sense\u00ef enseignants dans ces dojos.<\/p>\n<p>En dehors de ces deux \u00e9coles principales, d\u2019autres \u00e9coles existent \u00e9galement comme la Ryuei-ryu et la Yamane-ryu mais ces \u00e9coles ont tr\u00e8s peu de dojos \u00e0 Okinawa.<\/p>\n<p>Sur l\u2019\u00eele d\u2019Okinawa, la pratique des kobudo a longtemps \u00e9t\u00e9 indissociable de la pratique du karat\u00e9, c\u2019est relativement r\u00e9cemment (apr\u00e8s la guerre du Pacifique) que leur pratique a \u00e9t\u00e9 diff\u00e9renci\u00e9e et m\u00eame s\u2019ils ne sont pas connus comme des experts en kobudo, la majorit\u00e9 des enseignants de karat\u00e9 \u00e0 Okinawa excellait dans la pratique d\u2019une \u00e0 deux armes de kobudo en compl\u00e9ment de leur pratique du karat\u00e9.<\/p>\n<p><img decoding=\"async\" class=\"aligncenter\" src=\"https:\/\/www.ffkarate.fr\/wp-content\/uploads\/2020\/12\/Oshiro_Zenei.jpg\" alt=\"\" width=\"175\" height=\"170\" data-name=\"image\" \/><\/p>\n<p>Le responsable du Kobudo au sein de la F\u00e9d\u00e9ration est Ma\u00eetre Zene\u00ef OSHIRO 9\u00e8me dan de Kobudo d\u2019Okinawa.[\/vc_column_text][\/vc_column][\/vc_row][vc_row][vc_column][ffk_button size=\u00a0\u00bbbig\u00a0\u00bb link=\u00a0\u00bburl:https%3A%2F%2Fsites.ffkarate.fr%2Filleetvilaine%2Ftrouver-un-club%2F|title:Trouver%20un%20club\u00a0\u00bb][\/vc_column][\/vc_row]<\/p>\n<\/div>","protected":false},"excerpt":{"rendered":"<p>[vc_row][vc_column][vc_column_text] Les Kobudo Kobudo\u00a0signifie \u00ab\u00a0Art Martial Ancien\u00a0\u00bb et regroupe les arts martiaux pratiqu\u00e9s avec des armes. Deux courants principaux sont \u00e0 distinguer ; d\u2019abord, celui des arts martiaux pratiqu\u00e9s sur la plus grande \u00eele du Japon (Honshu), et ensuite, les arts martiaux issus de l\u2019archipel\u00a0d\u2019Okinawa. Le\u00a0Kobudo japonais\u00a0est n\u00e9 dans les champs de bataille et sa [&hellip;]<\/p>\n","protected":false},"author":160,"featured_media":0,"parent":76,"menu_order":0,"comment_status":"closed","ping_status":"closed","template":"","meta":{"footnotes":""},"class_list":["post-6549","page","type-page","status-publish","hentry"],"_links":{"self":[{"href":"https:\/\/sites.ffkarate.fr\/illeetvilaine\/wp-json\/wp\/v2\/pages\/6549","targetHints":{"allow":["GET"]}}],"collection":[{"href":"https:\/\/sites.ffkarate.fr\/illeetvilaine\/wp-json\/wp\/v2\/pages"}],"about":[{"href":"https:\/\/sites.ffkarate.fr\/illeetvilaine\/wp-json\/wp\/v2\/types\/page"}],"author":[{"embeddable":true,"href":"https:\/\/sites.ffkarate.fr\/illeetvilaine\/wp-json\/wp\/v2\/users\/160"}],"replies":[{"embeddable":true,"href":"https:\/\/sites.ffkarate.fr\/illeetvilaine\/wp-json\/wp\/v2\/comments?post=6549"}],"version-history":[{"count":3,"href":"https:\/\/sites.ffkarate.fr\/illeetvilaine\/wp-json\/wp\/v2\/pages\/6549\/revisions"}],"predecessor-version":[{"id":6559,"href":"https:\/\/sites.ffkarate.fr\/illeetvilaine\/wp-json\/wp\/v2\/pages\/6549\/revisions\/6559"}],"up":[{"embeddable":true,"href":"https:\/\/sites.ffkarate.fr\/illeetvilaine\/wp-json\/wp\/v2\/pages\/76"}],"wp:attachment":[{"href":"https:\/\/sites.ffkarate.fr\/illeetvilaine\/wp-json\/wp\/v2\/media?parent=6549"}],"curies":[{"name":"wp","href":"https:\/\/api.w.org\/{rel}","templated":true}]}}