{"id":1482,"date":"2019-10-14T17:24:52","date_gmt":"2019-10-14T15:24:52","guid":{"rendered":"https:\/\/sites.ffkarate.fr\/isere\/?page_id=1482"},"modified":"2025-11-17T23:52:21","modified_gmt":"2025-11-17T22:52:21","slug":"grades-2","status":"publish","type":"page","link":"https:\/\/sites.ffkarate.fr\/isere\/grades-2\/","title":{"rendered":"Grades"},"content":{"rendered":"<div class=\"wpb-content-wrapper\"><p>[vc_row][vc_column][ffk_buttons buttons=\u00a0\u00bb%5B%7B%22link%22%3A%22url%3Ahttps%253A%252F%252Fwww.ffkarate.fr%252Fwp-content%252Fuploads%252F2024%252F06%252FCSDGE-TECHNIQUE-PARTIE-KARATE-2023-2024_V3.pdf%7Ctitle%3AR%25C3%25A8glements%2520CSDGE%7Ctarget%3A_blank%22%2C%22color%22%3A%22primary%22%7D%5D\u00a0\u00bb][vc_column_text]<\/p>\n<div class=\"title\"><b><a href=\"https:\/\/sites.ffkarate.fr\/isere\/wp-content\/uploads\/sites\/28\/2019\/09\/tremolet.jpg\"><img decoding=\"async\" class=\"alignnone size-full wp-image-1408\" src=\"https:\/\/sites.ffkarate.fr\/isere\/wp-content\/uploads\/sites\/62\/2019\/09\/tremolet.jpg\" alt=\"\" width=\"120\" height=\"160\" \/><\/a><\/b><\/div>\n<div class=\"title\"><b>Florent<br \/>\nTREMOLET<\/b><\/div>\n<div class=\"function\">Responsable des Grades<\/div>\n<p style=\"text-align: left\">Pour le contacter : <a href=\"mailto:grades.cdki@gmail.com\">grades.cdki@gmail.com<\/a><\/p>\n<hr \/>\n<h2>Fiches d&rsquo;inscription pour les passages de grades dans le d\u00e9partement de l&rsquo;Is\u00e8re:<\/h2>\n<p><a href=\"https:\/\/sites.ffkarate.fr\/isere\/wp-content\/uploads\/sites\/62\/2024\/12\/fiche-inscription-AMV-Isere.pdf\">fiche inscription AMV Is\u00e8re<\/a><\/p>\n<p><a href=\"https:\/\/sites.ffkarate.fr\/isere\/wp-content\/uploads\/sites\/62\/2024\/12\/fiche-inscription-karate-contact-full-Isere.pdf\">fiche inscription karate contact &#8211; full Is\u00e8re<\/a><\/p>\n<p><a href=\"https:\/\/sites.ffkarate.fr\/isere\/wp-content\/uploads\/sites\/62\/2024\/12\/fiche-inscription-karate-do-Isere.pdf\">fiche inscription karate do Is\u00e8re<\/a><\/p>\n<p><a href=\"https:\/\/sites.ffkarate.fr\/isere\/wp-content\/uploads\/sites\/62\/2024\/12\/fiche-inscription-karate-jutsu-Isere.pdf\">fiche inscription karate jutsu Is\u00e8re<\/a><\/p>\n<p><a href=\"https:\/\/sites.ffkarate.fr\/isere\/wp-content\/uploads\/sites\/62\/2024\/12\/fiche-inscription-kempo-Isere.pdf\">fiche inscription kempo Is\u00e8re<\/a><\/p>\n<p><a href=\"https:\/\/sites.ffkarate.fr\/isere\/wp-content\/uploads\/sites\/62\/2024\/12\/fiche-inscription-krav-maga-Isere.pdf\">fiche inscription krav maga Is\u00e8re<\/a><\/p>\n<p><span style=\"color: #333399\"><a href=\"https:\/\/sites.ffkarate.fr\/isere\/wp-content\/uploads\/sites\/62\/2024\/12\/fiche-inscription-wushu-Isere.pdf\">fiche inscription wushu Is\u00e8re<\/a><\/span><\/p>\n<p><a href=\"https:\/\/sites.ffkarate.fr\/isere\/wp-content\/uploads\/sites\/62\/2024\/12\/fiche-inscription-Yoseikan-Isere.pdf\">fiche inscription Yoseikan Is\u00e8re<\/a><\/p>\n<p>&nbsp;<\/p>\n<hr \/>\n<h1><strong><span style=\"font-size: large\"><i><u>Passage de grade d\u00e9partemental du 1er au 4\u00e8me dan<\/u><\/i><\/span><\/strong><\/h1>\n<h4>Le Comit\u00e9 D\u00e9partemental de l\u2019Is\u00e8re vous informe que les examens au\u00a0 passage de grades de la saison 2025 \/ 2026 se d\u00e9rouleront en janvier et en juin 2026<\/h4>\n<h4>En janvier 2026 :<\/h4>\n<ul>\n<li>Vendredi 23 janvier 2026 \u00e0 19h30 \u00e0 Saint Etienne de Crossey pour le 4<sup>\u00e8me<\/sup> dan<\/li>\n<li>Samedi 24 janvier 2026 \u00e0 Saint Etienne de Crossey pour les 1<sup>er<\/sup>, 2<sup>\u00e8me<\/sup> et 3<sup>\u00e8me<\/sup> dan<\/li>\n<\/ul>\n<h4><\/h4>\n<h4>En juin 2026 :<\/h4>\n<ul>\n<li>Vendredi 19 juin 2026 \u00e0 St Etienne de Crossey pour le 4\u00e8me dan<\/li>\n<li>Samedi 20 juin 2026 \u00e0 St Etienne de Crossey pour les 1er, 2\u00e8me et 3\u00e8me dan<\/li>\n<\/ul>\n<div>Pour rappel, l&rsquo;envoi des dossiers doit intervenir<b> 30 jours<\/b> avant la date de l&rsquo;examen.<\/div>\n<h1><\/h1>\n<h1><strong><span style=\"font-size: large\"><i><u>Passage de grade du 1er dan en club<\/u><\/i><\/span><\/strong><\/h1>\n<div>Pour les clubs qui organisent le passage de grade du 1er dan vous trouverez ci-dessous le bordereau d&rsquo;admission \u00e0 envoyer rempli et sign\u00e9 au Comit\u00e9 D\u00e9partemental de Karat\u00e9 de l&rsquo;Is\u00e8re<\/div>\n<div><a href=\"https:\/\/sites.ffkarate.fr\/isere\/wp-content\/uploads\/sites\/62\/2023\/11\/Bordereau-admission-1er-DAN.pdf\">Bordereau admission 1er DAN<\/a><\/div>\n<div><\/div>\n<div><\/div>\n<div><\/div>\n<p>[\/vc_column_text][\/vc_column][\/vc_row]<\/p>\n<\/div>","protected":false},"excerpt":{"rendered":"<p>[vc_row][vc_column][ffk_buttons buttons=\u00a0\u00bb%5B%7B%22link%22%3A%22url%3Ahttps%253A%252F%252Fwww.ffkarate.fr%252Fwp-content%252Fuploads%252F2024%252F06%252FCSDGE-TECHNIQUE-PARTIE-KARATE-2023-2024_V3.pdf%7Ctitle%3AR%25C3%25A8glements%2520CSDGE%7Ctarget%3A_blank%22%2C%22color%22%3A%22primary%22%7D%5D\u00a0\u00bb][vc_column_text] Florent TREMOLET Responsable des Grades Pour le contacter : grades.cdki@gmail.com Fiches d&rsquo;inscription pour les passages de grades dans le d\u00e9partement de l&rsquo;Is\u00e8re: fiche inscription AMV Is\u00e8re fiche inscription karate contact &#8211; full Is\u00e8re fiche inscription karate do Is\u00e8re fiche inscription karate jutsu Is\u00e8re fiche inscription kempo Is\u00e8re fiche inscription krav maga Is\u00e8re fiche [&hellip;]<\/p>\n","protected":false},"author":130,"featured_media":0,"parent":0,"menu_order":0,"comment_status":"closed","ping_status":"closed","template":"","meta":{"footnotes":""},"class_list":["post-1482","page","type-page","status-publish","hentry"],"_links":{"self":[{"href":"https:\/\/sites.ffkarate.fr\/isere\/wp-json\/wp\/v2\/pages\/1482","targetHints":{"allow":["GET"]}}],"collection":[{"href":"https:\/\/sites.ffkarate.fr\/isere\/wp-json\/wp\/v2\/pages"}],"about":[{"href":"https:\/\/sites.ffkarate.fr\/isere\/wp-json\/wp\/v2\/types\/page"}],"author":[{"embeddable":true,"href":"https:\/\/sites.ffkarate.fr\/isere\/wp-json\/wp\/v2\/users\/130"}],"replies":[{"embeddable":true,"href":"https:\/\/sites.ffkarate.fr\/isere\/wp-json\/wp\/v2\/comments?post=1482"}],"version-history":[{"count":12,"href":"https:\/\/sites.ffkarate.fr\/isere\/wp-json\/wp\/v2\/pages\/1482\/revisions"}],"predecessor-version":[{"id":4033,"href":"https:\/\/sites.ffkarate.fr\/isere\/wp-json\/wp\/v2\/pages\/1482\/revisions\/4033"}],"wp:attachment":[{"href":"https:\/\/sites.ffkarate.fr\/isere\/wp-json\/wp\/v2\/media?parent=1482"}],"curies":[{"name":"wp","href":"https:\/\/api.w.org\/{rel}","templated":true}]}}