{"id":293,"date":"2015-08-19T23:55:55","date_gmt":"2015-08-19T21:55:55","guid":{"rendered":"https:\/\/sites.ffkarate.fr\/isere\/?page_id=293"},"modified":"2015-08-19T23:55:55","modified_gmt":"2015-08-19T21:55:55","slug":"commission-arbitrage","status":"publish","type":"page","link":"https:\/\/sites.ffkarate.fr\/isere\/comite\/commission-arbitrage\/","title":{"rendered":"Commission arbitrage"},"content":{"rendered":"<div class=\"wpb-content-wrapper\"><p>[vc_row][vc_column][vc_column_text]&nbsp;<\/p>\n<ul class=\"trombi-list-top\">\n<li>\n<div class=\"title\"><b><a href=\"https:\/\/sites.ffkarate.fr\/isere\/wp-content\/uploads\/sites\/28\/2015\/08\/Nassim-Benali.png\"><img decoding=\"async\" class=\"alignnone size-thumbnail wp-image-1470\" src=\"https:\/\/sites.ffkarate.fr\/isere\/wp-content\/uploads\/sites\/28\/2015\/08\/Nassim-Benali-150x150.png\" alt=\"Nassim Benali\" width=\"150\" height=\"150\" \/><\/a>Nassim<br \/>\n<b>BENALI<\/b><\/b><\/div>\n<div class=\"function\">Responsable de la commission d&rsquo;arbitrage<\/div>\n<\/li>\n<\/ul>\n<p><span style=\"color: #3366ff\">Contact mail\u00a0: <a style=\"color: #3366ff\" href=\"mailto:arbitrage@karateisere.fr\">arbitrage@karateisere.fr<\/a><\/span><\/p>\n<p>&nbsp;<\/p>\n<p>&nbsp;<\/p>\n<h2>R\u00e8glement des comp\u00e9titions et d\u2019arbitrage<\/h2>\n<ul>\n<li><a href=\"https:\/\/www.ffkarate.fr\/wp-content\/uploads\/2020\/08\/Reglement-competitions-2020-2021-Version-definitive-le-20.07.20.pdf\" target=\"_blank\" rel=\"noopener\">R\u00e9glement comp\u00e9titions 2020-2021<\/a><\/li>\n<li><a href=\"https:\/\/www.ffkarate.fr\/wp-content\/uploads\/2020\/09\/categorie_age_poids_2020-2021.pdf\" target=\"_blank\" rel=\"noopener\">cat\u00e9gorie_d&rsquo;\u00e2ge et de_poids_2020-2021<\/a><\/li>\n<li><a href=\"https:\/\/www.ffkarate.fr\/wp-content\/uploads\/2020\/08\/Reglement-darbitrage-2020-2021-Version-definitive-le-15-06-20.pdf\" target=\"_blank\" rel=\"noopener\">R\u00e8glement arbitrage 2020-2021<\/a><\/li>\n<\/ul>\n<h2><\/h2>\n<p>[\/vc_column_text][\/vc_column][\/vc_row]<\/p>\n<\/div>","protected":false},"excerpt":{"rendered":"<p>[vc_row][vc_column][vc_column_text]&nbsp; Nassim BENALI Responsable de la commission d&rsquo;arbitrage Contact mail\u00a0: arbitrage@karateisere.fr &nbsp; &nbsp; R\u00e8glement des comp\u00e9titions et d\u2019arbitrage R\u00e9glement comp\u00e9titions 2020-2021 cat\u00e9gorie_d&rsquo;\u00e2ge et de_poids_2020-2021 R\u00e8glement arbitrage 2020-2021 [\/vc_column_text][\/vc_column][\/vc_row]<\/p>\n","protected":false},"author":97,"featured_media":0,"parent":50,"menu_order":0,"comment_status":"closed","ping_status":"closed","template":"","meta":{"footnotes":""},"class_list":["post-293","page","type-page","status-publish","hentry"],"_links":{"self":[{"href":"https:\/\/sites.ffkarate.fr\/isere\/wp-json\/wp\/v2\/pages\/293","targetHints":{"allow":["GET"]}}],"collection":[{"href":"https:\/\/sites.ffkarate.fr\/isere\/wp-json\/wp\/v2\/pages"}],"about":[{"href":"https:\/\/sites.ffkarate.fr\/isere\/wp-json\/wp\/v2\/types\/page"}],"author":[{"embeddable":true,"href":"https:\/\/sites.ffkarate.fr\/isere\/wp-json\/wp\/v2\/users\/97"}],"replies":[{"embeddable":true,"href":"https:\/\/sites.ffkarate.fr\/isere\/wp-json\/wp\/v2\/comments?post=293"}],"version-history":[{"count":0,"href":"https:\/\/sites.ffkarate.fr\/isere\/wp-json\/wp\/v2\/pages\/293\/revisions"}],"up":[{"embeddable":true,"href":"https:\/\/sites.ffkarate.fr\/isere\/wp-json\/wp\/v2\/pages\/50"}],"wp:attachment":[{"href":"https:\/\/sites.ffkarate.fr\/isere\/wp-json\/wp\/v2\/media?parent=293"}],"curies":[{"name":"wp","href":"https:\/\/api.w.org\/{rel}","templated":true}]}}