{"id":57,"date":"2015-01-08T11:32:57","date_gmt":"2015-01-08T11:32:57","guid":{"rendered":"https:\/\/sites.ffkarate.fr\/testclone\/?page_id=57"},"modified":"2024-10-08T10:33:52","modified_gmt":"2024-10-08T08:33:52","slug":"grades-3","status":"publish","type":"page","link":"https:\/\/sites.ffkarate.fr\/liguebretagne\/grades-3\/","title":{"rendered":"Grades"},"content":{"rendered":"<div class=\"wpb-content-wrapper\"><p>[vc_row][vc_column][vc_column_text]<\/p>\n<h3>RESPONSABLES GRADES<\/h3>\n<p>[\/vc_column_text][\/vc_column][\/vc_row][vc_row][vc_column width=\u00a0\u00bb1\/2&Prime;][ffk_peoplecard image=\u00a0\u00bb2241&Prime; title=\u00a0\u00bbR\u00e9my CABON\u00a0\u00bb subtitle=\u00a0\u00bbResponsable Grades Karat\u00e9\u00a0\u00bb description=\u00a0\u00bbT\u00e9l : 06.72.65.04.71<br \/>\ngrades.karate@liguebretagnekarate.fr\u00a0\u00bb][\/vc_column][vc_column width=\u00a0\u00bb1\/2&Prime;][ffk_peoplecard image=\u00a0\u00bb11018&Prime; title=\u00a0\u00bbChristine RIPART\u00a0\u00bb subtitle=\u00a0\u00bbResponsable grades Wushu-AMC\u00a0\u00bb description=\u00a0\u00bbT\u00e9l : 06.14.58.40.99<br \/>\ngrades.wushu@liguebretagnekarate.fr\u00a0\u00bb][\/vc_column][\/vc_row][vc_row][vc_column width=\u00a0\u00bb1\/2&Prime;][ffk_peoplecard title=\u00a0\u00bbDidier LUCAS\u00a0\u00bb subtitle=\u00a0\u00bbResponsable Grades Krav-Maga\u00a0\u00bb image=\u00a0\u00bb8451&Prime; description=\u00a0\u00bbgrades.kravmaga@liguebretagnekarate.fr\u00a0\u00bb][\/vc_column][vc_column width=\u00a0\u00bb1\/2&Prime;][ffk_peoplecard subtitle=\u00a0\u00bbResponsable Grades Karat\u00e9 Mix\u00a0\u00bb description=\u00a0\u00bbgrades.karatemix@liguebretagnekarate.fr\u00a0\u00bb title=\u00a0\u00bbJ\u00e9r\u00f4me CHARLES\u00a0\u00bb image=\u00a0\u00bb7094&Prime;][\/vc_column][\/vc_row][vc_row][vc_column][vc_column_text]<\/p>\n<h3>RESPONSABLES D\u00c9PARTEMENTAUX<\/h3>\n<p>[\/vc_column_text][\/vc_column][\/vc_row][vc_row][vc_column][vc_column_text]<\/p>\n<ul>\n<li>CDK 22 : Abdelaziz DABCHY<\/li>\n<li>CDK 29 : KARATE &#8211; Bernard PAUGAM<\/li>\n<li>CDK 29 : KRAV MAGA &#8211; Sylvain RENARD<\/li>\n<li>CDK 35 : KARATE &#8211; Baghdad AISSAOUI<\/li>\n<li>CDK 35 : AMV &#8211; Ga\u00ebtan BRAHIM<\/li>\n<li>CDK 56 : KARAT\u00c9 &#8211; Roland LEBRUN<\/li>\n<li>CDK 56 : WUSHU &#8211; Christine RIPART<\/li>\n<\/ul>\n<p>[\/vc_column_text][\/vc_column][\/vc_row][vc_row][vc_column][vc_column_text]<\/p>\n<h3>LISTE DES HAUTS GRAD\u00c9S<\/h3>\n<p>[\/vc_column_text][\/vc_column][\/vc_row][vc_row][vc_column][vc_single_image image=\u00a0\u00bb11303&Prime; link=\u00a0\u00bbhttps:\/\/sites.ffkarate.fr\/liguebretagne\/wp-content\/uploads\/sites\/108\/2024\/07\/hautsgradesbretons.jpg\u00a0\u00bb onclick=\u00a0\u00bbcustom_link\u00a0\u00bb][\/vc_column][\/vc_row][vc_row content_placement=\u00a0\u00bbmiddle\u00a0\u00bb][vc_column][vc_column_text]<\/p>\n<h3>PASSAGE DE GRADES &#8211; KARATE<\/h3>\n<p>[\/vc_column_text][\/vc_column][\/vc_row][vc_row][vc_column][vc_column_text]<strong>Passage de Grades<\/strong><\/p>\n<ul>\n<li><strong>Date : 22 Mars 2025<\/strong><\/li>\n<li><strong>Lieu : ST DOLAY (56)<\/strong><\/li>\n<li><strong>Horaires : 09h00<\/strong><\/li>\n<\/ul>\n<p>[\/vc_column_text][\/vc_column][\/vc_row][vc_row][vc_column][vc_column_text]<strong>Passage de Grades<\/strong><\/p>\n<ul>\n<li><strong>Date :\u00a0<\/strong><\/li>\n<li><strong>Lieu :\u00a0<\/strong><\/li>\n<li><strong>Horaires :<\/strong><\/li>\n<\/ul>\n<p>[\/vc_column_text][\/vc_column][\/vc_row][vc_row content_placement=\u00a0\u00bbmiddle\u00a0\u00bb][vc_column][vc_column_text]<\/p>\n<h3>PASSAGE DE GRADES &#8211; KARATE DEFENSE TRAINING &amp; KARATE MIX<\/h3>\n<p>[\/vc_column_text][\/vc_column][\/vc_row][vc_row][vc_column][vc_column_text]<strong>Passage de Grades<\/strong><\/p>\n<ul>\n<li><strong>Date :\u00a0<\/strong><\/li>\n<li><strong>Lieu :\u00a0<\/strong><\/li>\n<li><strong>Horaires :\u00a0<\/strong><\/li>\n<\/ul>\n<p>[\/vc_column_text][\/vc_column][\/vc_row][vc_row content_placement=\u00a0\u00bbmiddle\u00a0\u00bb][vc_column][vc_column_text]<\/p>\n<h3>PASSAGE DE GRADES &#8211; WUSHU<\/h3>\n<p>[\/vc_column_text][\/vc_column][\/vc_row][vc_row][vc_column][vc_column_text]<strong>Passage de Grades<\/strong><\/p>\n<ul>\n<li><strong>Date :\u00a0<\/strong><\/li>\n<li><strong>Lieu :\u00a0<\/strong><\/li>\n<li><strong>Horaires :\u00a0<\/strong><\/li>\n<\/ul>\n<p>[\/vc_column_text][\/vc_column][\/vc_row][vc_row][vc_column][vc_column_text]<\/p>\n<h3>FICHE D&rsquo;INSCRIPTION GRADES 5 DAN<\/h3>\n<p>[\/vc_column_text][\/vc_column][\/vc_row][vc_row][vc_column][vc_single_image image=\u00a0\u00bb11509&Prime; link=\u00a0\u00bbhttps:\/\/sites.ffkarate.fr\/liguebretagne\/wp-content\/uploads\/sites\/108\/2024\/10\/INSCRIPTION-GRADES-2024-2025.pdf\u00a0\u00bb onclick=\u00a0\u00bbcustom_link\u00a0\u00bb][\/vc_column][\/vc_row][vc_row][vc_column][vc_column_text]<\/p>\n<h3>FICHE D&rsquo;INSCRIPTION GRADES 1er, 2\u00e8me, 3\u00e8me et 4\u00e8me DAN<\/h3>\n<p>[\/vc_column_text][\/vc_column][\/vc_row][vc_row][vc_column][vc_single_image image=\u00a0\u00bb11507&Prime; link=\u00a0\u00bbhttps:\/\/sites.ffkarate.fr\/liguebretagne\/wp-content\/uploads\/sites\/108\/2024\/10\/INSCRIPTION-GRADES-2024-2025-1234-DAN.pdf\u00a0\u00bb onclick=\u00a0\u00bbcustom_link\u00a0\u00bb][\/vc_column][\/vc_row][vc_row][vc_column][vc_column_text]<\/p>\n<h3>PI\u00c8CES A FOURNIR POUR SE PR\u00c9SENTER A UN PASSAGE DE GRADES :<\/h3>\n<p>[\/vc_column_text][\/vc_column][\/vc_row][vc_row][vc_column][vc_column_text]<\/p>\n<ul>\n<li>Un formulaire d&rsquo;inscription rempli lisiblement<\/li>\n<li>Une attestation historique de licences, authentification des grades et dan\n<ul>\n<li>(disponible sur le service des licences de la FFKARATE : <a href=\"https:\/\/ffkda-goal.multimediabs.com\" target=\"_blank\" rel=\"noopener\">https:\/\/ffkda-goal.multimediabs.com<\/a><\/li>\n<\/ul>\n<\/li>\n<li>UV d\u00e9j\u00e0 obtenues dans le grades pr\u00e9sent\u00e9 (photocopie page du passeport)<\/li>\n<li>photocopie page du passeport des points de bonification (stages experts f\u00e9d\u00e9raux)<\/li>\n<li>Un ch\u00e8que de <strong>50 \u20ac<\/strong> \u00e0 l\u2019ordre de la Ligue R\u00e9gionale de Bretagne de Karat\u00e9<\/li>\n<li>Un ch\u00e8que de <strong>7\u20ac<\/strong> \u00e0 l\u2019ordre de la Ligue R\u00e9gionale de Bretagne de Karat\u00e9 pour l&rsquo;envoi en recommand\u00e9 du dipl\u00f4me et du passeport<\/li>\n<li>Une enveloppe timbr\u00e9e au tarif normal, \u00e0 l&rsquo;adresse du candidat, pour envoi de la convocation \u00e0 l&rsquo;examen<\/li>\n<li>Une enveloppe A4 (non timbr\u00e9) pour l&rsquo;envoi du dipl\u00f4me, carte de grade et du passeport<\/li>\n<li>Ce dossier complet devra \u00eatre adress\u00e9 30 jours francs avant la date d&rsquo;examen (cachet de la poste faisant foi) \u00e0 la Ligue R\u00e9gional de Bretagne de Karat\u00e9 conform\u00e9ment au r\u00e8glement f\u00e9d\u00e9ral.<\/li>\n<\/ul>\n<p style=\"text-align: center\" align=\"center\"><em><strong>TOUT DOSSIER INCOMPLET SERA\u00a0REJET\u00c9\u00a0!<\/strong><\/em><\/p>\n<div style=\"text-align: center\" align=\"left\">N&rsquo;oubliez pas \u00e9galement de remplir la page \u00ab\u00a0\u00c9PREUVE POUR L&rsquo;OBTENTION<\/div>\n<div style=\"text-align: center\" align=\"center\">DE L&rsquo;EXAMEN DE ____ DAN\u00a0\u00bb dans votre passeport sportif<\/div>\n<h2 style=\"text-align: left\" align=\"center\"><\/h2>\n<p>[\/vc_column_text][\/vc_column][\/vc_row]<\/p>\n<\/div>","protected":false},"excerpt":{"rendered":"<p>[vc_row][vc_column][vc_column_text] RESPONSABLES GRADES [\/vc_column_text][\/vc_column][\/vc_row][vc_row][vc_column width=\u00a0\u00bb1\/2&Prime;][ffk_peoplecard image=\u00a0\u00bb2241&Prime; title=\u00a0\u00bbR\u00e9my CABON\u00a0\u00bb subtitle=\u00a0\u00bbResponsable Grades Karat\u00e9\u00a0\u00bb description=\u00a0\u00bbT\u00e9l : 06.72.65.04.71 grades.karate@liguebretagnekarate.fr\u00a0\u00bb][\/vc_column][vc_column width=\u00a0\u00bb1\/2&Prime;][ffk_peoplecard image=\u00a0\u00bb11018&Prime; title=\u00a0\u00bbChristine RIPART\u00a0\u00bb subtitle=\u00a0\u00bbResponsable grades Wushu-AMC\u00a0\u00bb description=\u00a0\u00bbT\u00e9l : 06.14.58.40.99 grades.wushu@liguebretagnekarate.fr\u00a0\u00bb][\/vc_column][\/vc_row][vc_row][vc_column width=\u00a0\u00bb1\/2&Prime;][ffk_peoplecard title=\u00a0\u00bbDidier LUCAS\u00a0\u00bb subtitle=\u00a0\u00bbResponsable Grades Krav-Maga\u00a0\u00bb image=\u00a0\u00bb8451&Prime; description=\u00a0\u00bbgrades.kravmaga@liguebretagnekarate.fr\u00a0\u00bb][\/vc_column][vc_column width=\u00a0\u00bb1\/2&Prime;][ffk_peoplecard subtitle=\u00a0\u00bbResponsable Grades Karat\u00e9 Mix\u00a0\u00bb description=\u00a0\u00bbgrades.karatemix@liguebretagnekarate.fr\u00a0\u00bb title=\u00a0\u00bbJ\u00e9r\u00f4me CHARLES\u00a0\u00bb image=\u00a0\u00bb7094&Prime;][\/vc_column][\/vc_row][vc_row][vc_column][vc_column_text] RESPONSABLES D\u00c9PARTEMENTAUX [\/vc_column_text][\/vc_column][\/vc_row][vc_row][vc_column][vc_column_text] CDK 22 : Abdelaziz DABCHY CDK 29 : KARATE [&hellip;]<\/p>\n","protected":false},"author":20,"featured_media":0,"parent":0,"menu_order":0,"comment_status":"closed","ping_status":"closed","template":"","meta":{"footnotes":""},"class_list":["post-57","page","type-page","status-publish","hentry"],"_links":{"self":[{"href":"https:\/\/sites.ffkarate.fr\/liguebretagne\/wp-json\/wp\/v2\/pages\/57","targetHints":{"allow":["GET"]}}],"collection":[{"href":"https:\/\/sites.ffkarate.fr\/liguebretagne\/wp-json\/wp\/v2\/pages"}],"about":[{"href":"https:\/\/sites.ffkarate.fr\/liguebretagne\/wp-json\/wp\/v2\/types\/page"}],"author":[{"embeddable":true,"href":"https:\/\/sites.ffkarate.fr\/liguebretagne\/wp-json\/wp\/v2\/users\/20"}],"replies":[{"embeddable":true,"href":"https:\/\/sites.ffkarate.fr\/liguebretagne\/wp-json\/wp\/v2\/comments?post=57"}],"version-history":[{"count":10,"href":"https:\/\/sites.ffkarate.fr\/liguebretagne\/wp-json\/wp\/v2\/pages\/57\/revisions"}],"predecessor-version":[{"id":11511,"href":"https:\/\/sites.ffkarate.fr\/liguebretagne\/wp-json\/wp\/v2\/pages\/57\/revisions\/11511"}],"wp:attachment":[{"href":"https:\/\/sites.ffkarate.fr\/liguebretagne\/wp-json\/wp\/v2\/media?parent=57"}],"curies":[{"name":"wp","href":"https:\/\/api.w.org\/{rel}","templated":true}]}}