{"id":23,"date":"2021-05-07T15:54:07","date_gmt":"2021-05-07T13:54:07","guid":{"rendered":"https:\/\/sites.ffkarate.fr\/liguepariskarate\/?page_id=23"},"modified":"2025-10-08T09:32:04","modified_gmt":"2025-10-08T07:32:04","slug":"grades","status":"publish","type":"page","link":"https:\/\/sites.ffkarate.fr\/liguepariskarate\/grades\/","title":{"rendered":"Grades"},"content":{"rendered":"<div class=\"wpb-content-wrapper\"><p>[vc_row gap=\u00a0\u00bb15&Prime;][vc_column][vc_column_text]<\/p>\n<h3>CONDITIONS D&rsquo;INSCRIPTION AUX EXAMENS DE GRADES<\/h3>\n<h5>Avoir le nombre de licences suffisant, soit :<\/h5>\n<ul>\n<li>3 licences pour le 1er dan, dont la saison en cours<\/li>\n<li>2 licences apr\u00e8s le 1er dan pour le 2e dan, dont la saison en cours<\/li>\n<li>3 licences apr\u00e8s le 2e dan pour le 3e dan, dont la saison en cours<\/li>\n<li>4 licences apr\u00e8s le 3e dan pour le 4e dan, dont la saison en cours<\/li>\n<\/ul>\n<h5><\/h5>\n<h5>Respecter le temps de pratique entre chaque passage de grades, soit :<\/h5>\n<ul>\n<li>3 ann\u00e9es de pratique avant le passage du 1er dan<\/li>\n<li>2 ans de pratique de date \u00e0 date entre le passage du 1er dan et celui du 2\u00e8me dan<\/li>\n<li>3 ans de pratique de date \u00e0 date entre le passage du 2\u00e8me dan et celui du 3\u00e8me dan<\/li>\n<li>4 ans de pratique de date \u00e0 date entre le passage du 3\u00e8me dan et celui du 4\u00e8me dan<\/li>\n<\/ul>\n<h5><\/h5>\n<h5>\u00catre en possession d&rsquo;un passeport sportif valide, c&rsquo;est-\u00e0-dire d\u00e9livr\u00e9 moins de 8 ans avant la date du passage.<\/h5>\n<h3><\/h3>\n<h3>PI\u00c8CES OBLIGATOIRES \u00c0 FOURNIR LORS DE L&rsquo;ENVOI DE VOTRE DOSSIER<\/h3>\n<ul>\n<li>La fiche d&rsquo;inscription compl\u00e9t\u00e9e et sign\u00e9e, accompagn\u00e9e d&rsquo;une photo d&rsquo;identit\u00e9.<\/li>\n<li>La photocopie des deux premi\u00e8res pages de votre passeport o\u00f9 figurent la date de d\u00e9livrance du passeport, votre photo, votre nom, votre date de naissance et votre signature.<\/li>\n<li>L&rsquo;attestation Historique des licences d\u00e9livr\u00e9e par votre club et mentionnant obligatoirement la saison en cours.<\/li>\n<li>La copie des pages du passeport mentionnant l&rsquo;authentification des grades et dan, les UV d\u00e9j\u00e0 obtenues.<\/li>\n<li>Un ch\u00e8que de 50 \u20ac \u00e0 l&rsquo;ordre de : Comit\u00e9 de Paris de karat\u00e9<\/li>\n<\/ul>\n<h3><\/h3>\n<h3>DOCUMENTS \u00c0 T\u00c9L\u00c9CHARGER<\/h3>\n<p><a href=\"https:\/\/sites.ffkarate.fr\/liguepariskarate\/wp-content\/uploads\/sites\/82\/2025\/10\/Grades-Fiche-Inscription-25-26.pdf\">Fiche d&rsquo;inscription aux examens des grades &#8211; Saison 2025-2026<\/a><\/p>\n<p><a href=\"https:\/\/sites.ffkarate.fr\/liguepariskarate\/wp-content\/uploads\/sites\/82\/2025\/10\/ATTESTATION-DE-NON-ORGANISATION-DE-PASSAGE-DE-1ER-DAN.pdf\">Attestation de non organisation de passage de grade 1er dan \u00e0 remplir par le club<\/a><\/p>\n<p><a href=\"https:\/\/sites.ffkarate.fr\/liguepariskarate\/wp-content\/uploads\/sites\/82\/2025\/10\/Grades-Conditions-dinscription-25-26.pdf\">Conditions d&rsquo;inscription aux passages de grades &#8211; Saison 2025-2026<\/a><\/p>\n<p><a href=\"https:\/\/sites.ffkarate.fr\/liguepariskarate\/wp-content\/uploads\/sites\/82\/2025\/09\/Passeports-Formulaire-demande-25-26.pdf\">Formulaire de demande de passeport &#8211; Saison 2025-2026 <\/a><em>(Pour tout achat de passeport sur place \u00e0 la permanence, veuillez t\u00e9l\u00e9phoner avant de passer afin de v\u00e9rifier que le passeport demand\u00e9 est bien en stock.)<\/em><\/p>\n<p><a href=\"https:\/\/sites.ffkarate.fr\/liguepariskarate\/wp-content\/uploads\/sites\/82\/2024\/08\/RIB-CDK-PARIS.pdf\">RIB du CDK Paris<\/a><\/p>\n<h3><\/h3>\n<h3>ENVOI DES DOSSIERS<\/h3>\n<p>Veuillez consulter le calendrier des passages de grades pour conna\u00eetre les dates de passage en fonction des disciplines ainsi que les dates limites d&rsquo;envoi des dossiers.<\/p>\n<p>Le dossier complet doit nous \u00eatre envoy\u00e9 uniquement en <strong>courrier simple<\/strong> \u00e0 l&rsquo;adresse suivante :<\/p>\n<p><strong>Comit\u00e9 de Paris de karat\u00e9<\/strong><\/p>\n<p><strong>Passages de grades<\/strong><\/p>\n<p><strong>2 bis rue Henri Regnault<\/strong><\/p>\n<p><strong>75014 Paris<\/strong><\/p>\n<p>Le cachet de la Poste faisant foi.<\/p>\n<p>Ne pas envoyer de recommand\u00e9, de chronopost et ne pas d\u00e9poser directement dans la bo\u00eete aux lettres.<\/p>\n<p><strong>Nous vous demandons instamment de bien vouloir porter une attention particuli\u00e8re quant \u00e0 la constitution de votre dossier et de veiller \u00e0 pr\u00e9senter des documents corrects au format 21 X 29,7 (ne pas faire de d\u00e9coupe \u00e0 la taille des documents). La fiche d&rsquo;inscription doit \u00eatre remplie lisiblement avec toutes les rubriques renseign\u00e9es afin d&rsquo;en faciliter le contr\u00f4le, r\u00e9duire le temps de traitement et \u00e9viter toute erreur ou relance.<\/strong><\/p>\n<p>&nbsp;<\/p>\n<h3>RESPONSABLES DES GRADES<\/h3>\n<p>Pour toute question technique relative aux grades, vous pouvez nous adresser un mail \u00e0 l&rsquo;attention de :<\/p>\n<p>Pour le karat\u00e9 :\u00a0\u00a0 Jean-Pierre BERKOUK<\/p>\n<p>Pour le wushu :\u00a0\u00a0 Dan SCHWARZ<\/p>\n<p>Pour le krav maga : \u00a0 Anthony DEVILLE<\/p>\n<p>Pour les AMV : Bruno BLOES<\/p>\n<p>Pour le yoseikan budo : Fran\u00e7ois SANTONI[\/vc_column_text][\/vc_column][\/vc_row]<\/p>\n<\/div>","protected":false},"excerpt":{"rendered":"<p>Le dossier de candidature devra \u00eatre complet et retourn\u00e9 en courrier simple non recommand\u00e9 au moins 30 jours avant la date de l\u2019examen (cachet poste faisant foi) au Comit\u00e9 D\u00e9partemental de Karat\u00e9 De La Gironde.<\/p>\n","protected":false},"author":1,"featured_media":0,"parent":0,"menu_order":0,"comment_status":"closed","ping_status":"closed","template":"","meta":{"footnotes":""},"class_list":["post-23","page","type-page","status-publish","hentry"],"_links":{"self":[{"href":"https:\/\/sites.ffkarate.fr\/liguepariskarate\/wp-json\/wp\/v2\/pages\/23","targetHints":{"allow":["GET"]}}],"collection":[{"href":"https:\/\/sites.ffkarate.fr\/liguepariskarate\/wp-json\/wp\/v2\/pages"}],"about":[{"href":"https:\/\/sites.ffkarate.fr\/liguepariskarate\/wp-json\/wp\/v2\/types\/page"}],"author":[{"embeddable":true,"href":"https:\/\/sites.ffkarate.fr\/liguepariskarate\/wp-json\/wp\/v2\/users\/1"}],"replies":[{"embeddable":true,"href":"https:\/\/sites.ffkarate.fr\/liguepariskarate\/wp-json\/wp\/v2\/comments?post=23"}],"version-history":[{"count":18,"href":"https:\/\/sites.ffkarate.fr\/liguepariskarate\/wp-json\/wp\/v2\/pages\/23\/revisions"}],"predecessor-version":[{"id":3997,"href":"https:\/\/sites.ffkarate.fr\/liguepariskarate\/wp-json\/wp\/v2\/pages\/23\/revisions\/3997"}],"wp:attachment":[{"href":"https:\/\/sites.ffkarate.fr\/liguepariskarate\/wp-json\/wp\/v2\/media?parent=23"}],"curies":[{"name":"wp","href":"https:\/\/api.w.org\/{rel}","templated":true}]}}

<div class="wpb-content-wrapper"><p>[vc_row gap= »15&Prime;][vc_column][vc_column_text]</p>
<h3>CONDITIONS D&rsquo;INSCRIPTION AUX EXAMENS DE GRADES</h3>
<h5>Avoir le nombre de licences suffisant, soit :</h5>
<ul>
<li>3 licences pour le 1er dan, dont la saison en cours</li>
<li>2 licences après le 1er dan pour le 2e dan, dont la saison en cours</li>
<li>3 licences après le 2e dan pour le 3e dan, dont la saison en cours</li>
<li>4 licences après le 3e dan pour le 4e dan, dont la saison en cours</li>
</ul>
<h5></h5>
<h5>Respecter le temps de pratique entre chaque passage de grades, soit :</h5>
<ul>
<li>3 années de pratique avant le passage du 1er dan</li>
<li>2 ans de pratique de date à date entre le passage du 1er dan et celui du 2ème dan</li>
<li>3 ans de pratique de date à date entre le passage du 2ème dan et celui du 3ème dan</li>
<li>4 ans de pratique de date à date entre le passage du 3ème dan et celui du 4ème dan</li>
</ul>
<h5></h5>
<h5>Être en possession d&rsquo;un passeport sportif valide, c&rsquo;est-à-dire délivré moins de 8 ans avant la date du passage.</h5>
<h3></h3>
<h3>PIÈCES OBLIGATOIRES À FOURNIR LORS DE L&rsquo;ENVOI DE VOTRE DOSSIER</h3>
<ul>
<li>La fiche d&rsquo;inscription complétée et signée, accompagnée d&rsquo;une photo d&rsquo;identité.</li>
<li>La photocopie des deux premières pages de votre passeport où figurent la date de délivrance du passeport, votre photo, votre nom, votre date de naissance et votre signature.</li>
<li>L&rsquo;attestation Historique des licences délivrée par votre club et mentionnant obligatoirement la saison en cours.</li>
<li>La copie des pages du passeport mentionnant l&rsquo;authentification des grades et dan, les UV déjà obtenues.</li>
<li>Un chèque de 50 € à l&rsquo;ordre de : Comité de Paris de karaté</li>
</ul>
<h3></h3>
<h3>DOCUMENTS À TÉLÉCHARGER</h3>
<p><a href="https://sites.ffkarate.fr/liguepariskarate/wp-content/uploads/sites/82/2025/10/Grades-Fiche-Inscription-25-26.pdf">Fiche d&rsquo;inscription aux examens des grades &#8211; Saison 2025-2026</a></p>
<p><a href="https://sites.ffkarate.fr/liguepariskarate/wp-content/uploads/sites/82/2025/10/ATTESTATION-DE-NON-ORGANISATION-DE-PASSAGE-DE-1ER-DAN.pdf">Attestation de non organisation de passage de grade 1er dan à remplir par le club</a></p>
<p><a href="https://sites.ffkarate.fr/liguepariskarate/wp-content/uploads/sites/82/2025/10/Grades-Conditions-dinscription-25-26.pdf">Conditions d&rsquo;inscription aux passages de grades &#8211; Saison 2025-2026</a></p>
<p><a href="https://sites.ffkarate.fr/liguepariskarate/wp-content/uploads/sites/82/2025/09/Passeports-Formulaire-demande-25-26.pdf">Formulaire de demande de passeport &#8211; Saison 2025-2026 </a><em>(Pour tout achat de passeport sur place à la permanence, veuillez téléphoner avant de passer afin de vérifier que le passeport demandé est bien en stock.)</em></p>
<p><a href="https://sites.ffkarate.fr/liguepariskarate/wp-content/uploads/sites/82/2024/08/RIB-CDK-PARIS.pdf">RIB du CDK Paris</a></p>
<h3></h3>
<h3>ENVOI DES DOSSIERS</h3>
<p>Veuillez consulter le calendrier des passages de grades pour connaître les dates de passage en fonction des disciplines ainsi que les dates limites d&rsquo;envoi des dossiers.</p>
<p>Le dossier complet doit nous être envoyé uniquement en <strong>courrier simple</strong> à l&rsquo;adresse suivante :</p>
<p><strong>Comité de Paris de karaté</strong></p>
<p><strong>Passages de grades</strong></p>
<p><strong>2 bis rue Henri Regnault</strong></p>
<p><strong>75014 Paris</strong></p>
<p>Le cachet de la Poste faisant foi.</p>
<p>Ne pas envoyer de recommandé, de chronopost et ne pas déposer directement dans la boîte aux lettres.</p>
<p><strong>Nous vous demandons instamment de bien vouloir porter une attention particulière quant à la constitution de votre dossier et de veiller à présenter des documents corrects au format 21 X 29,7 (ne pas faire de découpe à la taille des documents). La fiche d&rsquo;inscription doit être remplie lisiblement avec toutes les rubriques renseignées afin d&rsquo;en faciliter le contrôle, réduire le temps de traitement et éviter toute erreur ou relance.</strong></p>
<p>&nbsp;</p>
<h3>RESPONSABLES DES GRADES</h3>
<p>Pour toute question technique relative aux grades, vous pouvez nous adresser un mail à l&rsquo;attention de :</p>
<p>Pour le karaté :   Jean-Pierre BERKOUK</p>
<p>Pour le wushu :   Dan SCHWARZ</p>
<p>Pour le krav maga :   Anthony DEVILLE</p>
<p>Pour les AMV : Bruno BLOES</p>
<p>Pour le yoseikan budo : François SANTONI[/vc_column_text][/vc_column][/vc_row]</p>
</div>

<p>Le dossier de candidature devra être complet et retourné en courrier simple non recommandé au moins 30 jours avant la date de l’examen (cachet poste faisant foi) au Comité Départemental de Karaté De La Gironde.</p>
