{"id":1143,"date":"2017-10-16T21:55:55","date_gmt":"2017-10-16T19:55:55","guid":{"rendered":"https:\/\/sites.ffkarate.fr\/loire\/?page_id=1143"},"modified":"2017-10-16T21:55:55","modified_gmt":"2017-10-16T19:55:55","slug":"commission-des-professeurs-2","status":"publish","type":"page","link":"https:\/\/sites.ffkarate.fr\/loire\/commission-des-professeurs-2\/","title":{"rendered":"Commissions"},"content":{"rendered":"<div class=\"wpb-content-wrapper\"><p>[vc_row][vc_column][vc_column_text]<\/p>\n<ul class=\"trombi-list-top\">\n<li><img decoding=\"async\" src=\"https:\/\/sites.ffkarate.fr\/loire\/wp-content\/uploads\/sites\/64\/2015\/02\/bloc_photo_160x160.png\" alt=\"Commission\" \/>\n<div class=\"title\">\n<div class=\"title\">Jaime Da Silva<\/div>\n<div class=\"function\">Commission Administrative et financi\u00e8re<\/div>\n<div class=\"function\">06 07 03 16 55<\/div>\n<\/div>\n<\/li>\n<\/ul>\n<ul class=\"trombi-list-top\">\n<li><img decoding=\"async\" src=\"https:\/\/sites.ffkarate.fr\/loire\/wp-content\/uploads\/sites\/64\/2015\/02\/bloc_photo_160x160.png\" alt=\"Commission\" \/>\n<div class=\"title\">\n<div class=\"title\">Romain Boireau<\/div>\n<div class=\"function\">Commission Ethique et D\u00e9ontologie<\/div>\n<div class=\"function\">06 70 92 30 91<\/div>\n<\/div>\n<\/li>\n<\/ul>\n<ul class=\"trombi-list-top\">\n<li><img decoding=\"async\" src=\"https:\/\/sites.ffkarate.fr\/loire\/wp-content\/uploads\/sites\/64\/2015\/02\/bloc_photo_160x160.png\" alt=\"Commission\" \/>\n<div class=\"title\">\n<div class=\"title\">Bernard Bilicki<\/div>\n<div class=\"function\">Commission Hauts Grad\u00e9s<\/div>\n<div class=\"function\">06 81 39 88 98<\/div>\n<\/div>\n<\/li>\n<\/ul>\n<ul class=\"trombi-list-top\">\n<li><img decoding=\"async\" src=\"https:\/\/sites.ffkarate.fr\/loire\/wp-content\/uploads\/sites\/64\/2015\/02\/bloc_photo_160x160.png\" alt=\"Commission\" \/>\n<div class=\"title\">\n<div class=\"title\">Nadia Aoujil<\/div>\n<div class=\"function\">Commission F\u00e9minines<\/div>\n<div class=\"function\">07 82 09 05 34<\/div>\n<\/div>\n<\/li>\n<\/ul>\n<ul class=\"trombi-list-top\">\n<li><img decoding=\"async\" src=\"https:\/\/sites.ffkarate.fr\/loire\/wp-content\/uploads\/sites\/64\/2015\/02\/bloc_photo_160x160.png\" alt=\"Commission\" \/>\n<div class=\"title\">\n<div class=\"title\">S\u00e9bastien Vigier<\/div>\n<div class=\"function\">Commission Professeurs<\/div>\n<div class=\"function\">06 09 39 96 58<\/div>\n<\/div>\n<\/li>\n<\/ul>\n<ul class=\"trombi-list-top\">\n<li><img decoding=\"async\" src=\"https:\/\/sites.ffkarate.fr\/loire\/wp-content\/uploads\/sites\/64\/2015\/02\/bloc_photo_160x160.png\" alt=\"Commission\" \/>\n<div class=\"title\">\n<div class=\"title\">Hamid Chouchou<\/div>\n<div class=\"function\">Commission Sant\u00e9 Seniors<\/div>\n<div class=\"function\">06 87 51 40 31<\/div>\n<\/div>\n<\/li>\n<\/ul>\n<ul class=\"trombi-list-top\">\n<li><img decoding=\"async\" src=\"https:\/\/sites.ffkarate.fr\/loire\/wp-content\/uploads\/sites\/64\/2015\/02\/bloc_photo_160x160.png\" alt=\"Commission\" \/>\n<div class=\"title\">\n<div class=\"title\">Yves-Jacque Boivin<\/div>\n<div class=\"function\">Commission Sportive<\/div>\n<div class=\"function\">06 32 42 13 47<\/div>\n<\/div>\n<\/li>\n<\/ul>\n<ul class=\"trombi-list-top\">\n<li><img decoding=\"async\" src=\"https:\/\/sites.ffkarate.fr\/loire\/wp-content\/uploads\/sites\/64\/2015\/02\/bloc_photo_160x160.png\" alt=\"Commission\" \/>\n<div class=\"title\">\n<div class=\"title\">Alain Grossemy<\/div>\n<div class=\"function\">Commission Enfants<\/div>\n<div class=\"function\">07 52 51 36 75<\/div>\n<\/div>\n<\/li>\n<\/ul>\n<ul class=\"trombi-list-top\">\n<li><img decoding=\"async\" src=\"https:\/\/sites.ffkarate.fr\/loire\/wp-content\/uploads\/sites\/64\/2015\/02\/bloc_photo_160x160.png\" alt=\"Commission\" \/>\n<div class=\"title\">\n<div class=\"title\">Martine Vigier<\/div>\n<div class=\"function\">Commission Disciplines Associ\u00e9es<\/div>\n<div class=\"function\">06 60 82 75 37<\/div>\n<\/div>\n<\/li>\n<\/ul>\n<ul class=\"trombi-list-top\">\n<li><img decoding=\"async\" src=\"https:\/\/sites.ffkarate.fr\/loire\/wp-content\/uploads\/sites\/64\/2015\/02\/bloc_photo_160x160.png\" alt=\"Commission\" \/>\n<div class=\"title\">\n<div class=\"title\">Nordine Slimane<\/div>\n<div class=\"function\">Commission Communication Ev\u00e9nementielle<\/div>\n<div class=\"function\">06 14 70 71 88<\/div>\n<\/div>\n<div class=\"title\"><\/div>\n<\/li>\n<\/ul>\n<p>[\/vc_column_text][\/vc_column][\/vc_row]<\/p>\n<\/div>","protected":false},"excerpt":{"rendered":"<p>[vc_row][vc_column][vc_column_text] Jaime Da Silva Commission Administrative et financi\u00e8re 06 07 03 16 55 Romain Boireau Commission Ethique et D\u00e9ontologie 06 70 92 30 91 Bernard Bilicki Commission Hauts Grad\u00e9s 06 81 39 88 98 Nadia Aoujil Commission F\u00e9minines 07 82 09 05 34 S\u00e9bastien Vigier Commission Professeurs 06 09 39 96 58 Hamid Chouchou Commission [&hellip;]<\/p>\n","protected":false},"author":111,"featured_media":0,"parent":0,"menu_order":0,"comment_status":"closed","ping_status":"closed","template":"","meta":{"footnotes":""},"class_list":["post-1143","page","type-page","status-publish","hentry"],"_links":{"self":[{"href":"https:\/\/sites.ffkarate.fr\/loire\/wp-json\/wp\/v2\/pages\/1143","targetHints":{"allow":["GET"]}}],"collection":[{"href":"https:\/\/sites.ffkarate.fr\/loire\/wp-json\/wp\/v2\/pages"}],"about":[{"href":"https:\/\/sites.ffkarate.fr\/loire\/wp-json\/wp\/v2\/types\/page"}],"author":[{"embeddable":true,"href":"https:\/\/sites.ffkarate.fr\/loire\/wp-json\/wp\/v2\/users\/111"}],"replies":[{"embeddable":true,"href":"https:\/\/sites.ffkarate.fr\/loire\/wp-json\/wp\/v2\/comments?post=1143"}],"version-history":[{"count":0,"href":"https:\/\/sites.ffkarate.fr\/loire\/wp-json\/wp\/v2\/pages\/1143\/revisions"}],"wp:attachment":[{"href":"https:\/\/sites.ffkarate.fr\/loire\/wp-json\/wp\/v2\/media?parent=1143"}],"curies":[{"name":"wp","href":"https:\/\/api.w.org\/{rel}","templated":true}]}}