{"id":1987,"date":"2015-01-16T15:03:41","date_gmt":"2015-01-16T14:03:41","guid":{"rendered":"https:\/\/sites.ffkarate.fr\/testclone\/?page_id=133"},"modified":"2015-01-16T15:03:41","modified_gmt":"2015-01-16T14:03:41","slug":"comite-directeur","status":"publish","type":"page","link":"https:\/\/sites.ffkarate.fr\/loire\/comite\/comite-directeur\/","title":{"rendered":"Comit\u00e9 directeur"},"content":{"rendered":"<div class=\"wpb-content-wrapper\"><p>[vc_row][vc_column][vc_column_text]<\/p>\n<h2>Comit\u00e9 directeur &#8211; Olympiade 2020\/2024<\/h2>\n<ul class=\"trombi-list-top\">\n<li><a href=\"https:\/\/sites.ffkarate.fr\/loire\/wp-content\/uploads\/sites\/64\/2021\/02\/Farid_20210201_073459.jpg\"><img decoding=\"async\" class=\"alignnone size-full wp-image-1822\" src=\"https:\/\/sites.ffkarate.fr\/loire\/wp-content\/uploads\/sites\/64\/2021\/02\/Farid_20210201_073459.jpg\" alt=\"Farid_20210201_073459\" width=\"283\" height=\"196\" \/><\/a>\n<div class=\"title\">Farid SLIMANE<\/div>\n<div class=\"function\">Pr\u00e9sident<\/div>\n<\/li>\n<\/ul>\n<ul class=\"trombi-list-top\">\n<li><a href=\"https:\/\/sites.ffkarate.fr\/loire\/wp-content\/uploads\/sites\/64\/2021\/02\/Martine.jpg\"><img decoding=\"async\" class=\"alignnone size-full wp-image-1820\" src=\"https:\/\/sites.ffkarate.fr\/loire\/wp-content\/uploads\/sites\/64\/2021\/02\/Martine.jpg\" alt=\"Martine\" width=\"170\" height=\"201\" \/><\/a>\n<div class=\"title\">Martine VIGIER<\/div>\n<div class=\"function\">Secr\u00e9taire g\u00e9n\u00e9rale<\/div>\n<div class=\"desc\"><\/div>\n<\/li>\n<li><img decoding=\"async\" src=\"https:\/\/sites.ffkarate.fr\/loire\/wp-content\/uploads\/sites\/64\/2015\/02\/bloc_photo_160x160.png\" alt=\"Elu\" \/>\n<div class=\"title\">Majdeline RIFQI<\/div>\n<div class=\"function\">Secr\u00e9taire g\u00e9n\u00e9rale adjointe<\/div>\n<div class=\"desc\"><\/div>\n<\/li>\n<li><a href=\"https:\/\/sites.ffkarate.fr\/loire\/wp-content\/uploads\/sites\/64\/2021\/02\/Sylvie.jpg\"><img decoding=\"async\" class=\"alignnone size-full wp-image-1818\" src=\"https:\/\/sites.ffkarate.fr\/loire\/wp-content\/uploads\/sites\/64\/2021\/02\/Sylvie.jpg\" alt=\"Sylvie\" width=\"170\" height=\"164\" \/><\/a>\n<div class=\"title\">Sylvie GROUSSON<\/div>\n<div class=\"function\">Tr\u00e9sori\u00e8re g\u00e9n\u00e9rale<\/div>\n<div class=\"desc\"><\/div>\n<div class=\"desc\"><\/div>\n<\/li>\n<\/ul>\n<p><!-- --><\/p>\n<h2>Autres membres du Conseil d&rsquo;Administration<\/h2>\n<p>&nbsp;<\/p>\n<ul>\n<li><img decoding=\"async\" style=\"width: 80px;height: 80px\" src=\"https:\/\/sites.ffkarate.fr\/loire\/wp-content\/uploads\/sites\/64\/2015\/02\/bloc_photo_80x80.png\" alt=\"Elu\" \/>\n<div class=\"title\"><\/div>\n<\/li>\n<li><img decoding=\"async\" style=\"width: 80px;height: 80px\" src=\"https:\/\/sites.ffkarate.fr\/loire\/wp-content\/uploads\/sites\/64\/2015\/02\/bloc_photo_80x80.png\" alt=\"Elu\" \/>\n<div class=\"title\"><\/div>\n<\/li>\n<li><img decoding=\"async\" style=\"width: 80px;height: 80px\" src=\"https:\/\/sites.ffkarate.fr\/loire\/wp-content\/uploads\/sites\/64\/2015\/02\/bloc_photo_80x80.png\" alt=\"Elu\" \/>\n<div class=\"title\"><\/div>\n<\/li>\n<li><img decoding=\"async\" style=\"width: 80px;height: 80px\" src=\"https:\/\/sites.ffkarate.fr\/loire\/wp-content\/uploads\/sites\/64\/2015\/02\/bloc_photo_80x80.png\" alt=\"Elu\" \/>\n<div class=\"title\"><\/div>\n<\/li>\n<li><img decoding=\"async\" style=\"width: 80px;height: 80px\" src=\"https:\/\/sites.ffkarate.fr\/loire\/wp-content\/uploads\/sites\/64\/2015\/02\/bloc_photo_80x80.png\" alt=\"Elu\" \/>\n<div class=\"title\"><\/div>\n<\/li>\n<li><img decoding=\"async\" style=\"width: 80px;height: 80px\" src=\"https:\/\/sites.ffkarate.fr\/loire\/wp-content\/uploads\/sites\/64\/2015\/02\/bloc_photo_80x80.png\" alt=\"Elu\" \/>\n<div class=\"title\"><\/div>\n<\/li>\n<\/ul>\n<p>&nbsp;[\/vc_column_text][\/vc_column][\/vc_row]<\/p>\n<\/div>","protected":false},"excerpt":{"rendered":"<p>[vc_row][vc_column][vc_column_text] Comit\u00e9 directeur &#8211; Olympiade 2020\/2024 Farid SLIMANE Pr\u00e9sident Martine VIGIER Secr\u00e9taire g\u00e9n\u00e9rale Majdeline RIFQI Secr\u00e9taire g\u00e9n\u00e9rale adjointe Sylvie GROUSSON Tr\u00e9sori\u00e8re g\u00e9n\u00e9rale Autres membres du Conseil d&rsquo;Administration &nbsp; &nbsp;[\/vc_column_text][\/vc_column][\/vc_row]<\/p>\n","protected":false},"author":20,"featured_media":0,"parent":50,"menu_order":0,"comment_status":"closed","ping_status":"open","template":"","meta":{"footnotes":""},"class_list":["post-1987","page","type-page","status-publish","hentry"],"_links":{"self":[{"href":"https:\/\/sites.ffkarate.fr\/loire\/wp-json\/wp\/v2\/pages\/1987","targetHints":{"allow":["GET"]}}],"collection":[{"href":"https:\/\/sites.ffkarate.fr\/loire\/wp-json\/wp\/v2\/pages"}],"about":[{"href":"https:\/\/sites.ffkarate.fr\/loire\/wp-json\/wp\/v2\/types\/page"}],"author":[{"embeddable":true,"href":"https:\/\/sites.ffkarate.fr\/loire\/wp-json\/wp\/v2\/users\/20"}],"replies":[{"embeddable":true,"href":"https:\/\/sites.ffkarate.fr\/loire\/wp-json\/wp\/v2\/comments?post=1987"}],"version-history":[{"count":1,"href":"https:\/\/sites.ffkarate.fr\/loire\/wp-json\/wp\/v2\/pages\/1987\/revisions"}],"predecessor-version":[{"id":2024,"href":"https:\/\/sites.ffkarate.fr\/loire\/wp-json\/wp\/v2\/pages\/1987\/revisions\/2024"}],"up":[{"embeddable":true,"href":"https:\/\/sites.ffkarate.fr\/loire\/wp-json\/wp\/v2\/pages\/50"}],"wp:attachment":[{"href":"https:\/\/sites.ffkarate.fr\/loire\/wp-json\/wp\/v2\/media?parent=1987"}],"curies":[{"name":"wp","href":"https:\/\/api.w.org\/{rel}","templated":true}]}}