{"id":55,"date":"2021-05-10T10:05:08","date_gmt":"2021-05-10T08:05:08","guid":{"rendered":"https:\/\/sites.ffkarate.fr\/loire\/?page_id=55"},"modified":"2025-11-05T16:28:58","modified_gmt":"2025-11-05T15:28:58","slug":"stages","status":"publish","type":"page","link":"https:\/\/sites.ffkarate.fr\/loire\/stages\/","title":{"rendered":"Stages"},"content":{"rendered":"<div class=\"wpb-content-wrapper\"><p>[vc_row][vc_column][ffk_button link=\u00a0\u00bburl:https%3A%2F%2Fsites.ffkarate.fr%2Floire%2Fstages-clubs%2F|title:Stages%20Clubs\u00a0\u00bb][ffk_button link=\u00a0\u00bbtitle:Stages%20F%C3%A9d%C3%A9raux\u00a0\u00bb][vc_column_text]Dans le cadre de notre mission d\u2019aide au d\u00e9veloppement de vos activit\u00e9s, nous diffuserons ici vos avis et affiches de stages dans la mesure du possible et de nos disponibilit\u00e9s.<\/p>\n<p>Vous pouvez les envoyer suffisamment \u00e0 l\u2019avance \u00e0 <a href=\"mailto:cdlk42@gmail.com\">cdlk42@gmail.com<\/a>. Pour \u00eatre publi\u00e9 sur le site du CDLK42, votre stage doit \u00eatre autoris\u00e9 par l\u2019instance f\u00e9d\u00e9rale (Article L331-7 du code du sport), respecter la r\u00e8glementation et respecter notamment les conditions suivantes :<\/p>\n<ul>\n<li>Etre organis\u00e9 dans la Loire par un club de notre comp\u00e9tence territoriale<\/li>\n<li>Etre destin\u00e9 aux licenci\u00e9s FFK et pour une activit\u00e9 du ressort de la FFKDA, couverte par l\u2019assurance-licence FFK.<\/li>\n<li>Etre dirig\u00e9 par un professeur licenci\u00e9 FFK et titulaire d\u2019un dipl\u00f4me autorisant l\u2019enseignement de la discipline concern\u00e9e (Dipl\u00f4me f\u00e9d\u00e9ral ou dipl\u00f4me d\u2019\u00e9tat)<\/li>\n<li>Ne pas faire \u00e9tat de titres, grades, dipl\u00f4mes non officiels ou mensongers<\/li>\n<li>Ne pas interf\u00e9rer avec une manifestation officielle destin\u00e9e au m\u00eame public licenci\u00e9 sur le m\u00eame territoire.<\/li>\n<\/ul>\n<p>[\/vc_column_text][vc_single_image image=\u00a0\u00bb2861&Prime; title=\u00a0\u00bbStage de pr\u00e9paration aux grades avec Bernard BILICKI 9\u00e8me dan et Thierry ALIBERT 7\u00e8me dan \u00e0 Roanne\u00a0\u00bb onclick=\u00a0\u00bbcustom_link\u00a0\u00bb][vc_single_image image=\u00a0\u00bb2499&Prime; title=\u00a0\u00bbStage de pr\u00e9paration aux grades avec Bernard BILICKI 9\u00e8me dan Expert f\u00e9d\u00e9ral \u00e0 Andr\u00e9zieux\u00a0\u00bb onclick=\u00a0\u00bbcustom_link\u00a0\u00bb][vc_single_image image=\u00a0\u00bb2500&Prime; title=\u00a0\u00bbStage Karat\u00e9 et Body-karat\u00e9 : de la technique \u00e0 la musique avec Alain BOST et Angela ALFANO\u00a0\u00bb onclick=\u00a0\u00bbcustom_link\u00a0\u00bb][vc_single_image image=\u00a0\u00bb2512&Prime; title=\u00a0\u00bbStage international de Yoseikan budo \u00e0 Andr\u00e9zieux\u00a0\u00bb onclick=\u00a0\u00bbcustom_link\u00a0\u00bb][vc_single_image image=\u00a0\u00bb2405&Prime; title=\u00a0\u00bbStage Krav Maga avec Jean-Marie ARAEZ\u00a0\u00bb onclick=\u00a0\u00bbcustom_link\u00a0\u00bb][vc_single_image image=\u00a0\u00bb2394&Prime; title=\u00a0\u00bbStage Sanda avec Daouda SAKHO 6\u00e8me dan\u00a0\u00bb onclick=\u00a0\u00bbcustom_link\u00a0\u00bb][vc_single_image image=\u00a0\u00bb2385&Prime; title=\u00a0\u00bbStage grades avec Jacques TAPOL 8\u00e8me dang expert f\u00e9d\u00e9ral\u00a0\u00bb onclick=\u00a0\u00bbcustom_link\u00a0\u00bb][vc_single_image image=\u00a0\u00bb2384&Prime; title=\u00a0\u00bbStage sportif avec Chhouny AO et Selim MESTOUL\u00a0\u00bb onclick=\u00a0\u00bbcustom_link\u00a0\u00bb][vc_single_image image=\u00a0\u00bb2327&Prime; title=\u00a0\u00bbStage Viet Vo Dao avec Ma\u00eetre G\u00e9rard NGUYEN DAN VIET 9\u00e8me dang expert f\u00e9d\u00e9ral\u00a0\u00bb onclick=\u00a0\u00bbcustom_link\u00a0\u00bb][vc_single_image image=\u00a0\u00bb2320&Prime; title=\u00a0\u00bbStage Body-Karat\u00e9 avec Laurie SOUBEYRAND ouvert \u00e0 toutes et tous\u00a0\u00bb onclick=\u00a0\u00bbcustom_link\u00a0\u00bb][vc_single_image image=\u00a0\u00bb2312&Prime; title=\u00a0\u00bbStage kumit\u00e9 avec Ilies ELGUIR et Issa LARDJOUM (membres de l&rsquo;Equipe de France ) ouvert \u00e0 toutes et tous\u00a0\u00bb onclick=\u00a0\u00bbcustom_link\u00a0\u00bb][vc_single_image image=\u00a0\u00bb2301&Prime; title=\u00a0\u00bbStage Krav Maga avec Michel Perez Ouvert a toutes et tous quelque soit votre discipline. Inscription et r\u00e9servation directement aupr\u00e8s de Michel PEREZ 06 98 61 27 63 ou cdlk42@gmail.com\u00a0\u00bb link=\u00a0\u00bbhttps:\/\/sites.ffkarate.fr\/loire\/img-20211027-wa0001\/\u00a0\u00bb onclick=\u00a0\u00bbcustom_link\u00a0\u00bb][vc_single_image image=\u00a0\u00bb2297&Prime; title=\u00a0\u00bbStage en relation avec les grades avec Bernard Bilicki 9\u00e8me dan\u00a0\u00bb link=\u00a0\u00bbhttps:\/\/sites.ffkarate.fr\/loire\/img-20211027-wa0001\/\u00a0\u00bb onclick=\u00a0\u00bbcustom_link\u00a0\u00bb][vc_single_image image=\u00a0\u00bb2233&Prime; title=\u00a0\u00bbColl\u00e8gue des ceintures noires\u00a0\u00bb link=\u00a0\u00bbhttps:\/\/sites.ffkarate.fr\/loire\/img-20211027-wa0001\/\u00a0\u00bb onclick=\u00a0\u00bbcustom_link\u00a0\u00bb][vc_single_image image=\u00a0\u00bb2122&Prime; title=\u00a0\u00bbStage Dominique Val\u00e9ra\u00a0\u00bb link=\u00a0\u00bbhttps:\/\/sites.ffkarate.fr\/loire\/img-20211027-wa0001\/\u00a0\u00bb onclick=\u00a0\u00bbcustom_link\u00a0\u00bb][vc_single_image image=\u00a0\u00bb2102&Prime; title=\u00a0\u00bbStage grades Bernard Bilicki\u00a0\u00bb link=\u00a0\u00bbhttps:\/\/sites.ffkarate.fr\/loire\/bernard-bilicki-stage-grades-cdlk-31-10-2021_1&Prime; onclick=\u00a0\u00bbcustom_link\u00a0\u00bb][vc_single_image image=\u00a0\u00bb2029&Prime;][\/vc_column][\/vc_row][vc_row][vc_column][vc_gallery images=\u00a0\u00bb2003&Prime; title=\u00a0\u00bbMatin\u00e9e sport sant\u00e9\u00a0\u00bb][\/vc_column][\/vc_row]<\/p>\n<\/div>","protected":false},"excerpt":{"rendered":"<p>Dans le cadre de notre mission d\u2019aide au d\u00e9veloppement de vos activit\u00e9s, nous diffuserons ici vos avis et affiches de stages dans la mesure du possible et de nos disponibilit\u00e9s.<\/p>\n","protected":false},"author":1,"featured_media":58,"parent":0,"menu_order":0,"comment_status":"closed","ping_status":"closed","template":"","meta":{"footnotes":""},"class_list":["post-55","page","type-page","status-publish","hentry"],"_links":{"self":[{"href":"https:\/\/sites.ffkarate.fr\/loire\/wp-json\/wp\/v2\/pages\/55","targetHints":{"allow":["GET"]}}],"collection":[{"href":"https:\/\/sites.ffkarate.fr\/loire\/wp-json\/wp\/v2\/pages"}],"about":[{"href":"https:\/\/sites.ffkarate.fr\/loire\/wp-json\/wp\/v2\/types\/page"}],"author":[{"embeddable":true,"href":"https:\/\/sites.ffkarate.fr\/loire\/wp-json\/wp\/v2\/users\/1"}],"replies":[{"embeddable":true,"href":"https:\/\/sites.ffkarate.fr\/loire\/wp-json\/wp\/v2\/comments?post=55"}],"version-history":[{"count":11,"href":"https:\/\/sites.ffkarate.fr\/loire\/wp-json\/wp\/v2\/pages\/55\/revisions"}],"predecessor-version":[{"id":2865,"href":"https:\/\/sites.ffkarate.fr\/loire\/wp-json\/wp\/v2\/pages\/55\/revisions\/2865"}],"wp:featuredmedia":[{"embeddable":true,"href":"https:\/\/sites.ffkarate.fr\/loire\/wp-json\/wp\/v2\/media\/58"}],"wp:attachment":[{"href":"https:\/\/sites.ffkarate.fr\/loire\/wp-json\/wp\/v2\/media?parent=55"}],"curies":[{"name":"wp","href":"https:\/\/api.w.org\/{rel}","templated":true}]}}

<div class="wpb-content-wrapper"><p>[vc_row][vc_column][ffk_button link= »url:https%3A%2F%2Fsites.ffkarate.fr%2Floire%2Fstages-clubs%2F|title:Stages%20Clubs »][ffk_button link= »title:Stages%20F%C3%A9d%C3%A9raux »][vc_column_text]Dans le cadre de notre mission d’aide au développement de vos activités, nous diffuserons ici vos avis et affiches de stages dans la mesure du possible et de nos disponibilités.</p>
<p>Vous pouvez les envoyer suffisamment à l’avance à <a href="mailto:cdlk42@gmail.com">cdlk42@gmail.com</a>. Pour être publié sur le site du CDLK42, votre stage doit être autorisé par l’instance fédérale (Article L331-7 du code du sport), respecter la règlementation et respecter notamment les conditions suivantes :</p>
<ul>
<li>Etre organisé dans la Loire par un club de notre compétence territoriale</li>
<li>Etre destiné aux licenciés FFK et pour une activité du ressort de la FFKDA, couverte par l’assurance-licence FFK.</li>
<li>Etre dirigé par un professeur licencié FFK et titulaire d’un diplôme autorisant l’enseignement de la discipline concernée (Diplôme fédéral ou diplôme d’état)</li>
<li>Ne pas faire état de titres, grades, diplômes non officiels ou mensongers</li>
<li>Ne pas interférer avec une manifestation officielle destinée au même public licencié sur le même territoire.</li>
</ul>
<p>[/vc_column_text][vc_single_image image= »2861&Prime; title= »Stage de préparation aux grades avec Bernard BILICKI 9ème dan et Thierry ALIBERT 7ème dan à Roanne » onclick= »custom_link »][vc_single_image image= »2499&Prime; title= »Stage de préparation aux grades avec Bernard BILICKI 9ème dan Expert fédéral à Andrézieux » onclick= »custom_link »][vc_single_image image= »2500&Prime; title= »Stage Karaté et Body-karaté : de la technique à la musique avec Alain BOST et Angela ALFANO » onclick= »custom_link »][vc_single_image image= »2512&Prime; title= »Stage international de Yoseikan budo à Andrézieux » onclick= »custom_link »][vc_single_image image= »2405&Prime; title= »Stage Krav Maga avec Jean-Marie ARAEZ » onclick= »custom_link »][vc_single_image image= »2394&Prime; title= »Stage Sanda avec Daouda SAKHO 6ème dan » onclick= »custom_link »][vc_single_image image= »2385&Prime; title= »Stage grades avec Jacques TAPOL 8ème dang expert fédéral » onclick= »custom_link »][vc_single_image image= »2384&Prime; title= »Stage sportif avec Chhouny AO et Selim MESTOUL » onclick= »custom_link »][vc_single_image image= »2327&Prime; title= »Stage Viet Vo Dao avec Maître Gérard NGUYEN DAN VIET 9ème dang expert fédéral » onclick= »custom_link »][vc_single_image image= »2320&Prime; title= »Stage Body-Karaté avec Laurie SOUBEYRAND ouvert à toutes et tous » onclick= »custom_link »][vc_single_image image= »2312&Prime; title= »Stage kumité avec Ilies ELGUIR et Issa LARDJOUM (membres de l&rsquo;Equipe de France ) ouvert à toutes et tous » onclick= »custom_link »][vc_single_image image= »2301&Prime; title= »Stage Krav Maga avec Michel Perez Ouvert a toutes et tous quelque soit votre discipline. Inscription et réservation directement auprès de Michel PEREZ 06 98 61 27 63 ou cdlk42@gmail.com » link= »https://sites.ffkarate.fr/loire/img-20211027-wa0001/ » onclick= »custom_link »][vc_single_image image= »2297&Prime; title= »Stage en relation avec les grades avec Bernard Bilicki 9ème dan » link= »https://sites.ffkarate.fr/loire/img-20211027-wa0001/ » onclick= »custom_link »][vc_single_image image= »2233&Prime; title= »Collègue des ceintures noires » link= »https://sites.ffkarate.fr/loire/img-20211027-wa0001/ » onclick= »custom_link »][vc_single_image image= »2122&Prime; title= »Stage Dominique Valéra » link= »https://sites.ffkarate.fr/loire/img-20211027-wa0001/ » onclick= »custom_link »][vc_single_image image= »2102&Prime; title= »Stage grades Bernard Bilicki » link= »https://sites.ffkarate.fr/loire/bernard-bilicki-stage-grades-cdlk-31-10-2021_1&Prime; onclick= »custom_link »][vc_single_image image= »2029&Prime;][/vc_column][/vc_row][vc_row][vc_column][vc_gallery images= »2003&Prime; title= »Matinée sport santé »][/vc_column][/vc_row]</p>
</div>

<p>Dans le cadre de notre mission d’aide au développement de vos activités, nous diffuserons ici vos avis et affiches de stages dans la mesure du possible et de nos disponibilités.</p>
