{"id":1210,"date":"2021-08-11T07:17:53","date_gmt":"2021-08-11T05:17:53","guid":{"rendered":"https:\/\/sites.ffkarate.fr\/loireatlantique\/?page_id=1210"},"modified":"2021-08-11T07:17:53","modified_gmt":"2021-08-11T05:17:53","slug":"developpement-durable","status":"publish","type":"page","link":"https:\/\/sites.ffkarate.fr\/loireatlantique\/developpement-durable\/","title":{"rendered":"D\u00e9veloppement durable"},"content":{"rendered":"<div class=\"wpb-content-wrapper\"><p>[vc_row][vc_column][vc_column_text]Le <b>d\u00e9veloppement durable<\/b> est une conception du <a title=\"D\u00e9veloppement humain (\u00e9conomie)\" href=\"https:\/\/fr.wikipedia.org\/wiki\/D%C3%A9veloppement_humain_%28%C3%A9conomie%29\" target=\"_blank\" rel=\"noopener\">d\u00e9veloppement<\/a> qui s&rsquo;inscrit dans une perspective de <a title=\"Long terme\" href=\"https:\/\/fr.wikipedia.org\/wiki\/Long_terme\" target=\"_blank\" rel=\"noopener\">long terme<\/a> et en int\u00e9grant les contraintes <a title=\"\u00c9cologie\" href=\"https:\/\/fr.wikipedia.org\/wiki\/%C3%89cologie\" target=\"_blank\" rel=\"noopener\">\u00e9cologiques<\/a> et <a title=\"Soci\u00e9t\u00e9 (sciences sociales)\" href=\"https:\/\/fr.wikipedia.org\/wiki\/Soci%C3%A9t%C3%A9_%28sciences_sociales%29\" target=\"_blank\" rel=\"noopener\">sociales<\/a> \u00e0 l&rsquo;\u00e9conomie.<\/p>\n<p>Dans cette id\u00e9e, le CDK 44 vous propose de mettre vos karat\u00e9-gis usag\u00e9s mais en bon \u00e9tat \u00e0 la vente.<\/p>\n<p>Contactez nous pour ajouter votre karat\u00e9-gi.[\/vc_column_text][\/vc_column][\/vc_row][vc_row][vc_column][vc_empty_space][\/vc_column][\/vc_row][vc_row][vc_column][vc_column_text]Vends karat\u00e9-gi\u00a0 ADIDAS, taille 150\/160, prix : 5 euros &#8211; contact : gealmarie@sfr.fr<\/p>\n<p>Vends karat\u00e9-gi\u00a0 KAITEN, taille 150, prix : 50 euros (achet\u00e9 100 euros) &#8211; contact : gealmarie@sfr.fr[\/vc_column_text][\/vc_column][\/vc_row]<\/p>\n<\/div>","protected":false},"excerpt":{"rendered":"<p>[vc_row][vc_column][vc_column_text]Le d\u00e9veloppement durable est une conception du d\u00e9veloppement qui s&rsquo;inscrit dans une perspective de long terme et en int\u00e9grant les contraintes \u00e9cologiques et sociales \u00e0 l&rsquo;\u00e9conomie. Dans cette id\u00e9e, le CDK 44 vous propose de mettre vos karat\u00e9-gis usag\u00e9s mais en bon \u00e9tat \u00e0 la vente. Contactez nous pour ajouter votre karat\u00e9-gi.[\/vc_column_text][\/vc_column][\/vc_row][vc_row][vc_column][vc_empty_space][\/vc_column][\/vc_row][vc_row][vc_column][vc_column_text]Vends karat\u00e9-gi\u00a0 ADIDAS, taille [&hellip;]<\/p>\n","protected":false},"author":110,"featured_media":1211,"parent":0,"menu_order":0,"comment_status":"closed","ping_status":"closed","template":"","meta":{"footnotes":""},"class_list":["post-1210","page","type-page","status-publish","hentry"],"_links":{"self":[{"href":"https:\/\/sites.ffkarate.fr\/loireatlantique\/wp-json\/wp\/v2\/pages\/1210","targetHints":{"allow":["GET"]}}],"collection":[{"href":"https:\/\/sites.ffkarate.fr\/loireatlantique\/wp-json\/wp\/v2\/pages"}],"about":[{"href":"https:\/\/sites.ffkarate.fr\/loireatlantique\/wp-json\/wp\/v2\/types\/page"}],"author":[{"embeddable":true,"href":"https:\/\/sites.ffkarate.fr\/loireatlantique\/wp-json\/wp\/v2\/users\/110"}],"replies":[{"embeddable":true,"href":"https:\/\/sites.ffkarate.fr\/loireatlantique\/wp-json\/wp\/v2\/comments?post=1210"}],"version-history":[{"count":1,"href":"https:\/\/sites.ffkarate.fr\/loireatlantique\/wp-json\/wp\/v2\/pages\/1210\/revisions"}],"predecessor-version":[{"id":1212,"href":"https:\/\/sites.ffkarate.fr\/loireatlantique\/wp-json\/wp\/v2\/pages\/1210\/revisions\/1212"}],"wp:featuredmedia":[{"embeddable":true,"href":"https:\/\/sites.ffkarate.fr\/loireatlantique\/wp-json\/wp\/v2\/media\/1211"}],"wp:attachment":[{"href":"https:\/\/sites.ffkarate.fr\/loireatlantique\/wp-json\/wp\/v2\/media?parent=1210"}],"curies":[{"name":"wp","href":"https:\/\/api.w.org\/{rel}","templated":true}]}}