{"id":4498,"date":"2025-08-27T10:11:12","date_gmt":"2025-08-27T08:11:12","guid":{"rendered":"https:\/\/sites.ffkarate.fr\/loireatlantique\/?page_id=4498"},"modified":"2025-08-27T10:11:12","modified_gmt":"2025-08-27T08:11:12","slug":"cd-mjsea","status":"publish","type":"page","link":"https:\/\/sites.ffkarate.fr\/loireatlantique\/cd-mjsea\/","title":{"rendered":"CD MJSEA"},"content":{"rendered":"<div class=\"wpb-content-wrapper\"><p>[vc_row][vc_column][vc_column_text]Lien du CD des m\u00e9daill\u00e9s Jeunesse, Sports et Engagement Associatif.<\/p>\n<p><a href=\"https:\/\/www.loire-atlantique.gouv.fr\/layout\/set\/print\/Actions-de-l-Etat\/Jeunesse-sport-engagement-vie-associative\/Soutien-a-la-vie-associative\/Medaille-de-la-Jeunesse-des-Sports-et-de-l-Engagement-Associatif\" target=\"_blank\" rel=\"noopener\">M\u00e9daille de la Jeunesse, des Sports et de l&rsquo;Engagement Associatif &#8211; Soutien \u00e0 la vie associative &#8211; Jeunesse, sport, engagement, vie associative &#8211; Actions de l&rsquo;\u00c9tat &#8211; Les services de l&rsquo;\u00c9tat en Loire-Atlantique<\/a>[\/vc_column_text][\/vc_column][\/vc_row]<\/p>\n<\/div>","protected":false},"excerpt":{"rendered":"<p>[vc_row][vc_column][vc_column_text]Lien du CD des m\u00e9daill\u00e9s Jeunesse, Sports et Engagement Associatif. M\u00e9daille de la Jeunesse, des Sports et de l&rsquo;Engagement Associatif &#8211; Soutien \u00e0 la vie associative &#8211; Jeunesse, sport, engagement, vie associative &#8211; Actions de l&rsquo;\u00c9tat &#8211; Les services de l&rsquo;\u00c9tat en Loire-Atlantique[\/vc_column_text][\/vc_column][\/vc_row]<\/p>\n","protected":false},"author":110,"featured_media":4499,"parent":0,"menu_order":0,"comment_status":"closed","ping_status":"closed","template":"","meta":{"footnotes":""},"class_list":["post-4498","page","type-page","status-publish","hentry"],"_links":{"self":[{"href":"https:\/\/sites.ffkarate.fr\/loireatlantique\/wp-json\/wp\/v2\/pages\/4498","targetHints":{"allow":["GET"]}}],"collection":[{"href":"https:\/\/sites.ffkarate.fr\/loireatlantique\/wp-json\/wp\/v2\/pages"}],"about":[{"href":"https:\/\/sites.ffkarate.fr\/loireatlantique\/wp-json\/wp\/v2\/types\/page"}],"author":[{"embeddable":true,"href":"https:\/\/sites.ffkarate.fr\/loireatlantique\/wp-json\/wp\/v2\/users\/110"}],"replies":[{"embeddable":true,"href":"https:\/\/sites.ffkarate.fr\/loireatlantique\/wp-json\/wp\/v2\/comments?post=4498"}],"version-history":[{"count":2,"href":"https:\/\/sites.ffkarate.fr\/loireatlantique\/wp-json\/wp\/v2\/pages\/4498\/revisions"}],"predecessor-version":[{"id":4501,"href":"https:\/\/sites.ffkarate.fr\/loireatlantique\/wp-json\/wp\/v2\/pages\/4498\/revisions\/4501"}],"wp:featuredmedia":[{"embeddable":true,"href":"https:\/\/sites.ffkarate.fr\/loireatlantique\/wp-json\/wp\/v2\/media\/4499"}],"wp:attachment":[{"href":"https:\/\/sites.ffkarate.fr\/loireatlantique\/wp-json\/wp\/v2\/media?parent=4498"}],"curies":[{"name":"wp","href":"https:\/\/api.w.org\/{rel}","templated":true}]}}