{"id":467,"date":"2021-06-05T19:31:03","date_gmt":"2021-06-05T17:31:03","guid":{"rendered":"https:\/\/sites.ffkarate.fr\/loireatlantique\/?page_id=467"},"modified":"2026-03-28T20:54:42","modified_gmt":"2026-03-28T19:54:42","slug":"grades-fiche-dinscription","status":"publish","type":"page","link":"https:\/\/sites.ffkarate.fr\/loireatlantique\/grades-fiche-dinscription\/","title":{"rendered":"Grades &#8211; Fiche d&rsquo;inscription"},"content":{"rendered":"<div class=\"wpb-content-wrapper\"><p>[vc_row][vc_column][vc_column_text]<\/p>\n<h4>Responsable d\u00e9partemental des grades<\/h4>\n<p>Fabrice BOSCH, CN 6\u00e8me dan<\/p>\n<p>grade.karate44@gmail.com[\/vc_column_text][\/vc_column][\/vc_row][vc_row][vc_column width=\u00a0\u00bb1\/3&Prime;][vc_single_image image=\u00a0\u00bb970&Prime;][\/vc_column][vc_column width=\u00a0\u00bb1\/3&Prime;][\/vc_column][vc_column width=\u00a0\u00bb1\/3&Prime;][\/vc_column][\/vc_row][vc_row][vc_column][vc_column_text]Responsable adjoint aux grades, d\u00e9tach\u00e9 aux Arts Martiaux Vietnamiens<\/p>\n<p>Franck HOUSSAIS, CN 6\u00e8me dang<\/p>\n<p>houssaisfranck@orange.fr[\/vc_column_text][\/vc_column][\/vc_row][vc_row][vc_column width=\u00a0\u00bb1\/3&Prime;][vc_single_image image=\u00a0\u00bb4655&Prime;][\/vc_column][vc_column width=\u00a0\u00bb1\/3&Prime;][\/vc_column][vc_column width=\u00a0\u00bb1\/3&Prime;][\/vc_column][\/vc_row][vc_row][vc_column][vc_empty_space][\/vc_column][\/vc_row][vc_row][vc_column][vc_column_text]<\/p>\n<div class=\"vc_row wpb_row vc_row-fluid vc_column-gap-15\">\n<div class=\"wpb_column vc_column_container vc_col-sm-12\">\n<div class=\"vc_column-inner\">\n<div class=\"wpb_wrapper\">\n<div class=\"wpb_text_column wpb_content_element \">\n<div class=\"wpb_wrapper\">\n<h4>Inscriptions aux examens de grades<\/h4>\n<p>Le dossier de candidature devra \u00eatre complet et retourn\u00e9\u00a0<strong>en courrier simple non recommand\u00e9 au moins 30 jours avant la date de l\u2019examen<\/strong>\u00a0(cachet poste faisant foi) au Comit\u00e9 D\u00e9partemental de Karat\u00e9 de la Loire-Atlantique .<\/p>\n<p>Envoi des dossiers d\u2019inscriptions\u00a0<strong>UNIQUEMENT<\/strong>\u00a0par courrier<strong>\u00a0post\u00e9<\/strong> \u00e0 :\u00a0 Mme Michelle GEAY, Secr\u00e9tariat CDK, 41 Route d\u2019Ermur, 44380 PORNICHET<\/p>\n<p>Puis effectuer \u00e9galement un envoi <strong>par courrier mail <\/strong>\u00e0 l\u2019adresse suivante <a href=\"mailto:mgeay44@gmail.com\" target=\"_blank\" rel=\"noopener\">mgeay44@gmail.com<\/a><\/p>\n<\/div>\n<\/div>\n<\/div>\n<\/div>\n<\/div>\n<\/div>\n<p>[\/vc_column_text][\/vc_column][\/vc_row][vc_row][vc_column][vc_column_text]<\/p>\n<h4>Le jour de l\u2019examen<\/h4>\n<p>Vous devez vous pr\u00e9senter au moins 15 minutes avant l\u2019heure de convocation avec :<\/p>\n<ul>\n<li>Votre karategi<\/li>\n<li>Votre passeport sportif<\/li>\n<li>Une pi\u00e8ce d\u2019identit\u00e9<\/li>\n<li>La lettre de convocation qui vous aura \u00e9t\u00e9 adress\u00e9e par la CODG<\/li>\n<li>Vos cibles si vous avez \u00e0 pr\u00e9senter l\u2019UV Kihon.<\/li>\n<\/ul>\n<p>[\/vc_column_text][\/vc_column][\/vc_row][vc_row][vc_column][vc_column_text]<\/p>\n<h4>Contenu du dossier<\/h4>\n<ul>\n<li><a href=\"https:\/\/sites.ffkarate.fr\/loireatlantique\/grades\/#\"><strong>La fiche d\u2019inscription<\/strong><\/a>\u00a0compl\u00e9t\u00e9e et sign\u00e9e avec la photo du candidat.<\/li>\n<li>Une attestation historique des licences que vous obtenez sur votre page du site f\u00e9d\u00e9ral<\/li>\n<li>Les photocopies des pages suivantes de votre passeport sportif :\n<ul>\n<li style=\"list-style-type: none\">\n<ul>\n<li style=\"list-style-type: none\">\n<ul>\n<li style=\"list-style-type: none\">\n<ul>\n<li>Page d\u2019authentification des grades d\u00e9j\u00e0 obtenus<\/li>\n<li>Le cas \u00e9ch\u00e9ant, page des UV d\u00e9j\u00e0 obtenues avec les notes pour l\u2019examen concern\u00e9<\/li>\n<li>Le cas \u00e9ch\u00e9ant la page des points de bonifications acquis lors des stages d\u2019experts f\u00e9d\u00e9raux<\/li>\n<\/ul>\n<\/li>\n<\/ul>\n<\/li>\n<\/ul>\n<\/li>\n<\/ul>\n<\/li>\n<li><a href=\"https:\/\/sites.ffkarate.fr\/loireatlantique\/grades\/#\"><strong>L\u2019autorisation parentale pour les candidats mineurs<\/strong><\/a><\/li>\n<li>Le courrier de la CSDGE en cas de d\u00e9rogation sp\u00e9ciale<\/li>\n<li>Un ch\u00e8que de 50 \u20ac \u00e0 l\u2019ordre du Comit\u00e9 D\u00e9partemental de Karat\u00e9 de la Loire-Atlantique (Non remboursable en cas de non pr\u00e9sentation \u00e0 l\u2019examen).<\/li>\n<\/ul>\n<p>[\/vc_column_text][\/vc_column][\/vc_row][vc_row][vc_column][\/vc_column][\/vc_row][vc_row][vc_column][vc_column_text]<\/p>\n<h4>Explications compl\u00e9mentaires<\/h4>\n<p>La CODG de Loire-Atlantique organise les examens concernant <strong>le Karat\u00e9-Do<\/strong> (Tous styles), Karat\u00e9 Contact, Karat\u00e9 Full Contact et Tai Jitsu.<\/p>\n<p>Pour les candidats d\u00e9sirant se pr\u00e9senter aux examens de grades dans les autres disciplines (en Arts Martiaux Vietnamiens, Vovinam Viet Vo Dao, Krav Maga, Yoseikan Budo, Kali escrima, Penchak Silat, Nihon Ta\u00ef Jitsu, Shorinji Kempo, A\u00efto, Wushu, Shindoka\u00ef, Karate d\u00e9fense training), ils devront adresser leur candidature \u00e0 la Ligue Pays de Loire et passer leur examen avec la CORG des Pays de Loire (Dates sur calendrier de la Ligue).<\/p>\n<p>Toutes demandes de d\u00e9rogation devront \u00eatre justifi\u00e9es et pr\u00e9sent\u00e9es directement \u00e0 la F\u00e9d\u00e9ration dans les temps imparties par la r\u00e8glementation : concernant les articles 205, 206, 207, 209 et 2016.<\/p>\n<p>&nbsp;<\/p>\n<ul>\n<li>Article 205 \u2013 Conditions d\u2019\u00e2ge pour les passages de Dans et grades \u00e9quivalents<\/li>\n<li>Article 206 \u2013 Temps de pratique entre chaque passage de Dans et Grades \u00e9quivalents<\/li>\n<li>Article 207 \u2013 Fr\u00e9quence des pages de Dans et Grades \u00e9quivalents<\/li>\n<li>Article 209 \u2013 Bonifications en temps de Pratique<\/li>\n<li>Article 216 \u2013 Reconnaissance des Dans et Grades \u00e9quivalents obtenus \u00e0 l\u2019\u00e9tranger<\/li>\n<\/ul>\n<p>[\/vc_column_text][\/vc_column][\/vc_row][vc_row][vc_column][\/vc_column][\/vc_row]<\/p>\n<\/div>","protected":false},"excerpt":{"rendered":"<p>[vc_row][vc_column][vc_column_text] Responsable d\u00e9partemental des grades Fabrice BOSCH, CN 6\u00e8me dan grade.karate44@gmail.com[\/vc_column_text][\/vc_column][\/vc_row][vc_row][vc_column width=\u00a0\u00bb1\/3&Prime;][vc_single_image image=\u00a0\u00bb970&Prime;][\/vc_column][vc_column width=\u00a0\u00bb1\/3&Prime;][\/vc_column][vc_column width=\u00a0\u00bb1\/3&Prime;][\/vc_column][\/vc_row][vc_row][vc_column][vc_column_text]Responsable adjoint aux grades, d\u00e9tach\u00e9 aux Arts Martiaux Vietnamiens Franck HOUSSAIS, CN 6\u00e8me dang houssaisfranck@orange.fr[\/vc_column_text][\/vc_column][\/vc_row][vc_row][vc_column width=\u00a0\u00bb1\/3&Prime;][vc_single_image image=\u00a0\u00bb4655&Prime;][\/vc_column][vc_column width=\u00a0\u00bb1\/3&Prime;][\/vc_column][vc_column width=\u00a0\u00bb1\/3&Prime;][\/vc_column][\/vc_row][vc_row][vc_column][vc_empty_space][\/vc_column][\/vc_row][vc_row][vc_column][vc_column_text] Inscriptions aux examens de grades Le dossier de candidature devra \u00eatre complet et retourn\u00e9\u00a0en courrier simple non recommand\u00e9 au moins 30 jours [&hellip;]<\/p>\n","protected":false},"author":110,"featured_media":0,"parent":0,"menu_order":0,"comment_status":"closed","ping_status":"closed","template":"","meta":{"footnotes":""},"class_list":["post-467","page","type-page","status-publish","hentry"],"_links":{"self":[{"href":"https:\/\/sites.ffkarate.fr\/loireatlantique\/wp-json\/wp\/v2\/pages\/467","targetHints":{"allow":["GET"]}}],"collection":[{"href":"https:\/\/sites.ffkarate.fr\/loireatlantique\/wp-json\/wp\/v2\/pages"}],"about":[{"href":"https:\/\/sites.ffkarate.fr\/loireatlantique\/wp-json\/wp\/v2\/types\/page"}],"author":[{"embeddable":true,"href":"https:\/\/sites.ffkarate.fr\/loireatlantique\/wp-json\/wp\/v2\/users\/110"}],"replies":[{"embeddable":true,"href":"https:\/\/sites.ffkarate.fr\/loireatlantique\/wp-json\/wp\/v2\/comments?post=467"}],"version-history":[{"count":14,"href":"https:\/\/sites.ffkarate.fr\/loireatlantique\/wp-json\/wp\/v2\/pages\/467\/revisions"}],"predecessor-version":[{"id":4657,"href":"https:\/\/sites.ffkarate.fr\/loireatlantique\/wp-json\/wp\/v2\/pages\/467\/revisions\/4657"}],"wp:attachment":[{"href":"https:\/\/sites.ffkarate.fr\/loireatlantique\/wp-json\/wp\/v2\/media?parent=467"}],"curies":[{"name":"wp","href":"https:\/\/api.w.org\/{rel}","templated":true}]}}