{"id":530,"date":"2018-09-19T09:13:21","date_gmt":"2018-09-19T07:13:21","guid":{"rendered":"https:\/\/sites.ffkarate.fr\/nord\/?page_id=530"},"modified":"2025-09-20T11:42:29","modified_gmt":"2025-09-20T09:42:29","slug":"afa","status":"publish","type":"page","link":"https:\/\/sites.ffkarate.fr\/nord\/afa\/","title":{"rendered":"Attestation F\u00e9d\u00e9rale d &lsquo;Assistant (AFA)"},"content":{"rendered":"<div class=\"wpb-content-wrapper\"><p>[vc_row][vc_column][vc_column_text]<strong>La formation AFA passe sous la responsabilit\u00e9 des D\u00e9partements.<\/strong><\/p>\n<p>Le Responsable D\u00e9partemental de la formation est<br \/>\n<strong>Pascal THIBAUT:\u00a0<\/strong><\/p>\n<p><strong>Tel<\/strong>: 06-08-47-77-23<\/p>\n<p><strong>Adresse courriel<\/strong>: pascal.thibaut1010@gmail.com<\/p>\n<p><strong>Le D\u00e9partement\u00a0met en place des formations afin de vous permettre d\u2019obtenir:<br \/>\n<\/strong><br \/>\nL\u2019<strong>AFA <\/strong>: Attestation F\u00e9d\u00e9rale d\u2019Assistant<\/p>\n<h2><\/h2>\n<h2><strong>OBJECTIFS<\/strong><\/h2>\n<ul>\n<li>Assister un enseignant dipl\u00f4m\u00e9 \u00e0 encadrer des s\u00e9ances de karat\u00e9 et disciplines associ\u00e9es ;<\/li>\n<li>Participer au fonctionnement du club ;<\/li>\n<li>Participer \u00e0 la pr\u00e9servation de la s\u00e9curit\u00e9 des pratiquants lors des s\u00e9ances.<\/li>\n<\/ul>\n<h2><\/h2>\n<h2><strong>PR\u00c9REQUIS<\/strong><\/h2>\n<p>Pour s\u2019inscrire \u00e0 la formation, le candidat doit :<\/p>\n<ul>\n<li>Avoir au minimum la ceinture marron ;<\/li>\n<li>Etre \u00e2g\u00e9 de 14 (minimum) ;<\/li>\n<li>Avoir 2 timbres de licences FFKDA dont celle de l\u2019ann\u00e9e en cours.<\/li>\n<\/ul>\n<h2><\/h2>\n<h2><strong>ORGANISATION\u00a0DE LA FORMATION<\/strong><\/h2>\n<p>Le volume total de la formation est 8 heures<\/p>\n<ul>\n<li>BC1 Enseignement et animation : 4 heures<\/li>\n<li>BC2 Environnement associatif et f\u00e9d\u00e9ral : 3 heures<\/li>\n<li>BC3 Participation \u00e0 la vie f\u00e9d\u00e9rale et citoyenne : 1 heure<\/li>\n<\/ul>\n<p>L\u2019AFA permet un premier acc\u00e8s aux activit\u00e9s d\u2019enseignement b\u00e9n\u00e9vole. Elle est la premi\u00e8re \u00e9tape dans une logique de formation permettant l\u2019enseignement b\u00e9n\u00e9vole.<\/p>\n<p>&nbsp;<\/p>\n<p><strong><em>Tarif :\u00a030 \u20ac<\/em><\/strong><\/p>\n<p><strong><em>Frais annexes: <\/em><\/strong><em>\u00e0 la charge du stagiaire.<\/em><\/p>\n<p>&nbsp;<\/p>\n<p><strong>Dossiers d\u2019inscriptions \u00e0 retourner par mail 30 jours avant la date de formation par mail : <a href=\"cdkn.ffkarate@orange.fr\">cdkn.ffkarate@orange.fr<\/a><\/strong>[\/vc_column_text][\/vc_column][\/vc_row]<\/p>\n<\/div>","protected":false},"excerpt":{"rendered":"<p>[vc_row][vc_column][vc_column_text]La formation AFA passe sous la responsabilit\u00e9 des D\u00e9partements. Le Responsable D\u00e9partemental de la formation est Pascal THIBAUT:\u00a0 Tel: 06-08-47-77-23 Adresse courriel: pascal.thibaut1010@gmail.com Le D\u00e9partement\u00a0met en place des formations afin de vous permettre d\u2019obtenir: L\u2019AFA : Attestation F\u00e9d\u00e9rale d\u2019Assistant OBJECTIFS Assister un enseignant dipl\u00f4m\u00e9 \u00e0 encadrer des s\u00e9ances de karat\u00e9 et disciplines associ\u00e9es ; Participer [&hellip;]<\/p>\n","protected":false},"author":128,"featured_media":0,"parent":0,"menu_order":0,"comment_status":"closed","ping_status":"closed","template":"","meta":{"footnotes":""},"class_list":["post-530","page","type-page","status-publish","hentry"],"_links":{"self":[{"href":"https:\/\/sites.ffkarate.fr\/nord\/wp-json\/wp\/v2\/pages\/530","targetHints":{"allow":["GET"]}}],"collection":[{"href":"https:\/\/sites.ffkarate.fr\/nord\/wp-json\/wp\/v2\/pages"}],"about":[{"href":"https:\/\/sites.ffkarate.fr\/nord\/wp-json\/wp\/v2\/types\/page"}],"author":[{"embeddable":true,"href":"https:\/\/sites.ffkarate.fr\/nord\/wp-json\/wp\/v2\/users\/128"}],"replies":[{"embeddable":true,"href":"https:\/\/sites.ffkarate.fr\/nord\/wp-json\/wp\/v2\/comments?post=530"}],"version-history":[{"count":15,"href":"https:\/\/sites.ffkarate.fr\/nord\/wp-json\/wp\/v2\/pages\/530\/revisions"}],"predecessor-version":[{"id":4140,"href":"https:\/\/sites.ffkarate.fr\/nord\/wp-json\/wp\/v2\/pages\/530\/revisions\/4140"}],"wp:attachment":[{"href":"https:\/\/sites.ffkarate.fr\/nord\/wp-json\/wp\/v2\/media?parent=530"}],"curies":[{"name":"wp","href":"https:\/\/api.w.org\/{rel}","templated":true}]}}