{"id":4,"date":"2021-05-07T15:35:17","date_gmt":"2021-05-07T13:35:17","guid":{"rendered":"https:\/\/sites.ffkarate.fr\/normandie\/?page_id=4"},"modified":"2024-09-04T11:10:30","modified_gmt":"2024-09-04T09:10:30","slug":"presentation","status":"publish","type":"page","link":"https:\/\/sites.ffkarate.fr\/normandie\/presentation\/","title":{"rendered":"Pr\u00e9sentation"},"content":{"rendered":"<div class=\"wpb-content-wrapper\"><p>[vc_row full_width=\u00a0\u00bbstretch_row_content\u00a0\u00bb bg_grey=\u00a0\u00bb1&Prime;][vc_column width=\u00a0\u00bb1\/4&Prime;][ffk_peoplecard image=\u00a0\u00bb3459&Prime; title=\u00a0\u00bbCHORFI Bachir\u00a0\u00bb subtitle=\u00a0\u00bbPr\u00e9sident ligue de Normandie de Karat\u00e9\u00a0\u00bb][\/vc_column][vc_column width=\u00a0\u00bb3\/4&Prime;][vc_column_text]<\/p>\n<blockquote>\n<p><em>\u00ab\u00a0Bienvenue sur le site officiel de la Ligue de Normandie\u00a0 !<\/em><\/p>\n<p><em>Vous trouverez sur ce site toute l\u2019actualit\u00e9 du karat\u00e9 et de ses disciplines associ\u00e9es :<\/em><br \/>\n<em>le calendrier des diff\u00e9rentes comp\u00e9titions, les passages de grade, stages et autres manifestations, mais aussi toutes les informations et documents n\u00e9cessaires aux dirigeants de club ainsi qu\u2019aux licenci\u00e9s.<\/em><\/p>\n<p><em>Bonne visite.\u00a0\u00bb <\/em><\/p>\n<p><strong>Le Pr\u00e9sident de la Ligue de Normandie<\/strong><\/p>\n<\/blockquote>\n<p>[\/vc_column_text][\/vc_column][\/vc_row][vc_row][vc_column][vc_empty_space height=\u00a0\u00bb40&Prime;][vc_row_inner][vc_column_inner][vc_column_text]<\/p>\n<h3 class=\"entry-title\" style=\"text-align: center;\"><strong><span style=\"color: #1423a0;\">COMIT\u00c9 DIRECTEUR<\/span><\/strong><\/h3>\n<h6 style=\"text-align: center;\">OLYMPIADE 2024\/2028<\/h6>\n<p>[\/vc_column_text][\/vc_column_inner][\/vc_row_inner][vc_row_inner equal_height=\u00a0\u00bbyes\u00a0\u00bb css=\u00a0\u00bb.vc_custom_1617006214271{border-bottom-width: 10px !important;}\u00a0\u00bb][vc_column_inner width=\u00a0\u00bb1\/4&Prime;][\/vc_column_inner][vc_column_inner width=\u00a0\u00bb1\/4&Prime;][ffk_peoplecard image=\u00a0\u00bb3459&Prime; title=\u00a0\u00bbCHORFI Bachir\u00a0\u00bb subtitle=\u00a0\u00bbPR\u00c9SIDENT\u00a0\u00bb][\/vc_column_inner][vc_column_inner width=\u00a0\u00bb1\/4&Prime;][ffk_peoplecard title=\u00a0\u00bbCLAIN Jean-Paul\u00a0\u00bb subtitle=\u00a0\u00bbSECR\u00c9TAIRE G\u00c9N\u00c9RAL\u00a0\u00bb image=\u00a0\u00bb9268&Prime;][\/vc_column_inner][vc_column_inner width=\u00a0\u00bb1\/4&Prime;][ffk_peoplecard image=\u00a0\u00bb3439&Prime; title=\u00a0\u00bbBARKA Sa\u00efd\u00a0\u00bb subtitle=\u00a0\u00bbVICE-PR\u00c9SIDENT\u00a0\u00bb][\/vc_column_inner][\/vc_row_inner][vc_row_inner][vc_column_inner width=\u00a0\u00bb1\/4&Prime;][ffk_peoplecard title=\u00a0\u00bbLAFONT G\u00e9rard\u00a0\u00bb subtitle=\u00a0\u00bbVICE-PR\u00c9SIDENT\u00a0\u00bb image=\u00a0\u00bb3449&Prime;][\/vc_column_inner][vc_column_inner width=\u00a0\u00bb1\/4&Prime;][ffk_peoplecard title=\u00a0\u00bbSERAPHIN Marie\u00a0\u00bb subtitle=\u00a0\u00bbSECR\u00c9TAIRE G\u00c9N\u00c9RALE ADJOINTE\u00a0\u00bb image=\u00a0\u00bb9414&Prime;][\/vc_column_inner][vc_column_inner width=\u00a0\u00bb1\/4&Prime;][ffk_peoplecard title=\u00a0\u00bbBONNET Fr\u00e9d\u00e9ric\u00a0\u00bb subtitle=\u00a0\u00bbTR\u00c9SORIER G\u00c9N\u00c9RAL\u00a0\u00bb image=\u00a0\u00bb3532&Prime;][\/vc_column_inner][vc_column_inner width=\u00a0\u00bb1\/4&Prime;][ffk_peoplecard title=\u00a0\u00bbGONZALES Laurent\u00a0\u00bb subtitle=\u00a0\u00bbTR\u00c9SORIER G\u00c9N\u00c9RAL Adjoint WEBMASTER\u00a0\u00bb image=\u00a0\u00bb3443&Prime;][\/vc_column_inner][\/vc_row_inner][vc_empty_space height=\u00a0\u00bb40&Prime;][ffk_peoplecard title=\u00a0\u00bbMarie-France Goux\u00a0\u00bb subtitle=\u00a0\u00bbVICE-PR\u00c9SIDENTE\u00a0\u00bb image=\u00a0\u00bb9272&Prime;][\/vc_column][\/vc_row][vc_row][vc_column][vc_empty_space height=\u00a0\u00bb40&Prime;][vc_row_inner][vc_column_inner][vc_column_text]<\/p>\n<h3 class=\"entry-title\" style=\"text-align: center;\"><strong><span style=\"color: #1423a0;\">Membres du Comit\u00e9 Directeur<\/span><\/strong><\/h3>\n<h6 style=\"text-align: center;\">OLYMPIADE 2024\/2028<\/h6>\n<p>[\/vc_column_text][\/vc_column_inner][\/vc_row_inner][vc_row_inner css=\u00a0\u00bb.vc_custom_1617006214271{border-bottom-width: 10px !important;}\u00a0\u00bb][vc_column_inner width=\u00a0\u00bb1\/4&Prime;][\/vc_column_inner][\/vc_row_inner][vc_empty_space height=\u00a0\u00bb40&Prime;][\/vc_column][\/vc_row][vc_row][vc_column][ffk_peoplecard title=\u00a0\u00bbMEDJAHED Jamila\u00a0\u00bb subtitle=\u00a0\u00bbMembre\u00a0\u00bb image=\u00a0\u00bb9270&Prime;][ffk_peoplecard image=\u00a0\u00bb3442&Prime; title=\u00a0\u00bbDUHEM Michel\u00a0\u00bb subtitle=\u00a0\u00bbMembre\u00a0\u00bb][ffk_peoplecard image=\u00a0\u00bb3632&Prime; title=\u00a0\u00bbBENEITO Corinne\u00a0\u00bb subtitle=\u00a0\u00bbSecr\u00e9taire de la Ligue de Normandie\u00a0\u00bb description=\u00a0\u00bb02.35.67.62.61<br \/>\nffkarate.normandie@orange.fr\u00a0\u00bb][\/vc_column][vc_column][ffk_peoplecard image=\u00a0\u00bb3441&Prime; title=\u00a0\u00bbDignoire Philippe\u00a0\u00bb subtitle=\u00a0\u00bbMembre Honoraire\u00a0\u00bb][ffk_peoplecard image=\u00a0\u00bb9271&Prime; title=\u00a0\u00bbGIL Lucie\u00a0\u00bb subtitle=\u00a0\u00bbMEMBRE\u00a0\u00bb][ffk_peoplecard title=\u00a0\u00bbBESNARD Nad\u00e8ge\u00a0\u00bb subtitle=\u00a0\u00bbMembre\u00a0\u00bb image=\u00a0\u00bb9278&Prime;][ffk_peoplecard image=\u00a0\u00bb3458&Prime; title=\u00a0\u00bbPITHON Anni\u00a0\u00bb subtitle=\u00a0\u00bbMembre\u00a0\u00bb][ffk_peoplecard image=\u00a0\u00bb3403&Prime; title=\u00a0\u00bbBLIN V\u00e9ronique\u00a0\u00bb subtitle=\u00a0\u00bbMembre\u00a0\u00bb][\/vc_column][\/vc_row][vc_row][vc_column][vc_column_text]<\/p>\n<h2>Permanences\u00a0 \u00a0 <strong><img decoding=\"async\" class=\"size-full wp-image-3654 alignleft\" src=\"https:\/\/sites.ffkarate.fr\/normandie\/wp-content\/uploads\/sites\/117\/2021\/03\/Horaires-douverture-2-avec-detourage.png\" alt=\"\" width=\"225\" height=\"225\" srcset=\"https:\/\/sites.ffkarate.fr\/normandie\/wp-content\/uploads\/sites\/117\/2021\/03\/Horaires-douverture-2-avec-detourage.png 225w, https:\/\/sites.ffkarate.fr\/normandie\/wp-content\/uploads\/sites\/117\/2021\/03\/Horaires-douverture-2-avec-detourage-176x176.png 176w\" sizes=\"(max-width: 225px) 100vw, 225px\" \/><\/strong><\/h2>\n<p><strong>\u00a0<span style=\"color: #000000\">Lundi : 8h30\/12h00 \u2013 13h30\/17h30<\/span><\/strong><br \/>\n<span style=\"color: #000000\"><strong>\u00a0Mardi : 8h30\/12h00 \u2013 13h30\/17h30<\/strong><\/span><br \/>\n<span style=\"color: #000000\"><strong>\u00a0Mercredi : Ferm\u00e9<\/strong><\/span><br \/>\n<span style=\"color: #000000\"><strong>\u00a0<\/strong><strong>Jeudi : 8h30\/12h00 \u2013 13h30\/17h30<\/strong><\/span><br \/>\n<span style=\"color: #000000\"><strong>\u00a0Vendredi : 8h30\/12h00 \u201313h30\/17h30 <\/strong><\/span><\/p>\n<p>&nbsp;<\/p>\n<h2>Nos coordonn\u00e9es<\/h2>\n<p><strong><img decoding=\"async\" class=\"alignnone size-full wp-image-5707\" src=\"https:\/\/sites.ffkarate.fr\/normandie\/wp-content\/uploads\/sites\/117\/2022\/01\/53710-e1643557131961.png\" alt=\"\" width=\"50\" height=\"50\" \/> Ligue de Normandie et D.A<\/strong><br \/>\n8 avenue John Fitzg\u00e9rald Kennedy \u2013 B.P 104<br \/>\n76122 Le Grand-Quevilly Cedex<\/p>\n<p><strong><img decoding=\"async\" class=\"alignnone wp-image-5697 size-full\" src=\"https:\/\/sites.ffkarate.fr\/normandie\/wp-content\/uploads\/sites\/117\/2022\/01\/png-clipart-phone-phone-e1643551711967.png\" alt=\"\" width=\"20\" height=\"20\" \/>: 02.35.67.62.61<\/strong><\/p>\n<p><strong><a href=\"mailto:ffkarate.normandie@orange.fr\"><img decoding=\"async\" class=\"alignnone wp-image-5700 size-full\" src=\"https:\/\/sites.ffkarate.fr\/normandie\/wp-content\/uploads\/sites\/117\/2022\/01\/png-clipart-at-sign-at-sign-thumbnail-e1643552935201.png\" alt=\"\" width=\"20\" height=\"20\" \/><\/a>: <a href=\"mailto:ffkarate.normandie@orange.fr\" target=\"_blank\" rel=\"noopener\">ffkarate.normandie@orange.fr<\/a><\/strong><\/p>\n<p><strong><a href=\"https:\/\/sites.ffkarate.fr\/normandie\/\"><img decoding=\"async\" class=\"alignnone wp-image-5703 size-full\" src=\"https:\/\/sites.ffkarate.fr\/normandie\/wp-content\/uploads\/sites\/117\/2022\/01\/images-e1643553881858.jpg\" alt=\"\" width=\"20\" height=\"20\" \/><\/a>:<a href=\"https:\/\/sites.ffkarate.fr\/normandie\/\">\u00a0http:\/\/www.ffkarate.fr\/normandie\/<\/a><\/strong><\/p>\n<p style=\"text-align: left\"><strong><a href=\"https:\/\/www.facebook.com\/liguedenormandiekarate\" target=\"_blank\" rel=\"noopener\"><img decoding=\"async\" class=\"alignnone wp-image-5764\" src=\"https:\/\/sites.ffkarate.fr\/normandie\/wp-content\/uploads\/sites\/117\/2022\/02\/facebookblacksocialbuttoncircle_79771-300x300.png\" alt=\"\" width=\"20\" height=\"20\" srcset=\"https:\/\/sites.ffkarate.fr\/normandie\/wp-content\/uploads\/sites\/117\/2022\/02\/facebookblacksocialbuttoncircle_79771-300x300.png 300w, https:\/\/sites.ffkarate.fr\/normandie\/wp-content\/uploads\/sites\/117\/2022\/02\/facebookblacksocialbuttoncircle_79771-176x176.png 176w, https:\/\/sites.ffkarate.fr\/normandie\/wp-content\/uploads\/sites\/117\/2022\/02\/facebookblacksocialbuttoncircle_79771-150x150.png 150w, https:\/\/sites.ffkarate.fr\/normandie\/wp-content\/uploads\/sites\/117\/2022\/02\/facebookblacksocialbuttoncircle_79771.png 512w\" sizes=\"(max-width: 20px) 100vw, 20px\" \/>\u00a0 : https:\/\/www.facebook.com\/liguedenormandiekarate \u00a0<\/a> <\/strong><\/p>\n<p style=\"text-align: left\"><strong>\u00a0 \u00a0 \u00a0 \u00a0 \u00a0 \u00a0\u00a0<\/strong><\/p>\n<p style=\"text-align: left\"><em><strong><img decoding=\"async\" class=\"alignnone wp-image-5703 size-full\" src=\"https:\/\/sites.ffkarate.fr\/normandie\/wp-content\/uploads\/sites\/117\/2022\/01\/images-e1643553881858.jpg\" alt=\"\" width=\"20\" height=\"20\" \/><\/strong><\/em><strong><span style=\"color: #0000ff\">\u00a0Comit\u00e9s d\u00e9partementaux de Normandie<\/span><\/strong><\/p>\n<p><a href=\"https:\/\/sites.ffkarate.fr\/calvados\/\"><img decoding=\"async\" class=\"alignnone wp-image-5662 size-full\" src=\"https:\/\/sites.ffkarate.fr\/normandie\/wp-content\/uploads\/sites\/117\/2022\/01\/360_F_54707192_fKlZgmAilwYXjwIyatnpp8v6yWQtpjGK-e1643533129553.jpg\" alt=\"\" width=\"50\" height=\"50\" \/><\/a><strong><a href=\"https:\/\/sites.ffkarate.fr\/seinemaritime\/\">Comit\u00e9 d\u00e9partemental de la Seine-Maritime<\/a><\/strong><\/p>\n<p><a href=\"https:\/\/sites.ffkarate.fr\/calvados\/\">\u00a0<img decoding=\"async\" class=\"alignnone wp-image-5662 size-full\" src=\"https:\/\/sites.ffkarate.fr\/normandie\/wp-content\/uploads\/sites\/117\/2022\/01\/360_F_54707192_fKlZgmAilwYXjwIyatnpp8v6yWQtpjGK-e1643533129553.jpg\" alt=\"\" width=\"50\" height=\"50\" \/><\/a><strong><a href=\"https:\/\/sites.ffkarate.fr\/calvados\/\">Comit\u00e9 d\u00e9partemental du Calvados<\/a><\/strong><br \/>\n<strong>\u00a0<a href=\"https:\/\/sites.ffkarate.fr\/eure\/\"><img decoding=\"async\" class=\"alignnone wp-image-5662 size-full\" src=\"https:\/\/sites.ffkarate.fr\/normandie\/wp-content\/uploads\/sites\/117\/2022\/01\/360_F_54707192_fKlZgmAilwYXjwIyatnpp8v6yWQtpjGK-e1643533129553.jpg\" alt=\"\" width=\"50\" height=\"50\" \/><\/a><a href=\"https:\/\/sites.ffkarate.fr\/eure\/\" target=\"_blank\" rel=\"noopener\">Comit\u00e9 d\u00e9partemental de l\u2019Eure<\/a><\/strong><br \/>\n<strong>\u00a0<img decoding=\"async\" class=\"alignnone size-full wp-image-5662\" src=\"https:\/\/sites.ffkarate.fr\/normandie\/wp-content\/uploads\/sites\/117\/2022\/01\/360_F_54707192_fKlZgmAilwYXjwIyatnpp8v6yWQtpjGK-e1643533129553.jpg\" alt=\"\" width=\"50\" height=\"50\" \/><a href=\"https:\/\/www.facebook.com\/cdkarate50.fr\/?locale=fr_FR\" target=\"_blank\" rel=\"noopener\">Comit\u00e9 d\u00e9partemental de la Manche<\/a><\/strong><br \/>\n<strong><a href=\"https:\/\/sites.ffkarate.fr\/orne\/\">\u00a0<img decoding=\"async\" class=\"alignnone wp-image-5662 size-full\" src=\"https:\/\/sites.ffkarate.fr\/normandie\/wp-content\/uploads\/sites\/117\/2022\/01\/360_F_54707192_fKlZgmAilwYXjwIyatnpp8v6yWQtpjGK-e1643533129553.jpg\" alt=\"\" width=\"50\" height=\"50\" \/><\/a>\u00a0<a href=\"https:\/\/sites.ffkarate.fr\/orne\/\" target=\"_blank\" rel=\"noopener\">Comit\u00e9 d\u00e9partemental de l\u2019Orne<\/a><\/strong>[\/vc_column_text][\/vc_column][\/vc_row][vc_row][vc_column][\/vc_column][\/vc_row][vc_row][vc_column][\/vc_column][\/vc_row]<\/p>\n<\/div>","protected":false},"excerpt":{"rendered":"<p>[vc_row full_width=\u00a0\u00bbstretch_row_content\u00a0\u00bb bg_grey=\u00a0\u00bb1&Prime;][vc_column width=\u00a0\u00bb1\/4&Prime;][ffk_peoplecard image=\u00a0\u00bb3459&Prime; title=\u00a0\u00bbCHORFI Bachir\u00a0\u00bb subtitle=\u00a0\u00bbPr\u00e9sident ligue de Normandie de Karat\u00e9\u00a0\u00bb][\/vc_column][vc_column width=\u00a0\u00bb3\/4&Prime;][vc_column_text] \u00ab\u00a0Bienvenue sur le site officiel de la Ligue de Normandie\u00a0 ! Vous trouverez sur ce site toute l\u2019actualit\u00e9 du karat\u00e9 et de ses disciplines associ\u00e9es : le calendrier des diff\u00e9rentes comp\u00e9titions, les passages de grade, stages et autres manifestations, mais aussi [&hellip;]<\/p>\n","protected":false},"author":1,"featured_media":0,"parent":0,"menu_order":0,"comment_status":"closed","ping_status":"closed","template":"page-fullwidth.php","meta":{"footnotes":""},"class_list":["post-4","page","type-page","status-publish","hentry"],"_links":{"self":[{"href":"https:\/\/sites.ffkarate.fr\/normandie\/wp-json\/wp\/v2\/pages\/4","targetHints":{"allow":["GET"]}}],"collection":[{"href":"https:\/\/sites.ffkarate.fr\/normandie\/wp-json\/wp\/v2\/pages"}],"about":[{"href":"https:\/\/sites.ffkarate.fr\/normandie\/wp-json\/wp\/v2\/types\/page"}],"author":[{"embeddable":true,"href":"https:\/\/sites.ffkarate.fr\/normandie\/wp-json\/wp\/v2\/users\/1"}],"replies":[{"embeddable":true,"href":"https:\/\/sites.ffkarate.fr\/normandie\/wp-json\/wp\/v2\/comments?post=4"}],"version-history":[{"count":10,"href":"https:\/\/sites.ffkarate.fr\/normandie\/wp-json\/wp\/v2\/pages\/4\/revisions"}],"predecessor-version":[{"id":9415,"href":"https:\/\/sites.ffkarate.fr\/normandie\/wp-json\/wp\/v2\/pages\/4\/revisions\/9415"}],"wp:attachment":[{"href":"https:\/\/sites.ffkarate.fr\/normandie\/wp-json\/wp\/v2\/media?parent=4"}],"curies":[{"name":"wp","href":"https:\/\/api.w.org\/{rel}","templated":true}]}}