{"id":4309,"date":"2021-05-25T14:50:32","date_gmt":"2021-05-25T12:50:32","guid":{"rendered":"https:\/\/sites.ffkarate.fr\/normandie\/?page_id=4309"},"modified":"2021-11-22T12:46:28","modified_gmt":"2021-11-22T11:46:28","slug":"wushu-2","status":"publish","type":"page","link":"https:\/\/sites.ffkarate.fr\/normandie\/wushu-2\/","title":{"rendered":"WUSHU"},"content":{"rendered":"<div class=\"wpb-content-wrapper\"><p>[vc_row][vc_column][vc_column_text]<\/p>\n<h2>ARTS MARTIAUX CHINOIS<\/h2>\n<div class=\"entry-content\">\n<p>&nbsp;<\/p>\n<p class=\"mise-en-avant\"><strong>Le wushu<\/strong>\u00a0d\u00e9signe collectivement tous les arts martiaux chinois sans distinction particuli\u00e8re de style ou de forme.<\/p>\n<p>Cette d\u00e9finition figurant dans les statuts de la f\u00e9d\u00e9ration europ\u00e9enne de wushu (EWUF) signifie que les arts martiaux chinois rassemblent une grande vari\u00e9t\u00e9 de pratiques au sein d\u2019une identit\u00e9 historique et culturelle. Les formes d\u2019expression comp\u00e9titive et traditionnelle font partie du wushu :<\/p>\n<ul>\n<li>les\u00a0<strong>formes de combat<\/strong>\u00a0comme le sanda (boxe pied-poing et lutte) ou le shua\u00ef-Jiao (lutte chinoise),<\/li>\n<li>les<strong>\u00a0styles \u00ab externes \u00bb<\/strong>\u00a0(shaolin, hung-gar, tang-lang, wing-tsun, etc.),<\/li>\n<li>les\u00a0<strong>styles \u00ab internes \u00bb<\/strong>\u00a0(taiji-quan, bagua-zhang, xing-yi-quan, etc.),<\/li>\n<li>le\u00a0<strong>qi-gong<\/strong>\u00a0(m\u00e9thodes de sant\u00e9 ou de bien-\u00eatre).<\/li>\n<\/ul>\n<p>Le patrimoine technique du wushu est donc immense, et cette richesse permet de proposer des activit\u00e9s adapt\u00e9es aux motivations de chacun.<\/p>\n<\/div>\n<h2>CONTACTS<\/h2>\n<p><strong>\u00a0Responsable Technique R\u00e9gional Wushu<\/strong>\u00a0: Boualem MECHERI<br \/>\n6\u00e8me Duan \u2013 Arbitre National<br \/>\nDipl\u00f4m\u00e9 DEJEPS<\/p>\n<p><span style=\"color: #ff0000;\"><strong><a style=\"color: #ff0000;\" href=\"mailto:ffkarate.normandie@orange.fr\">ffkarate.normandie@orange.f<\/a>r<\/strong><\/span><\/p>\n<p>&nbsp;<\/p>\n<div class=\"title\"><img decoding=\"async\" class=\"alignnone size-full wp-image-5268\" src=\"https:\/\/sites.ffkarate.fr\/normandie\/wp-content\/uploads\/sites\/117\/2021\/11\/Boualem1-officiel-arbitre-.jpg\" alt=\"\" width=\"200\" height=\"255\" \/><\/div>\n<div class=\"title\">\n<p><strong>Boualem MECHERI RESPONSABLE TECHNIQUE R\u00c9GIONAL WUSHU<\/strong><\/p>\n<p><img decoding=\"async\" class=\"alignnone size-full wp-image-5283\" src=\"https:\/\/sites.ffkarate.fr\/normandie\/wp-content\/uploads\/sites\/117\/2021\/11\/Capture.png\" alt=\"\" width=\"132\" height=\"249\" \/><\/p>\n<\/div>\n<div><strong>Yousra LAGSEIMI Responsable Regionale Arbitrage Wushu<\/strong><\/div>\n<p>[\/vc_column_text][vc_video link=\u00a0\u00bbhttps:\/\/www.youtube.com\/watch?v=Kw1QJ4Ost00&Prime;][\/vc_column][vc_column][\/vc_column][\/vc_row][vc_row][vc_column][vc_single_image image=\u00a0\u00bb5267&Prime; title=\u00a0\u00bbFranck BEAURAIN  RESPONSABLE DES GRADES WUSHU\u00a0\u00bb][\/vc_column][\/vc_row]<\/p>\n<\/div>","protected":false},"excerpt":{"rendered":"<p>[vc_row][vc_column][vc_column_text] ARTS MARTIAUX CHINOIS &nbsp; Le wushu\u00a0d\u00e9signe collectivement tous les arts martiaux chinois sans distinction particuli\u00e8re de style ou de forme. Cette d\u00e9finition figurant dans les statuts de la f\u00e9d\u00e9ration europ\u00e9enne de wushu (EWUF) signifie que les arts martiaux chinois rassemblent une grande vari\u00e9t\u00e9 de pratiques au sein d\u2019une identit\u00e9 historique et culturelle. Les formes [&hellip;]<\/p>\n","protected":false},"author":57,"featured_media":0,"parent":0,"menu_order":0,"comment_status":"closed","ping_status":"closed","template":"","meta":{"footnotes":""},"class_list":["post-4309","page","type-page","status-publish","hentry"],"_links":{"self":[{"href":"https:\/\/sites.ffkarate.fr\/normandie\/wp-json\/wp\/v2\/pages\/4309","targetHints":{"allow":["GET"]}}],"collection":[{"href":"https:\/\/sites.ffkarate.fr\/normandie\/wp-json\/wp\/v2\/pages"}],"about":[{"href":"https:\/\/sites.ffkarate.fr\/normandie\/wp-json\/wp\/v2\/types\/page"}],"author":[{"embeddable":true,"href":"https:\/\/sites.ffkarate.fr\/normandie\/wp-json\/wp\/v2\/users\/57"}],"replies":[{"embeddable":true,"href":"https:\/\/sites.ffkarate.fr\/normandie\/wp-json\/wp\/v2\/comments?post=4309"}],"version-history":[{"count":10,"href":"https:\/\/sites.ffkarate.fr\/normandie\/wp-json\/wp\/v2\/pages\/4309\/revisions"}],"predecessor-version":[{"id":5286,"href":"https:\/\/sites.ffkarate.fr\/normandie\/wp-json\/wp\/v2\/pages\/4309\/revisions\/5286"}],"wp:attachment":[{"href":"https:\/\/sites.ffkarate.fr\/normandie\/wp-json\/wp\/v2\/media?parent=4309"}],"curies":[{"name":"wp","href":"https:\/\/api.w.org\/{rel}","templated":true}]}}