{"id":4794,"date":"2021-09-14T16:47:20","date_gmt":"2021-09-14T14:47:20","guid":{"rendered":"https:\/\/sites.ffkarate.fr\/normandie\/?page_id=4794"},"modified":"2025-09-25T18:45:12","modified_gmt":"2025-09-25T16:45:12","slug":"calendrier-2","status":"publish","type":"page","link":"https:\/\/sites.ffkarate.fr\/normandie\/calendrier-2\/","title":{"rendered":"Calendrier"},"content":{"rendered":"<div class=\"wpb-content-wrapper\"><p>[vc_row][vc_column][vc_column_text]<strong>Le calendrier est mis \u00e0 jour r\u00e9guli\u00e8rement.<\/strong><\/p>\n<p><a class=\"button primary small\" href=\"https:\/\/sites.ffkarate.fr\/normandie\/wp-content\/uploads\/sites\/117\/2025\/09\/Calendrier-Ligue-de-2025-2026CB-2.xlsx\" target=\"\" rel=\"noopener\">Pour le consulter, cliquez ici<\/a>[\/vc_column_text][\/vc_column][\/vc_row]<\/p>\n<\/div>","protected":false},"excerpt":{"rendered":"<p>[vc_row][vc_column][vc_column_text]Le calendrier est mis \u00e0 jour r\u00e9guli\u00e8rement. Pour le consulter, cliquez ici[\/vc_column_text][\/vc_column][\/vc_row]<\/p>\n","protected":false},"author":57,"featured_media":0,"parent":0,"menu_order":0,"comment_status":"closed","ping_status":"closed","template":"","meta":{"footnotes":""},"class_list":["post-4794","page","type-page","status-publish","hentry"],"_links":{"self":[{"href":"https:\/\/sites.ffkarate.fr\/normandie\/wp-json\/wp\/v2\/pages\/4794","targetHints":{"allow":["GET"]}}],"collection":[{"href":"https:\/\/sites.ffkarate.fr\/normandie\/wp-json\/wp\/v2\/pages"}],"about":[{"href":"https:\/\/sites.ffkarate.fr\/normandie\/wp-json\/wp\/v2\/types\/page"}],"author":[{"embeddable":true,"href":"https:\/\/sites.ffkarate.fr\/normandie\/wp-json\/wp\/v2\/users\/57"}],"replies":[{"embeddable":true,"href":"https:\/\/sites.ffkarate.fr\/normandie\/wp-json\/wp\/v2\/comments?post=4794"}],"version-history":[{"count":12,"href":"https:\/\/sites.ffkarate.fr\/normandie\/wp-json\/wp\/v2\/pages\/4794\/revisions"}],"predecessor-version":[{"id":10986,"href":"https:\/\/sites.ffkarate.fr\/normandie\/wp-json\/wp\/v2\/pages\/4794\/revisions\/10986"}],"wp:attachment":[{"href":"https:\/\/sites.ffkarate.fr\/normandie\/wp-json\/wp\/v2\/media?parent=4794"}],"curies":[{"name":"wp","href":"https:\/\/api.w.org\/{rel}","templated":true}]}}