{"id":247,"date":"2017-10-30T09:15:25","date_gmt":"2017-10-30T08:15:25","guid":{"rendered":"https:\/\/sites.ffkarate.fr\/occitanie\/?page_id=247"},"modified":"2021-12-28T10:43:07","modified_gmt":"2021-12-28T09:43:07","slug":"viet-vo-dao","status":"publish","type":"page","link":"https:\/\/sites.ffkarate.fr\/occitanie\/disciplines-associes\/viet-vo-dao\/","title":{"rendered":"Arts Martiaux Vietnamiens"},"content":{"rendered":"<div class=\"wpb-content-wrapper\"><p>[vc_row][vc_column][vc_single_image image=\u00a0\u00bb2821&Prime;][\/vc_column][\/vc_row][vc_row][vc_column][vc_empty_space][\/vc_column][\/vc_row][vc_row][vc_column][vc_column_text]<\/p>\n<p>Pr\u00e8s de 14 000 personnes pratiquent les Arts Martiaux Vietnamiens au sein de la F\u00e9d\u00e9ration Fran\u00e7aise de Karat\u00e9 et Disciplines Associ\u00e9es.\u00a0En France, le Vi\u00eat V\u00f5 \u0110ao \u00a0(\u00ab\u00a0<em>Vi\u00eat\u00a0\u00bb\u00a0<\/em>pour<em> Vi\u00eatnam \u2013 \u00ab\u00a0<\/em><em>V\u00f5\u00a0\u00bb<\/em><em>\u00a0<\/em>pour<em> Art Martial \u2013 \u00ab\u00a0<\/em><em>\u0110ao\u00a0\u00bb<\/em><em>\u00a0<\/em>pour\u00a0<em>Voie)\u00a0<\/em>se d\u00e9veloppe au d\u00e9but des ann\u00e9es 50, sous l\u2019impulsion de Ma\u00eetres Vietnamiens (Nguyen Dan Phu, Pham Xuan Tong, Tasteyre Tran Phuc, Hoang Nam, Pham Hoang, Trung Hoa, Bui Van Thinh\u2026) issus de familles de lettr\u00e9s.<\/p>\n<p>&nbsp;<\/p>\n<p>Dans la grande famille des Arts martiaux Vietnamiens, se distinguent deux styles au sein de la f\u00e9d\u00e9ration : les <strong>AMV Traditionnels<\/strong>\u00a0et le\u00a0<strong>Vovinam Viet Vo Dao.<\/strong><\/p>\n<ul>\n<li class=\"entry-supheader\"><strong>Le V\u00f5 C\u1ed5 Truyen <\/strong>est un terme d\u00e9signant l\u2019ensemble des Arts Martiaux Vietnamiens Traditionnels, se compose d\u2019une multitude de styles diff\u00e9rents appel\u00e9s \u00ab mon phai \u00bb. Chaque style pr\u00e9serve ses techniques \u00e0 travers des Quyen propre \u00e0 son \u00e9cole.<\/li>\n<li><strong>Le Vovinam Viet Vo Dao<\/strong>\u00a0est un art martial relativement r\u00e9cent issu d\u2019une synth\u00e8se de toutes les techniques de combat. La comp\u00e9tition sportive est tr\u00e8s d\u00e9velopp\u00e9e dans cette discipline avec de nombreux championnats internationaux.<\/li>\n<\/ul>\n<h2><\/h2>\n<p>[\/vc_column_text][\/vc_column][\/vc_row][vc_row][vc_column][vc_empty_space][\/vc_column][\/vc_row][vc_row][vc_column][vc_video link=\u00a0\u00bbhttps:\/\/www.youtube.com\/watch?v=moPeXckO3fA\u00a0\u00bb align=\u00a0\u00bbcenter\u00a0\u00bb][\/vc_column][\/vc_row]<\/p>\n<\/div>","protected":false},"excerpt":{"rendered":"<p>[vc_row][vc_column][vc_single_image image=\u00a0\u00bb2821&Prime;][\/vc_column][\/vc_row][vc_row][vc_column][vc_empty_space][\/vc_column][\/vc_row][vc_row][vc_column][vc_column_text] Pr\u00e8s de 14 000 personnes pratiquent les Arts Martiaux Vietnamiens au sein de la F\u00e9d\u00e9ration Fran\u00e7aise de Karat\u00e9 et Disciplines Associ\u00e9es.\u00a0En France, le Vi\u00eat V\u00f5 \u0110ao \u00a0(\u00ab\u00a0Vi\u00eat\u00a0\u00bb\u00a0pour Vi\u00eatnam \u2013 \u00ab\u00a0V\u00f5\u00a0\u00bb\u00a0pour Art Martial \u2013 \u00ab\u00a0\u0110ao\u00a0\u00bb\u00a0pour\u00a0Voie)\u00a0se d\u00e9veloppe au d\u00e9but des ann\u00e9es 50, sous l\u2019impulsion de Ma\u00eetres Vietnamiens (Nguyen Dan Phu, Pham Xuan Tong, Tasteyre Tran [&hellip;]<\/p>\n","protected":false},"author":20,"featured_media":522,"parent":54,"menu_order":1,"comment_status":"closed","ping_status":"closed","template":"","meta":{"footnotes":""},"class_list":["post-247","page","type-page","status-publish","hentry"],"_links":{"self":[{"href":"https:\/\/sites.ffkarate.fr\/occitanie\/wp-json\/wp\/v2\/pages\/247","targetHints":{"allow":["GET"]}}],"collection":[{"href":"https:\/\/sites.ffkarate.fr\/occitanie\/wp-json\/wp\/v2\/pages"}],"about":[{"href":"https:\/\/sites.ffkarate.fr\/occitanie\/wp-json\/wp\/v2\/types\/page"}],"author":[{"embeddable":true,"href":"https:\/\/sites.ffkarate.fr\/occitanie\/wp-json\/wp\/v2\/users\/20"}],"replies":[{"embeddable":true,"href":"https:\/\/sites.ffkarate.fr\/occitanie\/wp-json\/wp\/v2\/comments?post=247"}],"version-history":[{"count":3,"href":"https:\/\/sites.ffkarate.fr\/occitanie\/wp-json\/wp\/v2\/pages\/247\/revisions"}],"predecessor-version":[{"id":2822,"href":"https:\/\/sites.ffkarate.fr\/occitanie\/wp-json\/wp\/v2\/pages\/247\/revisions\/2822"}],"up":[{"embeddable":true,"href":"https:\/\/sites.ffkarate.fr\/occitanie\/wp-json\/wp\/v2\/pages\/54"}],"wp:featuredmedia":[{"embeddable":true,"href":"https:\/\/sites.ffkarate.fr\/occitanie\/wp-json\/wp\/v2\/media\/522"}],"wp:attachment":[{"href":"https:\/\/sites.ffkarate.fr\/occitanie\/wp-json\/wp\/v2\/media?parent=247"}],"curies":[{"name":"wp","href":"https:\/\/api.w.org\/{rel}","templated":true}]}}

<div class="wpb-content-wrapper"><p>[vc_row][vc_column][vc_single_image image= »2821&Prime;][/vc_column][/vc_row][vc_row][vc_column][vc_empty_space][/vc_column][/vc_row][vc_row][vc_column][vc_column_text]</p>
<p>Près de 14 000 personnes pratiquent les Arts Martiaux Vietnamiens au sein de la Fédération Française de Karaté et Disciplines Associées. En France, le Viêt Võ Đao  (« <em>Viêt » </em>pour<em> Viêtnam – « </em><em>Võ »</em><em> </em>pour<em> Art Martial – « </em><em>Đao »</em><em> </em>pour <em>Voie) </em>se développe au début des années 50, sous l’impulsion de Maîtres Vietnamiens (Nguyen Dan Phu, Pham Xuan Tong, Tasteyre Tran Phuc, Hoang Nam, Pham Hoang, Trung Hoa, Bui Van Thinh…) issus de familles de lettrés.</p>
<p>&nbsp;</p>
<p>Dans la grande famille des Arts martiaux Vietnamiens, se distinguent deux styles au sein de la fédération : les <strong>AMV Traditionnels</strong> et le <strong>Vovinam Viet Vo Dao.</strong></p>
<ul>
<li class="entry-supheader"><strong>Le Võ Cổ Truyen </strong>est un terme désignant l’ensemble des Arts Martiaux Vietnamiens Traditionnels, se compose d’une multitude de styles différents appelés « mon phai ». Chaque style préserve ses techniques à travers des Quyen propre à son école.</li>
<li><strong>Le Vovinam Viet Vo Dao</strong> est un art martial relativement récent issu d’une synthèse de toutes les techniques de combat. La compétition sportive est très développée dans cette discipline avec de nombreux championnats internationaux.</li>
</ul>
<h2></h2>
<p>[/vc_column_text][/vc_column][/vc_row][vc_row][vc_column][vc_empty_space][/vc_column][/vc_row][vc_row][vc_column][vc_video link= »https://www.youtube.com/watch?v=moPeXckO3fA » align= »center »][/vc_column][/vc_row]</p>
</div>

<p>[vc_row][vc_column][vc_single_image image= »2821&Prime;][/vc_column][/vc_row][vc_row][vc_column][vc_empty_space][/vc_column][/vc_row][vc_row][vc_column][vc_column_text] Près de 14 000 personnes pratiquent les Arts Martiaux Vietnamiens au sein de la Fédération Française de Karaté et Disciplines Associées. En France, le Viêt Võ Đao  (« Viêt » pour Viêtnam – « Võ » pour Art Martial – « Đao » pour Voie) se développe au début des années 50, sous l’impulsion de Maîtres Vietnamiens (Nguyen Dan Phu, Pham Xuan Tong, Tasteyre Tran [&hellip;]</p>
